{"id":64038,"date":"2022-01-22T19:10:50","date_gmt":"2022-01-22T18:10:50","guid":{"rendered":"https:\/\/demoweb.info\/sexshop001\/producto\/mister\/"},"modified":"2022-01-22T19:11:15","modified_gmt":"2022-01-22T18:11:15","slug":"mister","status":"publish","type":"product","link":"https:\/\/demoweb.info\/sexshop001\/producto\/mister\/","title":{"rendered":"MISTER"},"content":{"rendered":"<p><strong>MISTER<\/strong><\/p>\n<p>E.L.JAMES<\/p>\n<p>E.L. James, autora de la trilog\u00eda \u00abCincuenta sombras\u00bb, un fen\u00f3meno mundial en ventas, nos presenta su esperada nueva novela protagonizada por el arist\u00f3crata Maxim Trevelyan y la misteriosa Alessia Demachi.<\/p>\n<p>Londres, 2019. La vida siempre ha sido f\u00e1cil para Maxim Trevelyan. Gracias a su innegable atractivo, su entorno aristocr\u00e1tico y su riqueza, nunca ha tenido que trabajar y pocas veces duerme solo. Pero todo cambia cuando estalla la tragedia y lleva a Maxim a heredar el t\u00edtulo nobiliario, la fortuna y las propiedades familiares.<\/p>\n<p>Pero no est\u00e1 preparado para esta responsabilidad y le cuesta afrontarlo. Sin embargo, su mayor desaf\u00edo es luchar contra el deseo que le despierta inesperadamente una enigm\u00e1tica joven que acaba de llegar a Inglaterra, sin m\u00e1s equipaje que un peligroso y turbulento pasado a sus espaldas.<\/p>\n<p>Desconfiada, bella y con un don para la m\u00fasica, Alessia est\u00e1 envuelta por un halo de misterio, y el anhelo de Maxim se convierte en una pasi\u00f3n que jam\u00e1s hab\u00eda sentido y a la que no se atreve a poner nombre.<\/p>\n<p>Pero, \u00bfqui\u00e9n es Alessia Demachi? \u00bfPuede Maxim protegerla de las amenazas que la acechan? \u00bfY qu\u00e9 ocurrir\u00e1 cuando ella se entere de que Maxim tambi\u00e9n le ha estado ocultando sus propios secretos?<\/p>\n<p>Desde el coraz\u00f3n de Londres y el agreste paisaje rural de Cornualles, hasta la sombr\u00eda e imponente belleza de los Balcanes, Mister nos arrastra en una vor\u00e1gine de emociones, peligros y deseos que dejan al lector sin aliento hasta la \u00faltima p\u00e1gina.<\/p>\n<ul>\n<li>N&ordm; de p\u00e1ginas:608<\/li>\n<li>Editorial:GRIJALBO<\/li>\n<li>Idioma: CASTELLANO<\/li>\n<li>Encuadernaci\u00f3n:Tapa blanda<\/li>\n<li>A\u00f1o de edici\u00f3n: 2019<\/li>\n<\/ul>\n","protected":false},"excerpt":{"rendered":"<p>MISTER E.L.JAMES E.L. James, autora de la trilog\u00eda \u00abCincuenta sombras\u00bb, un fen\u00f3meno mundial en ventas, nos presenta su esperada nueva<\/p>\n","protected":false},"featured_media":64039,"comment_status":"open","ping_status":"open","template":"","meta":[],"product_cat":[414],"product_tag":[416,415],"class_list":["post-64038","product","type-product","status-publish","has-post-thumbnail","hentry","product_cat-libros","product_tag-grijalbo","product_tag-random-house"],"bundled_by":[],"bundle_stock_status":"instock","bundle_stock_quantity":4,"bundle_virtual":false,"bundle_layout":"","bundle_add_to_cart_form_location":"","bundle_editable_in_cart":false,"bundle_sold_individually_context":"","bundle_item_grouping":"","bundle_min_size":"","bundle_max_size":"","bundled_items":[],"yoast_head":"<!-- This site is optimized with the Yoast SEO plugin v20.6 - https:\/\/yoast.com\/wordpress\/plugins\/seo\/ -->\n<title>MISTER - Tienda Er\u00f3tica<\/title>\n<meta name=\"robots\" content=\"noindex, follow, max-snippet:-1, max-image-preview:large, max-video-preview:-1\" \/>\n<meta property=\"og:locale\" content=\"es_ES\" \/>\n<meta property=\"og:type\" content=\"article\" \/>\n<meta property=\"og:title\" content=\"MISTER - Tienda Er\u00f3tica\" \/>\n<meta property=\"og:description\" content=\"MISTER E.L.JAMES E.L. James, autora de la trilog\u00eda \u00abCincuenta sombras\u00bb, un fen\u00f3meno mundial en ventas, nos presenta su esperada nueva\" \/>\n<meta property=\"og:url\" content=\"https:\/\/demoweb.info\/sexshop001\/producto\/mister\/\" \/>\n<meta property=\"og:site_name\" content=\"Tienda Er\u00f3tica\" \/>\n<meta property=\"article:modified_time\" content=\"2022-01-22T18:11:15+00:00\" \/>\n<meta property=\"og:image\" content=\"https:\/\/demoweb.info\/sexshop001\/wp-content\/uploads\/2022\/01\/MISTER.jpg\" \/>\n\t<meta property=\"og:image:width\" content=\"550\" \/>\n\t<meta property=\"og:image:height\" content=\"550\" \/>\n\t<meta property=\"og:image:type\" content=\"image\/jpeg\" \/>\n<meta name=\"twitter:card\" content=\"summary_large_image\" \/>\n<meta name=\"twitter:label1\" content=\"Tiempo de lectura\" \/>\n\t<meta name=\"twitter:data1\" content=\"1 minuto\" \/>\n<script type=\"application\/ld+json\" class=\"yoast-schema-graph\">{\"@context\":\"https:\/\/schema.org\",\"@graph\":[{\"@type\":\"WebPage\",\"@id\":\"https:\/\/demoweb.info\/sexshop001\/producto\/mister\/\",\"url\":\"https:\/\/demoweb.info\/sexshop001\/producto\/mister\/\",\"name\":\"MISTER - Tienda Er\u00f3tica\",\"isPartOf\":{\"@id\":\"https:\/\/demoweb.info\/sexshop001\/#website\"},\"datePublished\":\"2022-01-22T18:10:50+00:00\",\"dateModified\":\"2022-01-22T18:11:15+00:00\",\"breadcrumb\":{\"@id\":\"https:\/\/demoweb.info\/sexshop001\/producto\/mister\/#breadcrumb\"},\"inLanguage\":\"es\",\"potentialAction\":[{\"@type\":\"ReadAction\",\"target\":[\"https:\/\/demoweb.info\/sexshop001\/producto\/mister\/\"]}]},{\"@type\":\"BreadcrumbList\",\"@id\":\"https:\/\/demoweb.info\/sexshop001\/producto\/mister\/#breadcrumb\",\"itemListElement\":[{\"@type\":\"ListItem\",\"position\":1,\"name\":\"Portada\",\"item\":\"https:\/\/demoweb.info\/sexshop001\/\"},{\"@type\":\"ListItem\",\"position\":2,\"name\":\"Tienda\",\"item\":\"https:\/\/demoweb.info\/sexshop001\/tienda\/\"},{\"@type\":\"ListItem\",\"position\":3,\"name\":\"MISTER\"}]},{\"@type\":\"WebSite\",\"@id\":\"https:\/\/demoweb.info\/sexshop001\/#website\",\"url\":\"https:\/\/demoweb.info\/sexshop001\/\",\"name\":\"Tienda Er\u00f3tica\",\"description\":\"DEMOWEB SL\",\"potentialAction\":[{\"@type\":\"SearchAction\",\"target\":{\"@type\":\"EntryPoint\",\"urlTemplate\":\"https:\/\/demoweb.info\/sexshop001\/?s={search_term_string}\"},\"query-input\":\"required name=search_term_string\"}],\"inLanguage\":\"es\"}]}<\/script>\n<!-- \/ Yoast SEO plugin. -->","yoast_head_json":{"title":"MISTER - Tienda Er\u00f3tica","robots":{"index":"noindex","follow":"follow","max-snippet":"max-snippet:-1","max-image-preview":"max-image-preview:large","max-video-preview":"max-video-preview:-1"},"og_locale":"es_ES","og_type":"article","og_title":"MISTER - Tienda Er\u00f3tica","og_description":"MISTER E.L.JAMES E.L. James, autora de la trilog\u00eda \u00abCincuenta sombras\u00bb, un fen\u00f3meno mundial en ventas, nos presenta su esperada nueva","og_url":"https:\/\/demoweb.info\/sexshop001\/producto\/mister\/","og_site_name":"Tienda Er\u00f3tica","article_modified_time":"2022-01-22T18:11:15+00:00","og_image":[{"width":550,"height":550,"url":"https:\/\/demoweb.info\/sexshop001\/wp-content\/uploads\/2022\/01\/MISTER.jpg","type":"image\/jpeg"}],"twitter_card":"summary_large_image","twitter_misc":{"Tiempo de lectura":"1 minuto"},"schema":{"@context":"https:\/\/schema.org","@graph":[{"@type":"WebPage","@id":"https:\/\/demoweb.info\/sexshop001\/producto\/mister\/","url":"https:\/\/demoweb.info\/sexshop001\/producto\/mister\/","name":"MISTER - Tienda Er\u00f3tica","isPartOf":{"@id":"https:\/\/demoweb.info\/sexshop001\/#website"},"datePublished":"2022-01-22T18:10:50+00:00","dateModified":"2022-01-22T18:11:15+00:00","breadcrumb":{"@id":"https:\/\/demoweb.info\/sexshop001\/producto\/mister\/#breadcrumb"},"inLanguage":"es","potentialAction":[{"@type":"ReadAction","target":["https:\/\/demoweb.info\/sexshop001\/producto\/mister\/"]}]},{"@type":"BreadcrumbList","@id":"https:\/\/demoweb.info\/sexshop001\/producto\/mister\/#breadcrumb","itemListElement":[{"@type":"ListItem","position":1,"name":"Portada","item":"https:\/\/demoweb.info\/sexshop001\/"},{"@type":"ListItem","position":2,"name":"Tienda","item":"https:\/\/demoweb.info\/sexshop001\/tienda\/"},{"@type":"ListItem","position":3,"name":"MISTER"}]},{"@type":"WebSite","@id":"https:\/\/demoweb.info\/sexshop001\/#website","url":"https:\/\/demoweb.info\/sexshop001\/","name":"Tienda Er\u00f3tica","description":"DEMOWEB SL","potentialAction":[{"@type":"SearchAction","target":{"@type":"EntryPoint","urlTemplate":"https:\/\/demoweb.info\/sexshop001\/?s={search_term_string}"},"query-input":"required name=search_term_string"}],"inLanguage":"es"}]}},"_links":{"self":[{"href":"https:\/\/demoweb.info\/sexshop001\/wp-json\/wp\/v3\/product\/64038","targetHints":{"allow":["GET"]}}],"collection":[{"href":"https:\/\/demoweb.info\/sexshop001\/wp-json\/wp\/v3\/product"}],"about":[{"href":"https:\/\/demoweb.info\/sexshop001\/wp-json\/wp\/v2\/types\/product"}],"replies":[{"embeddable":true,"href":"https:\/\/demoweb.info\/sexshop001\/wp-json\/wp\/v2\/comments?post=64038"}],"wp:featuredmedia":[{"embeddable":true,"href":"https:\/\/demoweb.info\/sexshop001\/wp-json\/wp\/v2\/media\/64039"}],"wp:attachment":[{"href":"https:\/\/demoweb.info\/sexshop001\/wp-json\/wp\/v2\/media?parent=64038"}],"wp:term":[{"taxonomy":"product_cat","embeddable":true,"href":"https:\/\/demoweb.info\/sexshop001\/wp-json\/wp\/v2\/product_cat?post=64038"},{"taxonomy":"product_tag","embeddable":true,"href":"https:\/\/demoweb.info\/sexshop001\/wp-json\/wp\/v2\/product_tag?post=64038"}],"curies":[{"name":"wp","href":"https:\/\/api.w.org\/{rel}","templated":true}]}}