{"id":63973,"date":"2022-01-22T19:10:26","date_gmt":"2022-01-22T18:10:26","guid":{"rendered":"https:\/\/demoweb.info\/sexshop001\/producto\/hidratante-intimo-liberte-50ml\/"},"modified":"2022-01-22T19:10:29","modified_gmt":"2022-01-22T18:10:29","slug":"hidratante-intimo-liberte-50ml","status":"publish","type":"product","link":"https:\/\/demoweb.info\/sexshop001\/producto\/hidratante-intimo-liberte-50ml\/","title":{"rendered":"HIDRATANTE \u00cdNTIMO LIBERT\u00c9 50ML"},"content":{"rendered":"<p><strong>HIDRATANTE \u00cdNTIMO LIBERT\u00c9 50ML<\/strong><\/p>\n<p>Libert\u00e9 es un hidratante \u00edntimo que ayuda a recuperar la libido y despierta el deseo sexual, favoreciendo las relaciones \u00edntimas haci\u00e9ndolas m\u00e1s placenteras.  Una combinaci\u00f3n perfecta de ingredientes vegetales (jojoba, onagra, cal\u00e9ndula, germen de trigo, vitamina E) y  aceite esencial de Ylang Ylang, que con su aroma afrodisiaco act\u00faa como desodorante natural. Hidrata y lubrica, proporcionando suavidad, elasticidad, tersura, satisfacci\u00f3n y bienestar de la zona \u00edntima.<\/p>\n<p>Producto 100% natural.<\/p>\n<p><strong>INGREDIENTES:<\/strong><\/p>\n<p><strong><u>Jojoba<\/u><\/strong><u>:<\/u> La hemos utilizado como base del producto, debido a que no se oxida f\u00e1cilmente, ni adquiere malos olores. Famosa por sus m\u00faltiples usos y beneficios para la piel. Conocido como el oro l\u00edquido natural. Sus propiedades son las siguientes: emolientes, hidratantes, antioxidantes y calmantes. Crea una barrera protectora del pH de la piel y reduce la p\u00e9rdida de humedad gracias a sus ceramidas. <\/p>\n<p><strong><u>Onagra:<\/u><\/strong> Rico en \u00e1cidos grasos esenciales poliinsaturados, pertenecientes al grupo de los Omega 6. Tiene altas concentraciones de antioxidantes, con lo que revitaliza las c\u00e9lulas de la piel d\u00e1ndole un aspecto fresco y saludable. Proporciona alivio de eczema, psoriasis y ros\u00e1cea ayudando a calmar la picaz\u00f3n en la piel.<\/p>\n<p><strong><u>Cal\u00e9ndula:<\/u><\/strong> Una de las plantas m\u00e1s indicadas para aliviar afecciones dermatol\u00f3gicas, por su notable actividad antiinflamatoria, antis\u00e9ptica, antiviral, antibacteriana, antiespasm\u00f3dica, emenagoga, coler\u00e9tica, antihemorr\u00e1gica y cicatrizante. Ayuda a la regeneraci\u00f3n de las pieles da\u00f1adas y especialmente sensibles o al\u00e9rgicas.<\/p>\n<p><strong><u>Germen de trigo:<\/u><\/strong> Destacable por su alto aporte en vitamina E, siendo un antioxidante natural muy potente por ese motivo.<\/p>\n<p><strong><u>Ylang ylang<\/u><\/strong>: Propiedades relajantes y estimulantes. Por un lado ayuda a la relajaci\u00f3n, y por otro lado, su aroma penetrante y dulce mejora el \u00e1nimo y ayuda a estimular sensaciones positivas. Tambi\u00e9n es un aceite esencial conocido por sus efectos afrodis\u00edacos. Desde hace siglos se viene utilizando por esta propiedad en Asia, Tahit\u00ed o la India. El aceite esencial de ylang ylang es el aceite del buen humor, la euforia y el bienestar. En Indonesia sus flores se distribuyen en la cama de los novios, la noche de bodas, ya que se cree que tiene altos poderes afrodisiacos.<\/p>\n<p><strong><u>Extracto de Trufa:<\/u><\/strong> La trufa desprende m\u00e1s de cien compuestos vol\u00e1tiles. Uno de los qu\u00edmicos que la componen es el andostrenol, una de las feromonas emanadas por los seres humanos, por lo que se le atribuye efectos afrodis\u00edacos. <\/p>\n<p><strong>MODO DE EMPLEO: <\/strong>Envase con sistema \u201cAirless\u201d con capacidad de 50 ml. Aplicar una peque\u00f1a cantidad en la zona \u00edntima. Apto para cualquier mujer y situaciones: menopausia, irritaciones, picores, dermatitis, etc. Se puede aplicar varias veces al d\u00eda e incrementar la cantidad si es necesario. Recomendamos sea utilizado antes y despu\u00e9s de las relaciones sexuales.<\/p>\n","protected":false},"excerpt":{"rendered":"<p>HIDRATANTE \u00cdNTIMO LIBERT\u00c9 50ML Libert\u00e9 es un hidratante \u00edntimo que ayuda a recuperar la libido y despierta el deseo sexual,<\/p>\n","protected":false},"featured_media":63974,"comment_status":"open","ping_status":"open","template":"","meta":[],"product_cat":[530],"product_tag":[564],"class_list":["post-63973","product","type-product","status-publish","has-post-thumbnail","hentry","product_cat-para-ella-cremas","product_tag-secret-play"],"bundled_by":[],"bundle_stock_status":"instock","bundle_stock_quantity":3,"bundle_virtual":false,"bundle_layout":"","bundle_add_to_cart_form_location":"","bundle_editable_in_cart":false,"bundle_sold_individually_context":"","bundle_item_grouping":"","bundle_min_size":"","bundle_max_size":"","bundled_items":[],"yoast_head":"<!-- This site is optimized with the Yoast SEO plugin v20.6 - https:\/\/yoast.com\/wordpress\/plugins\/seo\/ -->\n<title>HIDRATANTE \u00cdNTIMO LIBERT\u00c9 50ML - Tienda Er\u00f3tica<\/title>\n<meta name=\"robots\" content=\"noindex, follow, max-snippet:-1, max-image-preview:large, max-video-preview:-1\" \/>\n<meta property=\"og:locale\" content=\"es_ES\" \/>\n<meta property=\"og:type\" content=\"article\" \/>\n<meta property=\"og:title\" content=\"HIDRATANTE \u00cdNTIMO LIBERT\u00c9 50ML - Tienda Er\u00f3tica\" \/>\n<meta property=\"og:description\" content=\"HIDRATANTE \u00cdNTIMO LIBERT\u00c9 50ML Libert\u00e9 es un hidratante \u00edntimo que ayuda a recuperar la libido y despierta el deseo sexual,\" \/>\n<meta property=\"og:url\" content=\"https:\/\/demoweb.info\/sexshop001\/producto\/hidratante-intimo-liberte-50ml\/\" \/>\n<meta property=\"og:site_name\" content=\"Tienda Er\u00f3tica\" \/>\n<meta property=\"article:modified_time\" content=\"2022-01-22T18:10:29+00:00\" \/>\n<meta property=\"og:image\" content=\"https:\/\/demoweb.info\/sexshop001\/wp-content\/uploads\/2022\/01\/HIDRATANTE-INTIMO-LIBERTE-50ML.jpg\" \/>\n\t<meta property=\"og:image:width\" content=\"550\" \/>\n\t<meta property=\"og:image:height\" content=\"550\" \/>\n\t<meta property=\"og:image:type\" content=\"image\/jpeg\" \/>\n<meta name=\"twitter:card\" content=\"summary_large_image\" \/>\n<meta name=\"twitter:label1\" content=\"Tiempo de lectura\" \/>\n\t<meta name=\"twitter:data1\" content=\"2 minutos\" \/>\n<script type=\"application\/ld+json\" class=\"yoast-schema-graph\">{\"@context\":\"https:\/\/schema.org\",\"@graph\":[{\"@type\":\"WebPage\",\"@id\":\"https:\/\/demoweb.info\/sexshop001\/producto\/hidratante-intimo-liberte-50ml\/\",\"url\":\"https:\/\/demoweb.info\/sexshop001\/producto\/hidratante-intimo-liberte-50ml\/\",\"name\":\"HIDRATANTE \u00cdNTIMO LIBERT\u00c9 50ML - Tienda Er\u00f3tica\",\"isPartOf\":{\"@id\":\"https:\/\/demoweb.info\/sexshop001\/#website\"},\"datePublished\":\"2022-01-22T18:10:26+00:00\",\"dateModified\":\"2022-01-22T18:10:29+00:00\",\"breadcrumb\":{\"@id\":\"https:\/\/demoweb.info\/sexshop001\/producto\/hidratante-intimo-liberte-50ml\/#breadcrumb\"},\"inLanguage\":\"es\",\"potentialAction\":[{\"@type\":\"ReadAction\",\"target\":[\"https:\/\/demoweb.info\/sexshop001\/producto\/hidratante-intimo-liberte-50ml\/\"]}]},{\"@type\":\"BreadcrumbList\",\"@id\":\"https:\/\/demoweb.info\/sexshop001\/producto\/hidratante-intimo-liberte-50ml\/#breadcrumb\",\"itemListElement\":[{\"@type\":\"ListItem\",\"position\":1,\"name\":\"Portada\",\"item\":\"https:\/\/demoweb.info\/sexshop001\/\"},{\"@type\":\"ListItem\",\"position\":2,\"name\":\"Tienda\",\"item\":\"https:\/\/demoweb.info\/sexshop001\/tienda\/\"},{\"@type\":\"ListItem\",\"position\":3,\"name\":\"HIDRATANTE \u00cdNTIMO LIBERT\u00c9 50ML\"}]},{\"@type\":\"WebSite\",\"@id\":\"https:\/\/demoweb.info\/sexshop001\/#website\",\"url\":\"https:\/\/demoweb.info\/sexshop001\/\",\"name\":\"Tienda Er\u00f3tica\",\"description\":\"DEMOWEB SL\",\"potentialAction\":[{\"@type\":\"SearchAction\",\"target\":{\"@type\":\"EntryPoint\",\"urlTemplate\":\"https:\/\/demoweb.info\/sexshop001\/?s={search_term_string}\"},\"query-input\":\"required name=search_term_string\"}],\"inLanguage\":\"es\"}]}<\/script>\n<!-- \/ Yoast SEO plugin. -->","yoast_head_json":{"title":"HIDRATANTE \u00cdNTIMO LIBERT\u00c9 50ML - Tienda Er\u00f3tica","robots":{"index":"noindex","follow":"follow","max-snippet":"max-snippet:-1","max-image-preview":"max-image-preview:large","max-video-preview":"max-video-preview:-1"},"og_locale":"es_ES","og_type":"article","og_title":"HIDRATANTE \u00cdNTIMO LIBERT\u00c9 50ML - Tienda Er\u00f3tica","og_description":"HIDRATANTE \u00cdNTIMO LIBERT\u00c9 50ML Libert\u00e9 es un hidratante \u00edntimo que ayuda a recuperar la libido y despierta el deseo sexual,","og_url":"https:\/\/demoweb.info\/sexshop001\/producto\/hidratante-intimo-liberte-50ml\/","og_site_name":"Tienda Er\u00f3tica","article_modified_time":"2022-01-22T18:10:29+00:00","og_image":[{"width":550,"height":550,"url":"https:\/\/demoweb.info\/sexshop001\/wp-content\/uploads\/2022\/01\/HIDRATANTE-INTIMO-LIBERTE-50ML.jpg","type":"image\/jpeg"}],"twitter_card":"summary_large_image","twitter_misc":{"Tiempo de lectura":"2 minutos"},"schema":{"@context":"https:\/\/schema.org","@graph":[{"@type":"WebPage","@id":"https:\/\/demoweb.info\/sexshop001\/producto\/hidratante-intimo-liberte-50ml\/","url":"https:\/\/demoweb.info\/sexshop001\/producto\/hidratante-intimo-liberte-50ml\/","name":"HIDRATANTE \u00cdNTIMO LIBERT\u00c9 50ML - Tienda Er\u00f3tica","isPartOf":{"@id":"https:\/\/demoweb.info\/sexshop001\/#website"},"datePublished":"2022-01-22T18:10:26+00:00","dateModified":"2022-01-22T18:10:29+00:00","breadcrumb":{"@id":"https:\/\/demoweb.info\/sexshop001\/producto\/hidratante-intimo-liberte-50ml\/#breadcrumb"},"inLanguage":"es","potentialAction":[{"@type":"ReadAction","target":["https:\/\/demoweb.info\/sexshop001\/producto\/hidratante-intimo-liberte-50ml\/"]}]},{"@type":"BreadcrumbList","@id":"https:\/\/demoweb.info\/sexshop001\/producto\/hidratante-intimo-liberte-50ml\/#breadcrumb","itemListElement":[{"@type":"ListItem","position":1,"name":"Portada","item":"https:\/\/demoweb.info\/sexshop001\/"},{"@type":"ListItem","position":2,"name":"Tienda","item":"https:\/\/demoweb.info\/sexshop001\/tienda\/"},{"@type":"ListItem","position":3,"name":"HIDRATANTE \u00cdNTIMO LIBERT\u00c9 50ML"}]},{"@type":"WebSite","@id":"https:\/\/demoweb.info\/sexshop001\/#website","url":"https:\/\/demoweb.info\/sexshop001\/","name":"Tienda Er\u00f3tica","description":"DEMOWEB SL","potentialAction":[{"@type":"SearchAction","target":{"@type":"EntryPoint","urlTemplate":"https:\/\/demoweb.info\/sexshop001\/?s={search_term_string}"},"query-input":"required name=search_term_string"}],"inLanguage":"es"}]}},"_links":{"self":[{"href":"https:\/\/demoweb.info\/sexshop001\/wp-json\/wp\/v3\/product\/63973","targetHints":{"allow":["GET"]}}],"collection":[{"href":"https:\/\/demoweb.info\/sexshop001\/wp-json\/wp\/v3\/product"}],"about":[{"href":"https:\/\/demoweb.info\/sexshop001\/wp-json\/wp\/v2\/types\/product"}],"replies":[{"embeddable":true,"href":"https:\/\/demoweb.info\/sexshop001\/wp-json\/wp\/v2\/comments?post=63973"}],"wp:featuredmedia":[{"embeddable":true,"href":"https:\/\/demoweb.info\/sexshop001\/wp-json\/wp\/v2\/media\/63974"}],"wp:attachment":[{"href":"https:\/\/demoweb.info\/sexshop001\/wp-json\/wp\/v2\/media?parent=63973"}],"wp:term":[{"taxonomy":"product_cat","embeddable":true,"href":"https:\/\/demoweb.info\/sexshop001\/wp-json\/wp\/v2\/product_cat?post=63973"},{"taxonomy":"product_tag","embeddable":true,"href":"https:\/\/demoweb.info\/sexshop001\/wp-json\/wp\/v2\/product_tag?post=63973"}],"curies":[{"name":"wp","href":"https:\/\/api.w.org\/{rel}","templated":true}]}}