{"id":63738,"date":"2022-01-22T19:07:35","date_gmt":"2022-01-22T18:07:35","guid":{"rendered":"https:\/\/demoweb.info\/sexshop001\/producto\/heave-duty-bomba-desarrolladora\/"},"modified":"2022-01-22T19:07:41","modified_gmt":"2022-01-22T18:07:41","slug":"heave-duty-bomba-desarrolladora","status":"publish","type":"product","link":"https:\/\/demoweb.info\/sexshop001\/producto\/heave-duty-bomba-desarrolladora\/","title":{"rendered":"HEAVE DUTY BOMBA DESARROLLADORA"},"content":{"rendered":"<p><strong>HEAVE DUTY COCK PUMP<\/strong><\/p>\n<p>Ponte duro con un sistema de bombeo de alta resistencia. Consigue una erecci\u00f3n tan impresionante como los dibujos ic\u00f3nicos de Tom de Finland cuando deslices tu pene en la funda de silicona del cilindro, creando un sello fuerte con un poco de lubricante a base de agua si es necesario.<\/p>\n<p>Engancha la manguera en la traba de vac\u00edo superior del cilindro y aprieta las manijas de agarre c\u00f3modo para comenzar la succi\u00f3n. Cada apret\u00f3n se reflejar\u00e1 en el medidor de presi\u00f3n, as\u00ed como en tu pene a medida que se hincha.<\/p>\n<ul>\n<li>Medidas: 45,7 x 5,7 x 5,7 cm<\/li>\n<li>Di\u00e1metro insertable: 4 cm<\/li>\n<\/ul>\n","protected":false},"excerpt":{"rendered":"<p>HEAVE DUTY COCK PUMP Ponte duro con un sistema de bombeo de alta resistencia. Consigue una erecci\u00f3n tan impresionante como<\/p>\n","protected":false},"featured_media":63739,"comment_status":"open","ping_status":"open","template":"","meta":[],"product_cat":[495],"product_tag":[501,274],"class_list":["post-63738","product","type-product","status-publish","has-post-thumbnail","hentry","product_cat-basicos","product_tag-tom-of-finland","product_tag-xr-brands"],"bundled_by":[],"bundle_stock_status":"instock","bundle_stock_quantity":1,"bundle_virtual":false,"bundle_layout":"","bundle_add_to_cart_form_location":"","bundle_editable_in_cart":false,"bundle_sold_individually_context":"","bundle_item_grouping":"","bundle_min_size":"","bundle_max_size":"","bundled_items":[],"yoast_head":"<!-- This site is optimized with the Yoast SEO plugin v20.6 - https:\/\/yoast.com\/wordpress\/plugins\/seo\/ -->\n<title>HEAVE DUTY BOMBA DESARROLLADORA - Tienda Er\u00f3tica<\/title>\n<meta name=\"robots\" content=\"noindex, follow, max-snippet:-1, max-image-preview:large, max-video-preview:-1\" \/>\n<meta property=\"og:locale\" content=\"es_ES\" \/>\n<meta property=\"og:type\" content=\"article\" \/>\n<meta property=\"og:title\" content=\"HEAVE DUTY BOMBA DESARROLLADORA - Tienda Er\u00f3tica\" \/>\n<meta property=\"og:description\" content=\"HEAVE DUTY COCK PUMP Ponte duro con un sistema de bombeo de alta resistencia. Consigue una erecci\u00f3n tan impresionante como\" \/>\n<meta property=\"og:url\" content=\"https:\/\/demoweb.info\/sexshop001\/producto\/heave-duty-bomba-desarrolladora\/\" \/>\n<meta property=\"og:site_name\" content=\"Tienda Er\u00f3tica\" \/>\n<meta property=\"article:modified_time\" content=\"2022-01-22T18:07:41+00:00\" \/>\n<meta property=\"og:image\" content=\"https:\/\/demoweb.info\/sexshop001\/wp-content\/uploads\/2022\/01\/HEAVE-DUTY-BOMBA-DESARROLLADORA.jpg\" \/>\n\t<meta property=\"og:image:width\" content=\"550\" \/>\n\t<meta property=\"og:image:height\" content=\"550\" \/>\n\t<meta property=\"og:image:type\" content=\"image\/jpeg\" \/>\n<meta name=\"twitter:card\" content=\"summary_large_image\" \/>\n<meta name=\"twitter:label1\" content=\"Tiempo de lectura\" \/>\n\t<meta name=\"twitter:data1\" content=\"1 minuto\" \/>\n<script type=\"application\/ld+json\" class=\"yoast-schema-graph\">{\"@context\":\"https:\/\/schema.org\",\"@graph\":[{\"@type\":\"WebPage\",\"@id\":\"https:\/\/demoweb.info\/sexshop001\/producto\/heave-duty-bomba-desarrolladora\/\",\"url\":\"https:\/\/demoweb.info\/sexshop001\/producto\/heave-duty-bomba-desarrolladora\/\",\"name\":\"HEAVE DUTY BOMBA DESARROLLADORA - Tienda Er\u00f3tica\",\"isPartOf\":{\"@id\":\"https:\/\/demoweb.info\/sexshop001\/#website\"},\"datePublished\":\"2022-01-22T18:07:35+00:00\",\"dateModified\":\"2022-01-22T18:07:41+00:00\",\"breadcrumb\":{\"@id\":\"https:\/\/demoweb.info\/sexshop001\/producto\/heave-duty-bomba-desarrolladora\/#breadcrumb\"},\"inLanguage\":\"es\",\"potentialAction\":[{\"@type\":\"ReadAction\",\"target\":[\"https:\/\/demoweb.info\/sexshop001\/producto\/heave-duty-bomba-desarrolladora\/\"]}]},{\"@type\":\"BreadcrumbList\",\"@id\":\"https:\/\/demoweb.info\/sexshop001\/producto\/heave-duty-bomba-desarrolladora\/#breadcrumb\",\"itemListElement\":[{\"@type\":\"ListItem\",\"position\":1,\"name\":\"Portada\",\"item\":\"https:\/\/demoweb.info\/sexshop001\/\"},{\"@type\":\"ListItem\",\"position\":2,\"name\":\"Tienda\",\"item\":\"https:\/\/demoweb.info\/sexshop001\/tienda\/\"},{\"@type\":\"ListItem\",\"position\":3,\"name\":\"HEAVE DUTY BOMBA DESARROLLADORA\"}]},{\"@type\":\"WebSite\",\"@id\":\"https:\/\/demoweb.info\/sexshop001\/#website\",\"url\":\"https:\/\/demoweb.info\/sexshop001\/\",\"name\":\"Tienda Er\u00f3tica\",\"description\":\"DEMOWEB SL\",\"potentialAction\":[{\"@type\":\"SearchAction\",\"target\":{\"@type\":\"EntryPoint\",\"urlTemplate\":\"https:\/\/demoweb.info\/sexshop001\/?s={search_term_string}\"},\"query-input\":\"required name=search_term_string\"}],\"inLanguage\":\"es\"}]}<\/script>\n<!-- \/ Yoast SEO plugin. -->","yoast_head_json":{"title":"HEAVE DUTY BOMBA DESARROLLADORA - Tienda Er\u00f3tica","robots":{"index":"noindex","follow":"follow","max-snippet":"max-snippet:-1","max-image-preview":"max-image-preview:large","max-video-preview":"max-video-preview:-1"},"og_locale":"es_ES","og_type":"article","og_title":"HEAVE DUTY BOMBA DESARROLLADORA - Tienda Er\u00f3tica","og_description":"HEAVE DUTY COCK PUMP Ponte duro con un sistema de bombeo de alta resistencia. Consigue una erecci\u00f3n tan impresionante como","og_url":"https:\/\/demoweb.info\/sexshop001\/producto\/heave-duty-bomba-desarrolladora\/","og_site_name":"Tienda Er\u00f3tica","article_modified_time":"2022-01-22T18:07:41+00:00","og_image":[{"width":550,"height":550,"url":"https:\/\/demoweb.info\/sexshop001\/wp-content\/uploads\/2022\/01\/HEAVE-DUTY-BOMBA-DESARROLLADORA.jpg","type":"image\/jpeg"}],"twitter_card":"summary_large_image","twitter_misc":{"Tiempo de lectura":"1 minuto"},"schema":{"@context":"https:\/\/schema.org","@graph":[{"@type":"WebPage","@id":"https:\/\/demoweb.info\/sexshop001\/producto\/heave-duty-bomba-desarrolladora\/","url":"https:\/\/demoweb.info\/sexshop001\/producto\/heave-duty-bomba-desarrolladora\/","name":"HEAVE DUTY BOMBA DESARROLLADORA - Tienda Er\u00f3tica","isPartOf":{"@id":"https:\/\/demoweb.info\/sexshop001\/#website"},"datePublished":"2022-01-22T18:07:35+00:00","dateModified":"2022-01-22T18:07:41+00:00","breadcrumb":{"@id":"https:\/\/demoweb.info\/sexshop001\/producto\/heave-duty-bomba-desarrolladora\/#breadcrumb"},"inLanguage":"es","potentialAction":[{"@type":"ReadAction","target":["https:\/\/demoweb.info\/sexshop001\/producto\/heave-duty-bomba-desarrolladora\/"]}]},{"@type":"BreadcrumbList","@id":"https:\/\/demoweb.info\/sexshop001\/producto\/heave-duty-bomba-desarrolladora\/#breadcrumb","itemListElement":[{"@type":"ListItem","position":1,"name":"Portada","item":"https:\/\/demoweb.info\/sexshop001\/"},{"@type":"ListItem","position":2,"name":"Tienda","item":"https:\/\/demoweb.info\/sexshop001\/tienda\/"},{"@type":"ListItem","position":3,"name":"HEAVE DUTY BOMBA DESARROLLADORA"}]},{"@type":"WebSite","@id":"https:\/\/demoweb.info\/sexshop001\/#website","url":"https:\/\/demoweb.info\/sexshop001\/","name":"Tienda Er\u00f3tica","description":"DEMOWEB SL","potentialAction":[{"@type":"SearchAction","target":{"@type":"EntryPoint","urlTemplate":"https:\/\/demoweb.info\/sexshop001\/?s={search_term_string}"},"query-input":"required name=search_term_string"}],"inLanguage":"es"}]}},"_links":{"self":[{"href":"https:\/\/demoweb.info\/sexshop001\/wp-json\/wp\/v3\/product\/63738","targetHints":{"allow":["GET"]}}],"collection":[{"href":"https:\/\/demoweb.info\/sexshop001\/wp-json\/wp\/v3\/product"}],"about":[{"href":"https:\/\/demoweb.info\/sexshop001\/wp-json\/wp\/v2\/types\/product"}],"replies":[{"embeddable":true,"href":"https:\/\/demoweb.info\/sexshop001\/wp-json\/wp\/v2\/comments?post=63738"}],"wp:featuredmedia":[{"embeddable":true,"href":"https:\/\/demoweb.info\/sexshop001\/wp-json\/wp\/v2\/media\/63739"}],"wp:attachment":[{"href":"https:\/\/demoweb.info\/sexshop001\/wp-json\/wp\/v2\/media?parent=63738"}],"wp:term":[{"taxonomy":"product_cat","embeddable":true,"href":"https:\/\/demoweb.info\/sexshop001\/wp-json\/wp\/v2\/product_cat?post=63738"},{"taxonomy":"product_tag","embeddable":true,"href":"https:\/\/demoweb.info\/sexshop001\/wp-json\/wp\/v2\/product_tag?post=63738"}],"curies":[{"name":"wp","href":"https:\/\/api.w.org\/{rel}","templated":true}]}}