{"id":63321,"date":"2022-01-22T18:37:32","date_gmt":"2022-01-22T17:37:32","guid":{"rendered":"https:\/\/demoweb.info\/sexshop001\/producto\/analme-kit-de-juguetes\/"},"modified":"2022-01-22T18:37:36","modified_gmt":"2022-01-22T17:37:36","slug":"analme-kit-de-juguetes","status":"publish","type":"product","link":"https:\/\/demoweb.info\/sexshop001\/producto\/analme-kit-de-juguetes\/","title":{"rendered":"ANALME KIT DE JUGUETES"},"content":{"rendered":"<p><strong>ANALME IN 10 LANGUAGES<\/strong><\/p>\n<p>ANALME es uno de los juegos maliciosos de la serie XXX-ME de Tease &#038; Please. Est\u00e1 dirigido a parejas rom\u00e1nticas y ofrece mucha diversi\u00f3n y aventura er\u00f3tica.<\/p>\n<p>\u00bfListo para experimentar con el sexo anal? \u00bfEmocionante, doloroso o delicioso? Solo hay una forma de averiguarlo: \u00a1hazlo!<\/p>\n<p>Los juguetes que se incluyen en este juego, como un tap\u00f3n de tope, bolas anales y lubricante, complacer\u00e1n tus sentidos de una manera l\u00fadica y pensativa. Adem\u00e1s, el juego contiene seis tareas.<br \/>\nFolletos en diez idiomas: ingl\u00e9s, espa\u00f1ol, franc\u00e9s, alem\u00e1n, holand\u00e9s, polaco, ruso, italiano, sueco y noruego.<\/p>\n<p>Aprovecha la oportunidad y d\u00e9jate sorprender por los diversos consejos y tareas que tienen como objetivo central el placer mutuo. T\u00f3mate tu tiempo, hazlo despacio, con cuidado, y disfrutad el uno del otro. Tease &#038; Please te desea un mont\u00f3n de placer juguet\u00f3n.<\/p>\n<p>Una necesidad absoluta para todos los que deseen experimentar con el sexo anal en su relaci\u00f3n usando los atributos y consejos que proporciona el juego.<\/p>\n<p>Contiene:<br \/>\n&#8211; 6 emocionantes folletos de tareas en diez idiomas: ingl\u00e9s, espa\u00f1ol, franc\u00e9s, alem\u00e1n, holand\u00e9s, polaco, ruso, italiano, sueco y noruego.<br \/>\n&#8211; Buttplug<br \/>\n&#8211; Cuentas anales<br \/>\n&#8211; Lubricante<\/p>\n","protected":false},"excerpt":{"rendered":"<p>ANALME IN 10 LANGUAGES ANALME es uno de los juegos maliciosos de la serie XXX-ME de Tease &#038; Please. Est\u00e1<\/p>\n","protected":false},"featured_media":63322,"comment_status":"open","ping_status":"open","template":"","meta":[],"product_cat":[310],"product_tag":[368],"class_list":["post-63321","product","type-product","status-publish","has-post-thumbnail","hentry","product_cat-kits","product_tag-tease-and-please"],"bundled_by":[],"bundle_stock_status":"instock","bundle_stock_quantity":2,"bundle_virtual":false,"bundle_layout":"","bundle_add_to_cart_form_location":"","bundle_editable_in_cart":false,"bundle_sold_individually_context":"","bundle_item_grouping":"","bundle_min_size":"","bundle_max_size":"","bundled_items":[],"yoast_head":"<!-- This site is optimized with the Yoast SEO plugin v20.6 - https:\/\/yoast.com\/wordpress\/plugins\/seo\/ -->\n<title>ANALME KIT DE JUGUETES - Tienda Er\u00f3tica<\/title>\n<meta name=\"robots\" content=\"noindex, follow, max-snippet:-1, max-image-preview:large, max-video-preview:-1\" \/>\n<meta property=\"og:locale\" content=\"es_ES\" \/>\n<meta property=\"og:type\" content=\"article\" \/>\n<meta property=\"og:title\" content=\"ANALME KIT DE JUGUETES - Tienda Er\u00f3tica\" \/>\n<meta property=\"og:description\" content=\"ANALME IN 10 LANGUAGES ANALME es uno de los juegos maliciosos de la serie XXX-ME de Tease &#038; Please. Est\u00e1\" \/>\n<meta property=\"og:url\" content=\"https:\/\/demoweb.info\/sexshop001\/producto\/analme-kit-de-juguetes\/\" \/>\n<meta property=\"og:site_name\" content=\"Tienda Er\u00f3tica\" \/>\n<meta property=\"article:modified_time\" content=\"2022-01-22T17:37:36+00:00\" \/>\n<meta property=\"og:image\" content=\"https:\/\/demoweb.info\/sexshop001\/wp-content\/uploads\/2022\/01\/ANALME-KIT-DE-JUGUETES.jpg\" \/>\n\t<meta property=\"og:image:width\" content=\"550\" \/>\n\t<meta property=\"og:image:height\" content=\"550\" \/>\n\t<meta property=\"og:image:type\" content=\"image\/jpeg\" \/>\n<meta name=\"twitter:card\" content=\"summary_large_image\" \/>\n<meta name=\"twitter:label1\" content=\"Tiempo de lectura\" \/>\n\t<meta name=\"twitter:data1\" content=\"1 minuto\" \/>\n<script type=\"application\/ld+json\" class=\"yoast-schema-graph\">{\"@context\":\"https:\/\/schema.org\",\"@graph\":[{\"@type\":\"WebPage\",\"@id\":\"https:\/\/demoweb.info\/sexshop001\/producto\/analme-kit-de-juguetes\/\",\"url\":\"https:\/\/demoweb.info\/sexshop001\/producto\/analme-kit-de-juguetes\/\",\"name\":\"ANALME KIT DE JUGUETES - Tienda Er\u00f3tica\",\"isPartOf\":{\"@id\":\"https:\/\/demoweb.info\/sexshop001\/#website\"},\"datePublished\":\"2022-01-22T17:37:32+00:00\",\"dateModified\":\"2022-01-22T17:37:36+00:00\",\"breadcrumb\":{\"@id\":\"https:\/\/demoweb.info\/sexshop001\/producto\/analme-kit-de-juguetes\/#breadcrumb\"},\"inLanguage\":\"es\",\"potentialAction\":[{\"@type\":\"ReadAction\",\"target\":[\"https:\/\/demoweb.info\/sexshop001\/producto\/analme-kit-de-juguetes\/\"]}]},{\"@type\":\"BreadcrumbList\",\"@id\":\"https:\/\/demoweb.info\/sexshop001\/producto\/analme-kit-de-juguetes\/#breadcrumb\",\"itemListElement\":[{\"@type\":\"ListItem\",\"position\":1,\"name\":\"Portada\",\"item\":\"https:\/\/demoweb.info\/sexshop001\/\"},{\"@type\":\"ListItem\",\"position\":2,\"name\":\"Tienda\",\"item\":\"https:\/\/demoweb.info\/sexshop001\/tienda\/\"},{\"@type\":\"ListItem\",\"position\":3,\"name\":\"ANALME KIT DE JUGUETES\"}]},{\"@type\":\"WebSite\",\"@id\":\"https:\/\/demoweb.info\/sexshop001\/#website\",\"url\":\"https:\/\/demoweb.info\/sexshop001\/\",\"name\":\"Tienda Er\u00f3tica\",\"description\":\"DEMOWEB SL\",\"potentialAction\":[{\"@type\":\"SearchAction\",\"target\":{\"@type\":\"EntryPoint\",\"urlTemplate\":\"https:\/\/demoweb.info\/sexshop001\/?s={search_term_string}\"},\"query-input\":\"required name=search_term_string\"}],\"inLanguage\":\"es\"}]}<\/script>\n<!-- \/ Yoast SEO plugin. -->","yoast_head_json":{"title":"ANALME KIT DE JUGUETES - Tienda Er\u00f3tica","robots":{"index":"noindex","follow":"follow","max-snippet":"max-snippet:-1","max-image-preview":"max-image-preview:large","max-video-preview":"max-video-preview:-1"},"og_locale":"es_ES","og_type":"article","og_title":"ANALME KIT DE JUGUETES - Tienda Er\u00f3tica","og_description":"ANALME IN 10 LANGUAGES ANALME es uno de los juegos maliciosos de la serie XXX-ME de Tease &#038; Please. Est\u00e1","og_url":"https:\/\/demoweb.info\/sexshop001\/producto\/analme-kit-de-juguetes\/","og_site_name":"Tienda Er\u00f3tica","article_modified_time":"2022-01-22T17:37:36+00:00","og_image":[{"width":550,"height":550,"url":"https:\/\/demoweb.info\/sexshop001\/wp-content\/uploads\/2022\/01\/ANALME-KIT-DE-JUGUETES.jpg","type":"image\/jpeg"}],"twitter_card":"summary_large_image","twitter_misc":{"Tiempo de lectura":"1 minuto"},"schema":{"@context":"https:\/\/schema.org","@graph":[{"@type":"WebPage","@id":"https:\/\/demoweb.info\/sexshop001\/producto\/analme-kit-de-juguetes\/","url":"https:\/\/demoweb.info\/sexshop001\/producto\/analme-kit-de-juguetes\/","name":"ANALME KIT DE JUGUETES - Tienda Er\u00f3tica","isPartOf":{"@id":"https:\/\/demoweb.info\/sexshop001\/#website"},"datePublished":"2022-01-22T17:37:32+00:00","dateModified":"2022-01-22T17:37:36+00:00","breadcrumb":{"@id":"https:\/\/demoweb.info\/sexshop001\/producto\/analme-kit-de-juguetes\/#breadcrumb"},"inLanguage":"es","potentialAction":[{"@type":"ReadAction","target":["https:\/\/demoweb.info\/sexshop001\/producto\/analme-kit-de-juguetes\/"]}]},{"@type":"BreadcrumbList","@id":"https:\/\/demoweb.info\/sexshop001\/producto\/analme-kit-de-juguetes\/#breadcrumb","itemListElement":[{"@type":"ListItem","position":1,"name":"Portada","item":"https:\/\/demoweb.info\/sexshop001\/"},{"@type":"ListItem","position":2,"name":"Tienda","item":"https:\/\/demoweb.info\/sexshop001\/tienda\/"},{"@type":"ListItem","position":3,"name":"ANALME KIT DE JUGUETES"}]},{"@type":"WebSite","@id":"https:\/\/demoweb.info\/sexshop001\/#website","url":"https:\/\/demoweb.info\/sexshop001\/","name":"Tienda Er\u00f3tica","description":"DEMOWEB SL","potentialAction":[{"@type":"SearchAction","target":{"@type":"EntryPoint","urlTemplate":"https:\/\/demoweb.info\/sexshop001\/?s={search_term_string}"},"query-input":"required name=search_term_string"}],"inLanguage":"es"}]}},"_links":{"self":[{"href":"https:\/\/demoweb.info\/sexshop001\/wp-json\/wp\/v3\/product\/63321","targetHints":{"allow":["GET"]}}],"collection":[{"href":"https:\/\/demoweb.info\/sexshop001\/wp-json\/wp\/v3\/product"}],"about":[{"href":"https:\/\/demoweb.info\/sexshop001\/wp-json\/wp\/v2\/types\/product"}],"replies":[{"embeddable":true,"href":"https:\/\/demoweb.info\/sexshop001\/wp-json\/wp\/v2\/comments?post=63321"}],"wp:featuredmedia":[{"embeddable":true,"href":"https:\/\/demoweb.info\/sexshop001\/wp-json\/wp\/v2\/media\/63322"}],"wp:attachment":[{"href":"https:\/\/demoweb.info\/sexshop001\/wp-json\/wp\/v2\/media?parent=63321"}],"wp:term":[{"taxonomy":"product_cat","embeddable":true,"href":"https:\/\/demoweb.info\/sexshop001\/wp-json\/wp\/v2\/product_cat?post=63321"},{"taxonomy":"product_tag","embeddable":true,"href":"https:\/\/demoweb.info\/sexshop001\/wp-json\/wp\/v2\/product_tag?post=63321"}],"curies":[{"name":"wp","href":"https:\/\/api.w.org\/{rel}","templated":true}]}}