{"id":63274,"date":"2022-01-22T18:36:45","date_gmt":"2022-01-22T17:36:45","guid":{"rendered":"https:\/\/demoweb.info\/sexshop001\/producto\/vibrador-rampante-vipero\/"},"modified":"2022-01-22T18:36:59","modified_gmt":"2022-01-22T17:36:59","slug":"vibrador-rampante-vipero","status":"publish","type":"product","link":"https:\/\/demoweb.info\/sexshop001\/producto\/vibrador-rampante-vipero\/","title":{"rendered":"VIBRADOR RAMPANTE VIPERO"},"content":{"rendered":"<p><strong>VIBRADOR RAMPANTE VIPERO<\/strong><\/p>\n<p>Vipero &#8211; Estimulador con un cuerpo ligeramente curvo que lo hace perfecto para la estimulaci\u00f3n vaginal y clitorial. Mientras que su voluptuoso cuerpo sube y baja, la potente estimulaci\u00f3n y la presi\u00f3n sobre el cl\u00edtoris te llevar\u00e1n al cl\u00edmax en oleadas intensas y profundas.<\/p>\n<p>Vipero Vibrator est\u00e1 indicado para:<\/p>\n<ul>\n<li>Aumentar la estimulaci\u00f3n vaginal y clitorial<\/li>\n<li>Sentir orgasmos m\u00e1s intensos<\/li>\n<\/ul>\n<p>Modo de empleo:<\/p>\n<p>1. Abra el precinto de higiene y seguridad<\/p>\n<p>2. Limpie la superficie del juguete antes de usar.<\/p>\n<p>3. Para encender el juguete mantenga el bot\u00f3n de encendido apretado durante 5 segundos, se iluminar\u00e1 una luz, para apagarlo presione nuevamente 3 segundos.<\/p>\n<p>4. Para iniciar la vibraci\u00f3n, presione el bot\u00f3n y para cambiar el modo de vibraci\u00f3n vuelva a presionarlo. Hay 9 modos de vibraci\u00f3n.<\/p>\n<p>5. P\u00f3ngalo en el \u00e1rea deseada. Aplicar gel sobre el producto puede ayudar a introducirlo.<\/p>\n<p>6. L\u00edmpielo despu\u00e9s de cada uso.<\/p>\n<p>7. Para cargar la bater\u00eda introduzca el cable sumistrado e inserte el extremo del cable en el agujero marcado por DC y el otro extremo ins\u00e9rtelo en un puerto USB.<\/p>\n<p>8. Al iniciar la carga una luz roja intermitente indicar\u00e1 que se est\u00e1 cargando, cuando se mantenga fija, la bater\u00eda estar\u00e1 completamente cargada. (Tiempo aproximado de carga 2 horas).<\/p>\n","protected":false},"excerpt":{"rendered":"<p>VIBRADOR RAMPANTE VIPERO Vipero &#8211; Estimulador con un cuerpo ligeramente curvo que lo hace perfecto para la estimulaci\u00f3n vaginal y<\/p>\n","protected":false},"featured_media":63275,"comment_status":"open","ping_status":"open","template":"","meta":[],"product_cat":[434],"product_tag":[1226],"class_list":["post-63274","product","type-product","status-publish","has-post-thumbnail","hentry","product_cat-doble-estimulacion-vibradores-juguetes-xxx","product_tag-u-sex-toys"],"bundled_by":[],"bundle_stock_status":"instock","bundle_stock_quantity":1,"bundle_virtual":false,"bundle_layout":"","bundle_add_to_cart_form_location":"","bundle_editable_in_cart":false,"bundle_sold_individually_context":"","bundle_item_grouping":"","bundle_min_size":"","bundle_max_size":"","bundled_items":[],"yoast_head":"<!-- This site is optimized with the Yoast SEO plugin v20.6 - https:\/\/yoast.com\/wordpress\/plugins\/seo\/ -->\n<title>VIBRADOR RAMPANTE VIPERO - Tienda Er\u00f3tica<\/title>\n<meta name=\"robots\" content=\"noindex, follow, max-snippet:-1, max-image-preview:large, max-video-preview:-1\" \/>\n<meta property=\"og:locale\" content=\"es_ES\" \/>\n<meta property=\"og:type\" content=\"article\" \/>\n<meta property=\"og:title\" content=\"VIBRADOR RAMPANTE VIPERO - Tienda Er\u00f3tica\" \/>\n<meta property=\"og:description\" content=\"VIBRADOR RAMPANTE VIPERO Vipero &#8211; Estimulador con un cuerpo ligeramente curvo que lo hace perfecto para la estimulaci\u00f3n vaginal y\" \/>\n<meta property=\"og:url\" content=\"https:\/\/demoweb.info\/sexshop001\/producto\/vibrador-rampante-vipero\/\" \/>\n<meta property=\"og:site_name\" content=\"Tienda Er\u00f3tica\" \/>\n<meta property=\"article:modified_time\" content=\"2022-01-22T17:36:59+00:00\" \/>\n<meta property=\"og:image\" content=\"https:\/\/demoweb.info\/sexshop001\/wp-content\/uploads\/2022\/01\/VIBRADOR-RAMPANTE-VIPERO.jpg\" \/>\n\t<meta property=\"og:image:width\" content=\"550\" \/>\n\t<meta property=\"og:image:height\" content=\"550\" \/>\n\t<meta property=\"og:image:type\" content=\"image\/jpeg\" \/>\n<meta name=\"twitter:card\" content=\"summary_large_image\" \/>\n<meta name=\"twitter:label1\" content=\"Tiempo de lectura\" \/>\n\t<meta name=\"twitter:data1\" content=\"1 minuto\" \/>\n<script type=\"application\/ld+json\" class=\"yoast-schema-graph\">{\"@context\":\"https:\/\/schema.org\",\"@graph\":[{\"@type\":\"WebPage\",\"@id\":\"https:\/\/demoweb.info\/sexshop001\/producto\/vibrador-rampante-vipero\/\",\"url\":\"https:\/\/demoweb.info\/sexshop001\/producto\/vibrador-rampante-vipero\/\",\"name\":\"VIBRADOR RAMPANTE VIPERO - Tienda Er\u00f3tica\",\"isPartOf\":{\"@id\":\"https:\/\/demoweb.info\/sexshop001\/#website\"},\"datePublished\":\"2022-01-22T17:36:45+00:00\",\"dateModified\":\"2022-01-22T17:36:59+00:00\",\"breadcrumb\":{\"@id\":\"https:\/\/demoweb.info\/sexshop001\/producto\/vibrador-rampante-vipero\/#breadcrumb\"},\"inLanguage\":\"es\",\"potentialAction\":[{\"@type\":\"ReadAction\",\"target\":[\"https:\/\/demoweb.info\/sexshop001\/producto\/vibrador-rampante-vipero\/\"]}]},{\"@type\":\"BreadcrumbList\",\"@id\":\"https:\/\/demoweb.info\/sexshop001\/producto\/vibrador-rampante-vipero\/#breadcrumb\",\"itemListElement\":[{\"@type\":\"ListItem\",\"position\":1,\"name\":\"Portada\",\"item\":\"https:\/\/demoweb.info\/sexshop001\/\"},{\"@type\":\"ListItem\",\"position\":2,\"name\":\"Tienda\",\"item\":\"https:\/\/demoweb.info\/sexshop001\/tienda\/\"},{\"@type\":\"ListItem\",\"position\":3,\"name\":\"VIBRADOR RAMPANTE VIPERO\"}]},{\"@type\":\"WebSite\",\"@id\":\"https:\/\/demoweb.info\/sexshop001\/#website\",\"url\":\"https:\/\/demoweb.info\/sexshop001\/\",\"name\":\"Tienda Er\u00f3tica\",\"description\":\"DEMOWEB SL\",\"potentialAction\":[{\"@type\":\"SearchAction\",\"target\":{\"@type\":\"EntryPoint\",\"urlTemplate\":\"https:\/\/demoweb.info\/sexshop001\/?s={search_term_string}\"},\"query-input\":\"required name=search_term_string\"}],\"inLanguage\":\"es\"}]}<\/script>\n<!-- \/ Yoast SEO plugin. -->","yoast_head_json":{"title":"VIBRADOR RAMPANTE VIPERO - Tienda Er\u00f3tica","robots":{"index":"noindex","follow":"follow","max-snippet":"max-snippet:-1","max-image-preview":"max-image-preview:large","max-video-preview":"max-video-preview:-1"},"og_locale":"es_ES","og_type":"article","og_title":"VIBRADOR RAMPANTE VIPERO - Tienda Er\u00f3tica","og_description":"VIBRADOR RAMPANTE VIPERO Vipero &#8211; Estimulador con un cuerpo ligeramente curvo que lo hace perfecto para la estimulaci\u00f3n vaginal y","og_url":"https:\/\/demoweb.info\/sexshop001\/producto\/vibrador-rampante-vipero\/","og_site_name":"Tienda Er\u00f3tica","article_modified_time":"2022-01-22T17:36:59+00:00","og_image":[{"width":550,"height":550,"url":"https:\/\/demoweb.info\/sexshop001\/wp-content\/uploads\/2022\/01\/VIBRADOR-RAMPANTE-VIPERO.jpg","type":"image\/jpeg"}],"twitter_card":"summary_large_image","twitter_misc":{"Tiempo de lectura":"1 minuto"},"schema":{"@context":"https:\/\/schema.org","@graph":[{"@type":"WebPage","@id":"https:\/\/demoweb.info\/sexshop001\/producto\/vibrador-rampante-vipero\/","url":"https:\/\/demoweb.info\/sexshop001\/producto\/vibrador-rampante-vipero\/","name":"VIBRADOR RAMPANTE VIPERO - Tienda Er\u00f3tica","isPartOf":{"@id":"https:\/\/demoweb.info\/sexshop001\/#website"},"datePublished":"2022-01-22T17:36:45+00:00","dateModified":"2022-01-22T17:36:59+00:00","breadcrumb":{"@id":"https:\/\/demoweb.info\/sexshop001\/producto\/vibrador-rampante-vipero\/#breadcrumb"},"inLanguage":"es","potentialAction":[{"@type":"ReadAction","target":["https:\/\/demoweb.info\/sexshop001\/producto\/vibrador-rampante-vipero\/"]}]},{"@type":"BreadcrumbList","@id":"https:\/\/demoweb.info\/sexshop001\/producto\/vibrador-rampante-vipero\/#breadcrumb","itemListElement":[{"@type":"ListItem","position":1,"name":"Portada","item":"https:\/\/demoweb.info\/sexshop001\/"},{"@type":"ListItem","position":2,"name":"Tienda","item":"https:\/\/demoweb.info\/sexshop001\/tienda\/"},{"@type":"ListItem","position":3,"name":"VIBRADOR RAMPANTE VIPERO"}]},{"@type":"WebSite","@id":"https:\/\/demoweb.info\/sexshop001\/#website","url":"https:\/\/demoweb.info\/sexshop001\/","name":"Tienda Er\u00f3tica","description":"DEMOWEB SL","potentialAction":[{"@type":"SearchAction","target":{"@type":"EntryPoint","urlTemplate":"https:\/\/demoweb.info\/sexshop001\/?s={search_term_string}"},"query-input":"required name=search_term_string"}],"inLanguage":"es"}]}},"_links":{"self":[{"href":"https:\/\/demoweb.info\/sexshop001\/wp-json\/wp\/v3\/product\/63274","targetHints":{"allow":["GET"]}}],"collection":[{"href":"https:\/\/demoweb.info\/sexshop001\/wp-json\/wp\/v3\/product"}],"about":[{"href":"https:\/\/demoweb.info\/sexshop001\/wp-json\/wp\/v2\/types\/product"}],"replies":[{"embeddable":true,"href":"https:\/\/demoweb.info\/sexshop001\/wp-json\/wp\/v2\/comments?post=63274"}],"wp:featuredmedia":[{"embeddable":true,"href":"https:\/\/demoweb.info\/sexshop001\/wp-json\/wp\/v2\/media\/63275"}],"wp:attachment":[{"href":"https:\/\/demoweb.info\/sexshop001\/wp-json\/wp\/v2\/media?parent=63274"}],"wp:term":[{"taxonomy":"product_cat","embeddable":true,"href":"https:\/\/demoweb.info\/sexshop001\/wp-json\/wp\/v2\/product_cat?post=63274"},{"taxonomy":"product_tag","embeddable":true,"href":"https:\/\/demoweb.info\/sexshop001\/wp-json\/wp\/v2\/product_tag?post=63274"}],"curies":[{"name":"wp","href":"https:\/\/api.w.org\/{rel}","templated":true}]}}