{"id":63037,"date":"2022-01-22T18:33:50","date_gmt":"2022-01-22T17:33:50","guid":{"rendered":"https:\/\/demoweb.info\/sexshop001\/producto\/zalo-versailles-fanfan-vibrador-para-parejas-control-remoto-azul\/"},"modified":"2022-01-22T18:34:12","modified_gmt":"2022-01-22T17:34:12","slug":"zalo-versailles-fanfan-vibrador-para-parejas-control-remoto-azul","status":"publish","type":"product","link":"https:\/\/demoweb.info\/sexshop001\/producto\/zalo-versailles-fanfan-vibrador-para-parejas-control-remoto-azul\/","title":{"rendered":"ZALO VERSAILLES FANFAN VIBRADOR PARA PAREJAS CONTROL REMOTO &#8211; AZUL"},"content":{"rendered":"<p><strong>ZALO VERSAILLES FANFAN COUPLES MASSAGER<\/strong><\/p>\n<p>Vibrador de lujo elegantemente dise\u00f1ado para parejas de ZALO. Ba\u00f1ado en oro de 24K, mediante un proceso de esmaltado artesanal de calidad joyera.<\/p>\n<p>La silicona de Dow Corning sigue las normas de certificaci\u00f3n FDA.<\/p>\n<p>Es posible predefinir 8 modos de vibraci\u00f3n, ofreciendo una sensaci\u00f3n vibratoria intensa.<\/p>\n<p>Se puede controlar conect\u00e1ndolo a la App v\u00eda Bluetooth. Incluye funciones de vibraci\u00f3n autodefinida, vibraci\u00f3n aleatoria con m\u00fasica, c\u00e1lculo de calor\u00edas, etc. (Nombre de la App ZALO REMOTE).<\/p>\n<p>A prueba de salpicaduras.<\/p>\n<p>Triple motor ultra silencioso. El mando a distancia cuenta con un motor en su interior.<\/p>\n<p>Revestimiento con tecnolog\u00eda Softek.<\/p>\n<p>Bater\u00eda de litio recargable por USB con autonom\u00eda de 2-4 horas.<\/p>\n<p>Caracter\u00edsticas:<\/p>\n<ul>\n<li>Motor potente y silencioso que produce vibraciones intensas.<\/li>\n<li>Control remoto incluido. 8 modos de vibraci\u00f3n regulables. Modos de vibraci\u00f3n adicionales disponibles con la aplicaci\u00f3n gratuita ZALO.<\/li>\n<li>Hecho de silicona de alta calidad para el cuerpo de Dow Corning.<\/li>\n<li>Bellamente empaquetado para regalar.<\/li>\n<li>100% impermeable para jugar en la ba\u00f1era o ducha.<\/li>\n<li>USB recargable, hasta 4 horas de reproducci\u00f3n con una sola carga.<\/li>\n<li>Dispone de conexi\u00f3n Bluetooth<\/li>\n<li>Nivel m\u00e1ximo de ruido: &lt;40dB<\/li>\n<li>Peso y medidas:\n<ul>\n<li>97 gramos<\/li>\n<li>8,4 x 4,2 cm<\/li>\n<\/ul>\n<\/li>\n<\/ul>\n","protected":false},"excerpt":{"rendered":"<p>ZALO VERSAILLES FANFAN COUPLES MASSAGER Vibrador de lujo elegantemente dise\u00f1ado para parejas de ZALO. Ba\u00f1ado en oro de 24K, mediante<\/p>\n","protected":false},"featured_media":63038,"comment_status":"open","ping_status":"open","template":"","meta":[],"product_cat":[315],"product_tag":[503],"class_list":["post-63037","product","type-product","status-publish","has-post-thumbnail","hentry","product_cat-silicona-vibradores-juguetes-xxx","product_tag-zalo"],"bundled_by":[],"bundle_stock_status":"instock","bundle_stock_quantity":1,"bundle_virtual":false,"bundle_layout":"","bundle_add_to_cart_form_location":"","bundle_editable_in_cart":false,"bundle_sold_individually_context":"","bundle_item_grouping":"","bundle_min_size":"","bundle_max_size":"","bundled_items":[],"yoast_head":"<!-- This site is optimized with the Yoast SEO plugin v20.6 - https:\/\/yoast.com\/wordpress\/plugins\/seo\/ -->\n<title>ZALO VERSAILLES FANFAN VIBRADOR PARA PAREJAS CONTROL REMOTO - AZUL - Tienda Er\u00f3tica<\/title>\n<meta name=\"robots\" content=\"noindex, follow, max-snippet:-1, max-image-preview:large, max-video-preview:-1\" \/>\n<meta property=\"og:locale\" content=\"es_ES\" \/>\n<meta property=\"og:type\" content=\"article\" \/>\n<meta property=\"og:title\" content=\"ZALO VERSAILLES FANFAN VIBRADOR PARA PAREJAS CONTROL REMOTO - AZUL - Tienda Er\u00f3tica\" \/>\n<meta property=\"og:description\" content=\"ZALO VERSAILLES FANFAN COUPLES MASSAGER Vibrador de lujo elegantemente dise\u00f1ado para parejas de ZALO. Ba\u00f1ado en oro de 24K, mediante\" \/>\n<meta property=\"og:url\" content=\"https:\/\/demoweb.info\/sexshop001\/producto\/zalo-versailles-fanfan-vibrador-para-parejas-control-remoto-azul\/\" \/>\n<meta property=\"og:site_name\" content=\"Tienda Er\u00f3tica\" \/>\n<meta property=\"article:modified_time\" content=\"2022-01-22T17:34:12+00:00\" \/>\n<meta property=\"og:image\" content=\"https:\/\/demoweb.info\/sexshop001\/wp-content\/uploads\/2022\/01\/ZALO-VERSAILLES-FANFAN-VIBRADOR-PARA-PAREJAS-CONTROL-REMOTO-AZUL.jpg\" \/>\n\t<meta property=\"og:image:width\" content=\"550\" \/>\n\t<meta property=\"og:image:height\" content=\"550\" \/>\n\t<meta property=\"og:image:type\" content=\"image\/jpeg\" \/>\n<meta name=\"twitter:card\" content=\"summary_large_image\" \/>\n<meta name=\"twitter:label1\" content=\"Tiempo de lectura\" \/>\n\t<meta name=\"twitter:data1\" content=\"1 minuto\" \/>\n<script type=\"application\/ld+json\" class=\"yoast-schema-graph\">{\"@context\":\"https:\/\/schema.org\",\"@graph\":[{\"@type\":\"WebPage\",\"@id\":\"https:\/\/demoweb.info\/sexshop001\/producto\/zalo-versailles-fanfan-vibrador-para-parejas-control-remoto-azul\/\",\"url\":\"https:\/\/demoweb.info\/sexshop001\/producto\/zalo-versailles-fanfan-vibrador-para-parejas-control-remoto-azul\/\",\"name\":\"ZALO VERSAILLES FANFAN VIBRADOR PARA PAREJAS CONTROL REMOTO - AZUL - Tienda Er\u00f3tica\",\"isPartOf\":{\"@id\":\"https:\/\/demoweb.info\/sexshop001\/#website\"},\"datePublished\":\"2022-01-22T17:33:50+00:00\",\"dateModified\":\"2022-01-22T17:34:12+00:00\",\"breadcrumb\":{\"@id\":\"https:\/\/demoweb.info\/sexshop001\/producto\/zalo-versailles-fanfan-vibrador-para-parejas-control-remoto-azul\/#breadcrumb\"},\"inLanguage\":\"es\",\"potentialAction\":[{\"@type\":\"ReadAction\",\"target\":[\"https:\/\/demoweb.info\/sexshop001\/producto\/zalo-versailles-fanfan-vibrador-para-parejas-control-remoto-azul\/\"]}]},{\"@type\":\"BreadcrumbList\",\"@id\":\"https:\/\/demoweb.info\/sexshop001\/producto\/zalo-versailles-fanfan-vibrador-para-parejas-control-remoto-azul\/#breadcrumb\",\"itemListElement\":[{\"@type\":\"ListItem\",\"position\":1,\"name\":\"Portada\",\"item\":\"https:\/\/demoweb.info\/sexshop001\/\"},{\"@type\":\"ListItem\",\"position\":2,\"name\":\"Tienda\",\"item\":\"https:\/\/demoweb.info\/sexshop001\/tienda\/\"},{\"@type\":\"ListItem\",\"position\":3,\"name\":\"ZALO VERSAILLES FANFAN VIBRADOR PARA PAREJAS CONTROL REMOTO &#8211; AZUL\"}]},{\"@type\":\"WebSite\",\"@id\":\"https:\/\/demoweb.info\/sexshop001\/#website\",\"url\":\"https:\/\/demoweb.info\/sexshop001\/\",\"name\":\"Tienda Er\u00f3tica\",\"description\":\"DEMOWEB SL\",\"potentialAction\":[{\"@type\":\"SearchAction\",\"target\":{\"@type\":\"EntryPoint\",\"urlTemplate\":\"https:\/\/demoweb.info\/sexshop001\/?s={search_term_string}\"},\"query-input\":\"required name=search_term_string\"}],\"inLanguage\":\"es\"}]}<\/script>\n<!-- \/ Yoast SEO plugin. -->","yoast_head_json":{"title":"ZALO VERSAILLES FANFAN VIBRADOR PARA PAREJAS CONTROL REMOTO - AZUL - Tienda Er\u00f3tica","robots":{"index":"noindex","follow":"follow","max-snippet":"max-snippet:-1","max-image-preview":"max-image-preview:large","max-video-preview":"max-video-preview:-1"},"og_locale":"es_ES","og_type":"article","og_title":"ZALO VERSAILLES FANFAN VIBRADOR PARA PAREJAS CONTROL REMOTO - AZUL - Tienda Er\u00f3tica","og_description":"ZALO VERSAILLES FANFAN COUPLES MASSAGER Vibrador de lujo elegantemente dise\u00f1ado para parejas de ZALO. Ba\u00f1ado en oro de 24K, mediante","og_url":"https:\/\/demoweb.info\/sexshop001\/producto\/zalo-versailles-fanfan-vibrador-para-parejas-control-remoto-azul\/","og_site_name":"Tienda Er\u00f3tica","article_modified_time":"2022-01-22T17:34:12+00:00","og_image":[{"width":550,"height":550,"url":"https:\/\/demoweb.info\/sexshop001\/wp-content\/uploads\/2022\/01\/ZALO-VERSAILLES-FANFAN-VIBRADOR-PARA-PAREJAS-CONTROL-REMOTO-AZUL.jpg","type":"image\/jpeg"}],"twitter_card":"summary_large_image","twitter_misc":{"Tiempo de lectura":"1 minuto"},"schema":{"@context":"https:\/\/schema.org","@graph":[{"@type":"WebPage","@id":"https:\/\/demoweb.info\/sexshop001\/producto\/zalo-versailles-fanfan-vibrador-para-parejas-control-remoto-azul\/","url":"https:\/\/demoweb.info\/sexshop001\/producto\/zalo-versailles-fanfan-vibrador-para-parejas-control-remoto-azul\/","name":"ZALO VERSAILLES FANFAN VIBRADOR PARA PAREJAS CONTROL REMOTO - AZUL - Tienda Er\u00f3tica","isPartOf":{"@id":"https:\/\/demoweb.info\/sexshop001\/#website"},"datePublished":"2022-01-22T17:33:50+00:00","dateModified":"2022-01-22T17:34:12+00:00","breadcrumb":{"@id":"https:\/\/demoweb.info\/sexshop001\/producto\/zalo-versailles-fanfan-vibrador-para-parejas-control-remoto-azul\/#breadcrumb"},"inLanguage":"es","potentialAction":[{"@type":"ReadAction","target":["https:\/\/demoweb.info\/sexshop001\/producto\/zalo-versailles-fanfan-vibrador-para-parejas-control-remoto-azul\/"]}]},{"@type":"BreadcrumbList","@id":"https:\/\/demoweb.info\/sexshop001\/producto\/zalo-versailles-fanfan-vibrador-para-parejas-control-remoto-azul\/#breadcrumb","itemListElement":[{"@type":"ListItem","position":1,"name":"Portada","item":"https:\/\/demoweb.info\/sexshop001\/"},{"@type":"ListItem","position":2,"name":"Tienda","item":"https:\/\/demoweb.info\/sexshop001\/tienda\/"},{"@type":"ListItem","position":3,"name":"ZALO VERSAILLES FANFAN VIBRADOR PARA PAREJAS CONTROL REMOTO &#8211; AZUL"}]},{"@type":"WebSite","@id":"https:\/\/demoweb.info\/sexshop001\/#website","url":"https:\/\/demoweb.info\/sexshop001\/","name":"Tienda Er\u00f3tica","description":"DEMOWEB SL","potentialAction":[{"@type":"SearchAction","target":{"@type":"EntryPoint","urlTemplate":"https:\/\/demoweb.info\/sexshop001\/?s={search_term_string}"},"query-input":"required name=search_term_string"}],"inLanguage":"es"}]}},"_links":{"self":[{"href":"https:\/\/demoweb.info\/sexshop001\/wp-json\/wp\/v3\/product\/63037","targetHints":{"allow":["GET"]}}],"collection":[{"href":"https:\/\/demoweb.info\/sexshop001\/wp-json\/wp\/v3\/product"}],"about":[{"href":"https:\/\/demoweb.info\/sexshop001\/wp-json\/wp\/v2\/types\/product"}],"replies":[{"embeddable":true,"href":"https:\/\/demoweb.info\/sexshop001\/wp-json\/wp\/v2\/comments?post=63037"}],"wp:featuredmedia":[{"embeddable":true,"href":"https:\/\/demoweb.info\/sexshop001\/wp-json\/wp\/v2\/media\/63038"}],"wp:attachment":[{"href":"https:\/\/demoweb.info\/sexshop001\/wp-json\/wp\/v2\/media?parent=63037"}],"wp:term":[{"taxonomy":"product_cat","embeddable":true,"href":"https:\/\/demoweb.info\/sexshop001\/wp-json\/wp\/v2\/product_cat?post=63037"},{"taxonomy":"product_tag","embeddable":true,"href":"https:\/\/demoweb.info\/sexshop001\/wp-json\/wp\/v2\/product_tag?post=63037"}],"curies":[{"name":"wp","href":"https:\/\/api.w.org\/{rel}","templated":true}]}}