{"id":62402,"date":"2022-01-22T18:26:08","date_gmt":"2022-01-22T17:26:08","guid":{"rendered":"https:\/\/demoweb.info\/sexshop001\/producto\/man-squeeze-bear-ass-masturbador-ano\/"},"modified":"2022-01-22T18:26:08","modified_gmt":"2022-01-22T17:26:08","slug":"man-squeeze-bear-ass-masturbador-ano","status":"publish","type":"product","link":"https:\/\/demoweb.info\/sexshop001\/producto\/man-squeeze-bear-ass-masturbador-ano\/","title":{"rendered":"MAN SQUEEZE BEAR ASS MASTURBADOR ANO"},"content":{"rendered":"<p><strong>MAN SQUEEZE BEAR ASS<\/strong><\/p>\n<p><em>Consigue a tu hombre.<\/em><\/p>\n<p>La l\u00ednea de masturbadores con estuche r\u00edgido de Doc Johnson ofrece ahora Man Squeeze, una colecci\u00f3n creada especialmente para los hombres que aman a los hombres.<\/p>\n<p>Dise\u00f1ado con una tapa lateral de ajuste por succi\u00f3n y un agarre apretado que permite variar la tensi\u00f3n de cada golpe, Bear presenta una forma de ano exterior m\u00e1s grande fabricado con material ULTRASKYN realista, con un agujero apretado en la entrada que se relaja m\u00e1s profundamente en el interior.<\/p>\n<p>Al igual que sus hom\u00f3logos de Main Squeeze, este stroker est\u00e1 dise\u00f1ado con una textura interna \u00fanica para que te sientas como si hubieras domesticado a la bestia varonil que deseas.<\/p>\n<p>El dise\u00f1o r\u00edgido de doble tapa se dobla como un discreto estuche de viaje y almacenamiento, manteniendo su Man Squeeze fresco y listo para cuando el estado de \u00e1nimo se acerque.<\/p>\n<p>Caracter\u00edsticas:<\/p>\n<ul>\n<li>Masturbador ULTRASKYN \u2122 texturado con estuche externo r\u00edgido<\/li>\n<li>Exterior grande con orificio apretado<\/li>\n<li>La placa de compresi\u00f3n permite al usuario controlar la presi\u00f3n<\/li>\n<li>La tapa del extremo crea una succi\u00f3n intensa<\/li>\n<li>Giros de la base para ajustar la fuerza de la succi\u00f3n<\/li>\n<li>Se desmonta completamente para su limpieza<\/li>\n<li>Incluye instrucciones completas de cuidado y uso<\/li>\n<li>Medidas: 20,32 x 7,62 cm<\/li>\n<\/ul>\n","protected":false},"excerpt":{"rendered":"<p>MAN SQUEEZE BEAR ASS Consigue a tu hombre. La l\u00ednea de masturbadores con estuche r\u00edgido de Doc Johnson ofrece ahora<\/p>\n","protected":false},"featured_media":62403,"comment_status":"open","ping_status":"open","template":"","meta":[],"product_cat":[468],"product_tag":[460,469],"class_list":["post-62402","product","type-product","status-publish","has-post-thumbnail","hentry","product_cat-anos","product_tag-doc-johnson","product_tag-man-squeeze"],"bundled_by":[],"bundle_stock_status":"instock","bundle_stock_quantity":1,"bundle_virtual":false,"bundle_layout":"","bundle_add_to_cart_form_location":"","bundle_editable_in_cart":false,"bundle_sold_individually_context":"","bundle_item_grouping":"","bundle_min_size":"","bundle_max_size":"","bundled_items":[],"yoast_head":"<!-- This site is optimized with the Yoast SEO plugin v20.6 - https:\/\/yoast.com\/wordpress\/plugins\/seo\/ -->\n<title>MAN SQUEEZE BEAR ASS MASTURBADOR ANO - Tienda Er\u00f3tica<\/title>\n<meta name=\"robots\" content=\"noindex, follow, max-snippet:-1, max-image-preview:large, max-video-preview:-1\" \/>\n<meta property=\"og:locale\" content=\"es_ES\" \/>\n<meta property=\"og:type\" content=\"article\" \/>\n<meta property=\"og:title\" content=\"MAN SQUEEZE BEAR ASS MASTURBADOR ANO - Tienda Er\u00f3tica\" \/>\n<meta property=\"og:description\" content=\"MAN SQUEEZE BEAR ASS Consigue a tu hombre. La l\u00ednea de masturbadores con estuche r\u00edgido de Doc Johnson ofrece ahora\" \/>\n<meta property=\"og:url\" content=\"https:\/\/demoweb.info\/sexshop001\/producto\/man-squeeze-bear-ass-masturbador-ano\/\" \/>\n<meta property=\"og:site_name\" content=\"Tienda Er\u00f3tica\" \/>\n<meta property=\"og:image\" content=\"https:\/\/demoweb.info\/sexshop001\/wp-content\/uploads\/2022\/01\/MAN-SQUEEZE-BEAR-ASS-MASTURBADOR-ANO.jpg\" \/>\n\t<meta property=\"og:image:width\" content=\"550\" \/>\n\t<meta property=\"og:image:height\" content=\"550\" \/>\n\t<meta property=\"og:image:type\" content=\"image\/jpeg\" \/>\n<meta name=\"twitter:card\" content=\"summary_large_image\" \/>\n<meta name=\"twitter:label1\" content=\"Tiempo de lectura\" \/>\n\t<meta name=\"twitter:data1\" content=\"1 minuto\" \/>\n<script type=\"application\/ld+json\" class=\"yoast-schema-graph\">{\"@context\":\"https:\/\/schema.org\",\"@graph\":[{\"@type\":\"WebPage\",\"@id\":\"https:\/\/demoweb.info\/sexshop001\/producto\/man-squeeze-bear-ass-masturbador-ano\/\",\"url\":\"https:\/\/demoweb.info\/sexshop001\/producto\/man-squeeze-bear-ass-masturbador-ano\/\",\"name\":\"MAN SQUEEZE BEAR ASS MASTURBADOR ANO - Tienda Er\u00f3tica\",\"isPartOf\":{\"@id\":\"https:\/\/demoweb.info\/sexshop001\/#website\"},\"datePublished\":\"2022-01-22T17:26:08+00:00\",\"dateModified\":\"2022-01-22T17:26:08+00:00\",\"breadcrumb\":{\"@id\":\"https:\/\/demoweb.info\/sexshop001\/producto\/man-squeeze-bear-ass-masturbador-ano\/#breadcrumb\"},\"inLanguage\":\"es\",\"potentialAction\":[{\"@type\":\"ReadAction\",\"target\":[\"https:\/\/demoweb.info\/sexshop001\/producto\/man-squeeze-bear-ass-masturbador-ano\/\"]}]},{\"@type\":\"BreadcrumbList\",\"@id\":\"https:\/\/demoweb.info\/sexshop001\/producto\/man-squeeze-bear-ass-masturbador-ano\/#breadcrumb\",\"itemListElement\":[{\"@type\":\"ListItem\",\"position\":1,\"name\":\"Portada\",\"item\":\"https:\/\/demoweb.info\/sexshop001\/\"},{\"@type\":\"ListItem\",\"position\":2,\"name\":\"Tienda\",\"item\":\"https:\/\/demoweb.info\/sexshop001\/tienda\/\"},{\"@type\":\"ListItem\",\"position\":3,\"name\":\"MAN SQUEEZE BEAR ASS MASTURBADOR ANO\"}]},{\"@type\":\"WebSite\",\"@id\":\"https:\/\/demoweb.info\/sexshop001\/#website\",\"url\":\"https:\/\/demoweb.info\/sexshop001\/\",\"name\":\"Tienda Er\u00f3tica\",\"description\":\"DEMOWEB SL\",\"potentialAction\":[{\"@type\":\"SearchAction\",\"target\":{\"@type\":\"EntryPoint\",\"urlTemplate\":\"https:\/\/demoweb.info\/sexshop001\/?s={search_term_string}\"},\"query-input\":\"required name=search_term_string\"}],\"inLanguage\":\"es\"}]}<\/script>\n<!-- \/ Yoast SEO plugin. -->","yoast_head_json":{"title":"MAN SQUEEZE BEAR ASS MASTURBADOR ANO - Tienda Er\u00f3tica","robots":{"index":"noindex","follow":"follow","max-snippet":"max-snippet:-1","max-image-preview":"max-image-preview:large","max-video-preview":"max-video-preview:-1"},"og_locale":"es_ES","og_type":"article","og_title":"MAN SQUEEZE BEAR ASS MASTURBADOR ANO - Tienda Er\u00f3tica","og_description":"MAN SQUEEZE BEAR ASS Consigue a tu hombre. La l\u00ednea de masturbadores con estuche r\u00edgido de Doc Johnson ofrece ahora","og_url":"https:\/\/demoweb.info\/sexshop001\/producto\/man-squeeze-bear-ass-masturbador-ano\/","og_site_name":"Tienda Er\u00f3tica","og_image":[{"width":550,"height":550,"url":"https:\/\/demoweb.info\/sexshop001\/wp-content\/uploads\/2022\/01\/MAN-SQUEEZE-BEAR-ASS-MASTURBADOR-ANO.jpg","type":"image\/jpeg"}],"twitter_card":"summary_large_image","twitter_misc":{"Tiempo de lectura":"1 minuto"},"schema":{"@context":"https:\/\/schema.org","@graph":[{"@type":"WebPage","@id":"https:\/\/demoweb.info\/sexshop001\/producto\/man-squeeze-bear-ass-masturbador-ano\/","url":"https:\/\/demoweb.info\/sexshop001\/producto\/man-squeeze-bear-ass-masturbador-ano\/","name":"MAN SQUEEZE BEAR ASS MASTURBADOR ANO - Tienda Er\u00f3tica","isPartOf":{"@id":"https:\/\/demoweb.info\/sexshop001\/#website"},"datePublished":"2022-01-22T17:26:08+00:00","dateModified":"2022-01-22T17:26:08+00:00","breadcrumb":{"@id":"https:\/\/demoweb.info\/sexshop001\/producto\/man-squeeze-bear-ass-masturbador-ano\/#breadcrumb"},"inLanguage":"es","potentialAction":[{"@type":"ReadAction","target":["https:\/\/demoweb.info\/sexshop001\/producto\/man-squeeze-bear-ass-masturbador-ano\/"]}]},{"@type":"BreadcrumbList","@id":"https:\/\/demoweb.info\/sexshop001\/producto\/man-squeeze-bear-ass-masturbador-ano\/#breadcrumb","itemListElement":[{"@type":"ListItem","position":1,"name":"Portada","item":"https:\/\/demoweb.info\/sexshop001\/"},{"@type":"ListItem","position":2,"name":"Tienda","item":"https:\/\/demoweb.info\/sexshop001\/tienda\/"},{"@type":"ListItem","position":3,"name":"MAN SQUEEZE BEAR ASS MASTURBADOR ANO"}]},{"@type":"WebSite","@id":"https:\/\/demoweb.info\/sexshop001\/#website","url":"https:\/\/demoweb.info\/sexshop001\/","name":"Tienda Er\u00f3tica","description":"DEMOWEB SL","potentialAction":[{"@type":"SearchAction","target":{"@type":"EntryPoint","urlTemplate":"https:\/\/demoweb.info\/sexshop001\/?s={search_term_string}"},"query-input":"required name=search_term_string"}],"inLanguage":"es"}]}},"_links":{"self":[{"href":"https:\/\/demoweb.info\/sexshop001\/wp-json\/wp\/v3\/product\/62402","targetHints":{"allow":["GET"]}}],"collection":[{"href":"https:\/\/demoweb.info\/sexshop001\/wp-json\/wp\/v3\/product"}],"about":[{"href":"https:\/\/demoweb.info\/sexshop001\/wp-json\/wp\/v2\/types\/product"}],"replies":[{"embeddable":true,"href":"https:\/\/demoweb.info\/sexshop001\/wp-json\/wp\/v2\/comments?post=62402"}],"wp:featuredmedia":[{"embeddable":true,"href":"https:\/\/demoweb.info\/sexshop001\/wp-json\/wp\/v2\/media\/62403"}],"wp:attachment":[{"href":"https:\/\/demoweb.info\/sexshop001\/wp-json\/wp\/v2\/media?parent=62402"}],"wp:term":[{"taxonomy":"product_cat","embeddable":true,"href":"https:\/\/demoweb.info\/sexshop001\/wp-json\/wp\/v2\/product_cat?post=62402"},{"taxonomy":"product_tag","embeddable":true,"href":"https:\/\/demoweb.info\/sexshop001\/wp-json\/wp\/v2\/product_tag?post=62402"}],"curies":[{"name":"wp","href":"https:\/\/api.w.org\/{rel}","templated":true}]}}