{"id":62384,"date":"2022-01-22T18:25:32","date_gmt":"2022-01-22T17:25:32","guid":{"rendered":"https:\/\/demoweb.info\/sexshop001\/producto\/main-squeeze-sophie-dee-masturbador-vagina\/"},"modified":"2022-01-22T18:25:53","modified_gmt":"2022-01-22T17:25:53","slug":"main-squeeze-sophie-dee-masturbador-vagina","status":"publish","type":"product","link":"https:\/\/demoweb.info\/sexshop001\/producto\/main-squeeze-sophie-dee-masturbador-vagina\/","title":{"rendered":"MAIN SQUEEZE SOPHIE DEE MASTURBADOR VAGINA"},"content":{"rendered":"<p><strong>MAIN SQUEEZE SOPHIE DEE<\/strong><\/p>\n<p><em>Ella siempre est\u00e1 a tu alcance. <\/em><\/p>\n<p>La l\u00ednea de masturbadores con estuche r\u00edgido de Doc Johnson&#39;s Main Squeeze, protagonizada por los moldes de las estrellas porno m\u00e1s populares, est\u00e1 dise\u00f1ada para poner el poder en tus manos, con un agarre que te permite variar la tensi\u00f3n de cada golpe y un ajuste de succi\u00f3n tapa final.<\/p>\n<p>Moldeado directamente del cuerpo de la belleza galesa Sophie Dee, este stroker ULTRASKYN se ve y se siente como meterse en si te introdujeras en su cuerpo perfecto.<\/p>\n<p>Cada funda ULTRASKYN presenta un interior texturizado diferente, lo que hace que tu experiencia sea tan \u00fanica como cada una de nuestras sexys chicas Main Squeeze.<\/p>\n<p>El dise\u00f1o r\u00edgido de doble tapa se dobla como un discreto estuche de viaje y almacenamiento, manteniendo su Main Squeeze fresco y listo para cuando el estado de \u00e1nimo golpee.<\/p>\n<p>Caracter\u00edsticas:<\/p>\n<ul>\n<li>Masturbador ULTRASKYN \u2122 texturado con estuche externo r\u00edgido<\/li>\n<li>Moldeado directamente de Sophie Dee<\/li>\n<li>La placa de compresi\u00f3n permite al usuario controlar la presi\u00f3n<\/li>\n<li>La tapa del extremo crea una succi\u00f3n intensa<\/li>\n<li>Giros de la base para ajustar la fuerza de la succi\u00f3n<\/li>\n<li>Se desmonta completamente para su limpieza<\/li>\n<li>Incluye instrucciones completas de uso y cuidado<\/li>\n<li>Medidas: 20,32 x 7,62 cm<\/li>\n<\/ul>\n","protected":false},"excerpt":{"rendered":"<p>MAIN SQUEEZE SOPHIE DEE Ella siempre est\u00e1 a tu alcance. La l\u00ednea de masturbadores con estuche r\u00edgido de Doc Johnson&#39;s<\/p>\n","protected":false},"featured_media":62385,"comment_status":"open","ping_status":"open","template":"","meta":[],"product_cat":[541],"product_tag":[460,652],"class_list":["post-62384","product","type-product","status-publish","has-post-thumbnail","hentry","product_cat-vaginas","product_tag-doc-johnson","product_tag-main-squeeze"],"bundled_by":[],"bundle_stock_status":"instock","bundle_stock_quantity":1,"bundle_virtual":false,"bundle_layout":"","bundle_add_to_cart_form_location":"","bundle_editable_in_cart":false,"bundle_sold_individually_context":"","bundle_item_grouping":"","bundle_min_size":"","bundle_max_size":"","bundled_items":[],"yoast_head":"<!-- This site is optimized with the Yoast SEO plugin v20.6 - https:\/\/yoast.com\/wordpress\/plugins\/seo\/ -->\n<title>MAIN SQUEEZE SOPHIE DEE MASTURBADOR VAGINA - Tienda Er\u00f3tica<\/title>\n<meta name=\"robots\" content=\"noindex, follow, max-snippet:-1, max-image-preview:large, max-video-preview:-1\" \/>\n<meta property=\"og:locale\" content=\"es_ES\" \/>\n<meta property=\"og:type\" content=\"article\" \/>\n<meta property=\"og:title\" content=\"MAIN SQUEEZE SOPHIE DEE MASTURBADOR VAGINA - Tienda Er\u00f3tica\" \/>\n<meta property=\"og:description\" content=\"MAIN SQUEEZE SOPHIE DEE Ella siempre est\u00e1 a tu alcance. La l\u00ednea de masturbadores con estuche r\u00edgido de Doc Johnson&#039;s\" \/>\n<meta property=\"og:url\" content=\"https:\/\/demoweb.info\/sexshop001\/producto\/main-squeeze-sophie-dee-masturbador-vagina\/\" \/>\n<meta property=\"og:site_name\" content=\"Tienda Er\u00f3tica\" \/>\n<meta property=\"article:modified_time\" content=\"2022-01-22T17:25:53+00:00\" \/>\n<meta property=\"og:image\" content=\"https:\/\/demoweb.info\/sexshop001\/wp-content\/uploads\/2022\/01\/MAIN-SQUEEZE-SOPHIE-DEE-MASTURBADOR-VAGINA.jpg\" \/>\n\t<meta property=\"og:image:width\" content=\"550\" \/>\n\t<meta property=\"og:image:height\" content=\"550\" \/>\n\t<meta property=\"og:image:type\" content=\"image\/jpeg\" \/>\n<meta name=\"twitter:card\" content=\"summary_large_image\" \/>\n<meta name=\"twitter:label1\" content=\"Tiempo de lectura\" \/>\n\t<meta name=\"twitter:data1\" content=\"1 minuto\" \/>\n<script type=\"application\/ld+json\" class=\"yoast-schema-graph\">{\"@context\":\"https:\/\/schema.org\",\"@graph\":[{\"@type\":\"WebPage\",\"@id\":\"https:\/\/demoweb.info\/sexshop001\/producto\/main-squeeze-sophie-dee-masturbador-vagina\/\",\"url\":\"https:\/\/demoweb.info\/sexshop001\/producto\/main-squeeze-sophie-dee-masturbador-vagina\/\",\"name\":\"MAIN SQUEEZE SOPHIE DEE MASTURBADOR VAGINA - Tienda Er\u00f3tica\",\"isPartOf\":{\"@id\":\"https:\/\/demoweb.info\/sexshop001\/#website\"},\"datePublished\":\"2022-01-22T17:25:32+00:00\",\"dateModified\":\"2022-01-22T17:25:53+00:00\",\"breadcrumb\":{\"@id\":\"https:\/\/demoweb.info\/sexshop001\/producto\/main-squeeze-sophie-dee-masturbador-vagina\/#breadcrumb\"},\"inLanguage\":\"es\",\"potentialAction\":[{\"@type\":\"ReadAction\",\"target\":[\"https:\/\/demoweb.info\/sexshop001\/producto\/main-squeeze-sophie-dee-masturbador-vagina\/\"]}]},{\"@type\":\"BreadcrumbList\",\"@id\":\"https:\/\/demoweb.info\/sexshop001\/producto\/main-squeeze-sophie-dee-masturbador-vagina\/#breadcrumb\",\"itemListElement\":[{\"@type\":\"ListItem\",\"position\":1,\"name\":\"Portada\",\"item\":\"https:\/\/demoweb.info\/sexshop001\/\"},{\"@type\":\"ListItem\",\"position\":2,\"name\":\"Tienda\",\"item\":\"https:\/\/demoweb.info\/sexshop001\/tienda\/\"},{\"@type\":\"ListItem\",\"position\":3,\"name\":\"MAIN SQUEEZE SOPHIE DEE MASTURBADOR VAGINA\"}]},{\"@type\":\"WebSite\",\"@id\":\"https:\/\/demoweb.info\/sexshop001\/#website\",\"url\":\"https:\/\/demoweb.info\/sexshop001\/\",\"name\":\"Tienda Er\u00f3tica\",\"description\":\"DEMOWEB SL\",\"potentialAction\":[{\"@type\":\"SearchAction\",\"target\":{\"@type\":\"EntryPoint\",\"urlTemplate\":\"https:\/\/demoweb.info\/sexshop001\/?s={search_term_string}\"},\"query-input\":\"required name=search_term_string\"}],\"inLanguage\":\"es\"}]}<\/script>\n<!-- \/ Yoast SEO plugin. -->","yoast_head_json":{"title":"MAIN SQUEEZE SOPHIE DEE MASTURBADOR VAGINA - Tienda Er\u00f3tica","robots":{"index":"noindex","follow":"follow","max-snippet":"max-snippet:-1","max-image-preview":"max-image-preview:large","max-video-preview":"max-video-preview:-1"},"og_locale":"es_ES","og_type":"article","og_title":"MAIN SQUEEZE SOPHIE DEE MASTURBADOR VAGINA - Tienda Er\u00f3tica","og_description":"MAIN SQUEEZE SOPHIE DEE Ella siempre est\u00e1 a tu alcance. La l\u00ednea de masturbadores con estuche r\u00edgido de Doc Johnson&#39;s","og_url":"https:\/\/demoweb.info\/sexshop001\/producto\/main-squeeze-sophie-dee-masturbador-vagina\/","og_site_name":"Tienda Er\u00f3tica","article_modified_time":"2022-01-22T17:25:53+00:00","og_image":[{"width":550,"height":550,"url":"https:\/\/demoweb.info\/sexshop001\/wp-content\/uploads\/2022\/01\/MAIN-SQUEEZE-SOPHIE-DEE-MASTURBADOR-VAGINA.jpg","type":"image\/jpeg"}],"twitter_card":"summary_large_image","twitter_misc":{"Tiempo de lectura":"1 minuto"},"schema":{"@context":"https:\/\/schema.org","@graph":[{"@type":"WebPage","@id":"https:\/\/demoweb.info\/sexshop001\/producto\/main-squeeze-sophie-dee-masturbador-vagina\/","url":"https:\/\/demoweb.info\/sexshop001\/producto\/main-squeeze-sophie-dee-masturbador-vagina\/","name":"MAIN SQUEEZE SOPHIE DEE MASTURBADOR VAGINA - Tienda Er\u00f3tica","isPartOf":{"@id":"https:\/\/demoweb.info\/sexshop001\/#website"},"datePublished":"2022-01-22T17:25:32+00:00","dateModified":"2022-01-22T17:25:53+00:00","breadcrumb":{"@id":"https:\/\/demoweb.info\/sexshop001\/producto\/main-squeeze-sophie-dee-masturbador-vagina\/#breadcrumb"},"inLanguage":"es","potentialAction":[{"@type":"ReadAction","target":["https:\/\/demoweb.info\/sexshop001\/producto\/main-squeeze-sophie-dee-masturbador-vagina\/"]}]},{"@type":"BreadcrumbList","@id":"https:\/\/demoweb.info\/sexshop001\/producto\/main-squeeze-sophie-dee-masturbador-vagina\/#breadcrumb","itemListElement":[{"@type":"ListItem","position":1,"name":"Portada","item":"https:\/\/demoweb.info\/sexshop001\/"},{"@type":"ListItem","position":2,"name":"Tienda","item":"https:\/\/demoweb.info\/sexshop001\/tienda\/"},{"@type":"ListItem","position":3,"name":"MAIN SQUEEZE SOPHIE DEE MASTURBADOR VAGINA"}]},{"@type":"WebSite","@id":"https:\/\/demoweb.info\/sexshop001\/#website","url":"https:\/\/demoweb.info\/sexshop001\/","name":"Tienda Er\u00f3tica","description":"DEMOWEB SL","potentialAction":[{"@type":"SearchAction","target":{"@type":"EntryPoint","urlTemplate":"https:\/\/demoweb.info\/sexshop001\/?s={search_term_string}"},"query-input":"required name=search_term_string"}],"inLanguage":"es"}]}},"_links":{"self":[{"href":"https:\/\/demoweb.info\/sexshop001\/wp-json\/wp\/v3\/product\/62384","targetHints":{"allow":["GET"]}}],"collection":[{"href":"https:\/\/demoweb.info\/sexshop001\/wp-json\/wp\/v3\/product"}],"about":[{"href":"https:\/\/demoweb.info\/sexshop001\/wp-json\/wp\/v2\/types\/product"}],"replies":[{"embeddable":true,"href":"https:\/\/demoweb.info\/sexshop001\/wp-json\/wp\/v2\/comments?post=62384"}],"wp:featuredmedia":[{"embeddable":true,"href":"https:\/\/demoweb.info\/sexshop001\/wp-json\/wp\/v2\/media\/62385"}],"wp:attachment":[{"href":"https:\/\/demoweb.info\/sexshop001\/wp-json\/wp\/v2\/media?parent=62384"}],"wp:term":[{"taxonomy":"product_cat","embeddable":true,"href":"https:\/\/demoweb.info\/sexshop001\/wp-json\/wp\/v2\/product_cat?post=62384"},{"taxonomy":"product_tag","embeddable":true,"href":"https:\/\/demoweb.info\/sexshop001\/wp-json\/wp\/v2\/product_tag?post=62384"}],"curies":[{"name":"wp","href":"https:\/\/api.w.org\/{rel}","templated":true}]}}