{"id":62257,"date":"2022-01-22T18:24:17","date_gmt":"2022-01-22T17:24:17","guid":{"rendered":"https:\/\/demoweb.info\/sexshop001\/producto\/kink-fuck-plug-de-silicona\/"},"modified":"2022-01-22T18:24:17","modified_gmt":"2022-01-22T17:24:17","slug":"kink-fuck-plug-de-silicona","status":"publish","type":"product","link":"https:\/\/demoweb.info\/sexshop001\/producto\/kink-fuck-plug-de-silicona\/","title":{"rendered":"KINK &#8211; FUCK PLUG DE SILICONA"},"content":{"rendered":"<p><strong>KINK &#8211; FUCK PLUG SECONDSKYN SILICONE<\/strong><\/p>\n<p>T\u00f3malo como quieras con el Fuck Plug de silicona Kink by Doc Johnson.<\/p>\n<p>Un lado sostiene un tap\u00f3n trasero texturado en silicona firme cl\u00e1sica, mientras que el otro cuenta con un eje de pene suave y satisfactorio en SecondSkyn de doble densidad, una silicona seductora, suave y flexible que cede a tu toque y moldes para satisfacer todas tus necesidades.<\/p>\n<p>El dise\u00f1o de doble extremo del Fuck Plug es excelente para sesiones en solitario o para preparar una penetraci\u00f3n m\u00e1s intensa e incluso para el juego simult\u00e1neo: inserta el enchufe en la puerta trasera de un jugador mientras otro monta el eje largo y suave para su satisfacci\u00f3n.<\/p>\n<p>Kink by Doc Johnson es una colaboraci\u00f3n emocionante con Kink.com para crear una colecci\u00f3n de elementos fetiches aut\u00e9nticos de alta calidad adecuados para practicantes a largo plazo y nuevos iniciados por igual.<\/p>\n<p>Medidas: <\/p>\n<ul>\n<li>Longitud total: 25,4 cm<\/li>\n<li>Longitud insertable: 15,24 cm<\/li>\n<li>Di\u00e1metro: 3,18 cm<\/li>\n<\/ul>\n","protected":false},"excerpt":{"rendered":"<p>KINK &#8211; FUCK PLUG SECONDSKYN SILICONE T\u00f3malo como quieras con el Fuck Plug de silicona Kink by Doc Johnson. Un<\/p>\n","protected":false},"featured_media":62258,"comment_status":"open","ping_status":"open","template":"","meta":[],"product_cat":[338],"product_tag":[460,1474],"class_list":["post-62257","product","type-product","status-publish","has-post-thumbnail","hentry","product_cat-silicona-plugs","product_tag-doc-johnson","product_tag-kink"],"bundled_by":[],"bundle_stock_status":"instock","bundle_stock_quantity":1,"bundle_virtual":false,"bundle_layout":"","bundle_add_to_cart_form_location":"","bundle_editable_in_cart":false,"bundle_sold_individually_context":"","bundle_item_grouping":"","bundle_min_size":"","bundle_max_size":"","bundled_items":[],"yoast_head":"<!-- This site is optimized with the Yoast SEO plugin v20.6 - https:\/\/yoast.com\/wordpress\/plugins\/seo\/ -->\n<title>KINK - FUCK PLUG DE SILICONA - Tienda Er\u00f3tica<\/title>\n<meta name=\"robots\" content=\"noindex, follow, max-snippet:-1, max-image-preview:large, max-video-preview:-1\" \/>\n<meta property=\"og:locale\" content=\"es_ES\" \/>\n<meta property=\"og:type\" content=\"article\" \/>\n<meta property=\"og:title\" content=\"KINK - FUCK PLUG DE SILICONA - Tienda Er\u00f3tica\" \/>\n<meta property=\"og:description\" content=\"KINK &#8211; FUCK PLUG SECONDSKYN SILICONE T\u00f3malo como quieras con el Fuck Plug de silicona Kink by Doc Johnson. Un\" \/>\n<meta property=\"og:url\" content=\"https:\/\/demoweb.info\/sexshop001\/producto\/kink-fuck-plug-de-silicona\/\" \/>\n<meta property=\"og:site_name\" content=\"Tienda Er\u00f3tica\" \/>\n<meta property=\"og:image\" content=\"https:\/\/demoweb.info\/sexshop001\/wp-content\/uploads\/2022\/01\/KINK-FUCK-PLUG-DE-SILICONA.jpg\" \/>\n\t<meta property=\"og:image:width\" content=\"550\" \/>\n\t<meta property=\"og:image:height\" content=\"550\" \/>\n\t<meta property=\"og:image:type\" content=\"image\/jpeg\" \/>\n<meta name=\"twitter:card\" content=\"summary_large_image\" \/>\n<meta name=\"twitter:label1\" content=\"Tiempo de lectura\" \/>\n\t<meta name=\"twitter:data1\" content=\"1 minuto\" \/>\n<script type=\"application\/ld+json\" class=\"yoast-schema-graph\">{\"@context\":\"https:\/\/schema.org\",\"@graph\":[{\"@type\":\"WebPage\",\"@id\":\"https:\/\/demoweb.info\/sexshop001\/producto\/kink-fuck-plug-de-silicona\/\",\"url\":\"https:\/\/demoweb.info\/sexshop001\/producto\/kink-fuck-plug-de-silicona\/\",\"name\":\"KINK - FUCK PLUG DE SILICONA - Tienda Er\u00f3tica\",\"isPartOf\":{\"@id\":\"https:\/\/demoweb.info\/sexshop001\/#website\"},\"datePublished\":\"2022-01-22T17:24:17+00:00\",\"dateModified\":\"2022-01-22T17:24:17+00:00\",\"breadcrumb\":{\"@id\":\"https:\/\/demoweb.info\/sexshop001\/producto\/kink-fuck-plug-de-silicona\/#breadcrumb\"},\"inLanguage\":\"es\",\"potentialAction\":[{\"@type\":\"ReadAction\",\"target\":[\"https:\/\/demoweb.info\/sexshop001\/producto\/kink-fuck-plug-de-silicona\/\"]}]},{\"@type\":\"BreadcrumbList\",\"@id\":\"https:\/\/demoweb.info\/sexshop001\/producto\/kink-fuck-plug-de-silicona\/#breadcrumb\",\"itemListElement\":[{\"@type\":\"ListItem\",\"position\":1,\"name\":\"Portada\",\"item\":\"https:\/\/demoweb.info\/sexshop001\/\"},{\"@type\":\"ListItem\",\"position\":2,\"name\":\"Tienda\",\"item\":\"https:\/\/demoweb.info\/sexshop001\/tienda\/\"},{\"@type\":\"ListItem\",\"position\":3,\"name\":\"KINK &#8211; FUCK PLUG DE SILICONA\"}]},{\"@type\":\"WebSite\",\"@id\":\"https:\/\/demoweb.info\/sexshop001\/#website\",\"url\":\"https:\/\/demoweb.info\/sexshop001\/\",\"name\":\"Tienda Er\u00f3tica\",\"description\":\"DEMOWEB SL\",\"potentialAction\":[{\"@type\":\"SearchAction\",\"target\":{\"@type\":\"EntryPoint\",\"urlTemplate\":\"https:\/\/demoweb.info\/sexshop001\/?s={search_term_string}\"},\"query-input\":\"required name=search_term_string\"}],\"inLanguage\":\"es\"}]}<\/script>\n<!-- \/ Yoast SEO plugin. -->","yoast_head_json":{"title":"KINK - FUCK PLUG DE SILICONA - Tienda Er\u00f3tica","robots":{"index":"noindex","follow":"follow","max-snippet":"max-snippet:-1","max-image-preview":"max-image-preview:large","max-video-preview":"max-video-preview:-1"},"og_locale":"es_ES","og_type":"article","og_title":"KINK - FUCK PLUG DE SILICONA - Tienda Er\u00f3tica","og_description":"KINK &#8211; FUCK PLUG SECONDSKYN SILICONE T\u00f3malo como quieras con el Fuck Plug de silicona Kink by Doc Johnson. Un","og_url":"https:\/\/demoweb.info\/sexshop001\/producto\/kink-fuck-plug-de-silicona\/","og_site_name":"Tienda Er\u00f3tica","og_image":[{"width":550,"height":550,"url":"https:\/\/demoweb.info\/sexshop001\/wp-content\/uploads\/2022\/01\/KINK-FUCK-PLUG-DE-SILICONA.jpg","type":"image\/jpeg"}],"twitter_card":"summary_large_image","twitter_misc":{"Tiempo de lectura":"1 minuto"},"schema":{"@context":"https:\/\/schema.org","@graph":[{"@type":"WebPage","@id":"https:\/\/demoweb.info\/sexshop001\/producto\/kink-fuck-plug-de-silicona\/","url":"https:\/\/demoweb.info\/sexshop001\/producto\/kink-fuck-plug-de-silicona\/","name":"KINK - FUCK PLUG DE SILICONA - Tienda Er\u00f3tica","isPartOf":{"@id":"https:\/\/demoweb.info\/sexshop001\/#website"},"datePublished":"2022-01-22T17:24:17+00:00","dateModified":"2022-01-22T17:24:17+00:00","breadcrumb":{"@id":"https:\/\/demoweb.info\/sexshop001\/producto\/kink-fuck-plug-de-silicona\/#breadcrumb"},"inLanguage":"es","potentialAction":[{"@type":"ReadAction","target":["https:\/\/demoweb.info\/sexshop001\/producto\/kink-fuck-plug-de-silicona\/"]}]},{"@type":"BreadcrumbList","@id":"https:\/\/demoweb.info\/sexshop001\/producto\/kink-fuck-plug-de-silicona\/#breadcrumb","itemListElement":[{"@type":"ListItem","position":1,"name":"Portada","item":"https:\/\/demoweb.info\/sexshop001\/"},{"@type":"ListItem","position":2,"name":"Tienda","item":"https:\/\/demoweb.info\/sexshop001\/tienda\/"},{"@type":"ListItem","position":3,"name":"KINK &#8211; FUCK PLUG DE SILICONA"}]},{"@type":"WebSite","@id":"https:\/\/demoweb.info\/sexshop001\/#website","url":"https:\/\/demoweb.info\/sexshop001\/","name":"Tienda Er\u00f3tica","description":"DEMOWEB SL","potentialAction":[{"@type":"SearchAction","target":{"@type":"EntryPoint","urlTemplate":"https:\/\/demoweb.info\/sexshop001\/?s={search_term_string}"},"query-input":"required name=search_term_string"}],"inLanguage":"es"}]}},"_links":{"self":[{"href":"https:\/\/demoweb.info\/sexshop001\/wp-json\/wp\/v3\/product\/62257","targetHints":{"allow":["GET"]}}],"collection":[{"href":"https:\/\/demoweb.info\/sexshop001\/wp-json\/wp\/v3\/product"}],"about":[{"href":"https:\/\/demoweb.info\/sexshop001\/wp-json\/wp\/v2\/types\/product"}],"replies":[{"embeddable":true,"href":"https:\/\/demoweb.info\/sexshop001\/wp-json\/wp\/v2\/comments?post=62257"}],"wp:featuredmedia":[{"embeddable":true,"href":"https:\/\/demoweb.info\/sexshop001\/wp-json\/wp\/v2\/media\/62258"}],"wp:attachment":[{"href":"https:\/\/demoweb.info\/sexshop001\/wp-json\/wp\/v2\/media?parent=62257"}],"wp:term":[{"taxonomy":"product_cat","embeddable":true,"href":"https:\/\/demoweb.info\/sexshop001\/wp-json\/wp\/v2\/product_cat?post=62257"},{"taxonomy":"product_tag","embeddable":true,"href":"https:\/\/demoweb.info\/sexshop001\/wp-json\/wp\/v2\/product_tag?post=62257"}],"curies":[{"name":"wp","href":"https:\/\/api.w.org\/{rel}","templated":true}]}}