{"id":62234,"date":"2022-01-22T18:23:56","date_gmt":"2022-01-22T17:23:56","guid":{"rendered":"https:\/\/demoweb.info\/sexshop001\/producto\/sugar-stick-vibrador-morado\/"},"modified":"2022-01-22T18:23:58","modified_gmt":"2022-01-22T17:23:58","slug":"sugar-stick-vibrador-morado","status":"publish","type":"product","link":"https:\/\/demoweb.info\/sexshop001\/producto\/sugar-stick-vibrador-morado\/","title":{"rendered":"SUGAR STICK VIBRADOR &#8211; MORADO"},"content":{"rendered":"<p><strong>SUGAR STICK <\/strong><\/p>\n<p>Como parte de la colecci\u00f3n Sweet Spot, the Rock Candy\u00ae Sugar Stick\u00ae es un vibrador \u00fanico en su clase que proporcionar\u00e1 un nivel alto de az\u00facar durante toda la noche.<\/p>\n<p>Este delicioso dise\u00f1o presenta una forma de bola de az\u00facar que se\u00f1ala vibraciones magnificadas a cualquier punto dulce er\u00f3geno. Las poderosas vibraciones se canalizan a trav\u00e9s del mango de la varita y hacia la bola, dando como resultado un efecto de micro bamboleo excitante.<\/p>\n<p>Con 5 funciones, que incluyen tres velocidades y dos patrones de tease-and-please. La varita se usa sin esfuerzo con un control de bot\u00f3n y una forma ergon\u00f3mica.<\/p>\n<p>El material firme y no poroso es seguro, higi\u00e9nico y suave al tacto. Con un dise\u00f1o compacto y resistente al agua, podr\u00e1s disfrutar de este suculente juguete en cualquier momento..<\/p>\n<p>Caracter\u00edsticas:<\/p>\n<ul>\n<li>Dimensiones del producto: 14.2 x 1.8 cm<\/li>\n<li>Di\u00e1metro del producto:6.4 cm<\/li>\n<li>Longitud insertable: 7.6 cm<\/li>\n<li>Tipos de velocidad: 3<\/li>\n<li>Se requieren bater\u00edas: 1<\/li>\n<li>Tipo de bater\u00edas: AAA<\/li>\n<li>Bater\u00edas incluidas:No<\/li>\n<li>A prueba de salpicaduras: S\u00ed<\/li>\n<li>Materiales: Pl\u00e1stico ABS<\/li>\n<\/ul>\n","protected":false},"excerpt":{"rendered":"<p>SUGAR STICK Como parte de la colecci\u00f3n Sweet Spot, the Rock Candy\u00ae Sugar Stick\u00ae es un vibrador \u00fanico en su<\/p>\n","protected":false},"featured_media":62235,"comment_status":"open","ping_status":"open","template":"","meta":[],"product_cat":[639],"product_tag":[1610],"class_list":["post-62234","product","type-product","status-publish","has-post-thumbnail","hentry","product_cat-punto-g","product_tag-rock-candy"],"bundled_by":[],"bundle_stock_status":"instock","bundle_stock_quantity":1,"bundle_virtual":false,"bundle_layout":"","bundle_add_to_cart_form_location":"","bundle_editable_in_cart":false,"bundle_sold_individually_context":"","bundle_item_grouping":"","bundle_min_size":"","bundle_max_size":"","bundled_items":[],"yoast_head":"<!-- This site is optimized with the Yoast SEO plugin v20.6 - https:\/\/yoast.com\/wordpress\/plugins\/seo\/ -->\n<title>SUGAR STICK VIBRADOR - MORADO - Tienda Er\u00f3tica<\/title>\n<meta name=\"robots\" content=\"noindex, follow, max-snippet:-1, max-image-preview:large, max-video-preview:-1\" \/>\n<meta property=\"og:locale\" content=\"es_ES\" \/>\n<meta property=\"og:type\" content=\"article\" \/>\n<meta property=\"og:title\" content=\"SUGAR STICK VIBRADOR - MORADO - Tienda Er\u00f3tica\" \/>\n<meta property=\"og:description\" content=\"SUGAR STICK Como parte de la colecci\u00f3n Sweet Spot, the Rock Candy\u00ae Sugar Stick\u00ae es un vibrador \u00fanico en su\" \/>\n<meta property=\"og:url\" content=\"https:\/\/demoweb.info\/sexshop001\/producto\/sugar-stick-vibrador-morado\/\" \/>\n<meta property=\"og:site_name\" content=\"Tienda Er\u00f3tica\" \/>\n<meta property=\"article:modified_time\" content=\"2022-01-22T17:23:58+00:00\" \/>\n<meta property=\"og:image\" content=\"https:\/\/demoweb.info\/sexshop001\/wp-content\/uploads\/2022\/01\/SUGAR-STICK-VIBRADOR-MORADO.jpg\" \/>\n\t<meta property=\"og:image:width\" content=\"550\" \/>\n\t<meta property=\"og:image:height\" content=\"550\" \/>\n\t<meta property=\"og:image:type\" content=\"image\/jpeg\" \/>\n<meta name=\"twitter:card\" content=\"summary_large_image\" \/>\n<meta name=\"twitter:label1\" content=\"Tiempo de lectura\" \/>\n\t<meta name=\"twitter:data1\" content=\"1 minuto\" \/>\n<script type=\"application\/ld+json\" class=\"yoast-schema-graph\">{\"@context\":\"https:\/\/schema.org\",\"@graph\":[{\"@type\":\"WebPage\",\"@id\":\"https:\/\/demoweb.info\/sexshop001\/producto\/sugar-stick-vibrador-morado\/\",\"url\":\"https:\/\/demoweb.info\/sexshop001\/producto\/sugar-stick-vibrador-morado\/\",\"name\":\"SUGAR STICK VIBRADOR - MORADO - Tienda Er\u00f3tica\",\"isPartOf\":{\"@id\":\"https:\/\/demoweb.info\/sexshop001\/#website\"},\"datePublished\":\"2022-01-22T17:23:56+00:00\",\"dateModified\":\"2022-01-22T17:23:58+00:00\",\"breadcrumb\":{\"@id\":\"https:\/\/demoweb.info\/sexshop001\/producto\/sugar-stick-vibrador-morado\/#breadcrumb\"},\"inLanguage\":\"es\",\"potentialAction\":[{\"@type\":\"ReadAction\",\"target\":[\"https:\/\/demoweb.info\/sexshop001\/producto\/sugar-stick-vibrador-morado\/\"]}]},{\"@type\":\"BreadcrumbList\",\"@id\":\"https:\/\/demoweb.info\/sexshop001\/producto\/sugar-stick-vibrador-morado\/#breadcrumb\",\"itemListElement\":[{\"@type\":\"ListItem\",\"position\":1,\"name\":\"Portada\",\"item\":\"https:\/\/demoweb.info\/sexshop001\/\"},{\"@type\":\"ListItem\",\"position\":2,\"name\":\"Tienda\",\"item\":\"https:\/\/demoweb.info\/sexshop001\/tienda\/\"},{\"@type\":\"ListItem\",\"position\":3,\"name\":\"SUGAR STICK VIBRADOR &#8211; MORADO\"}]},{\"@type\":\"WebSite\",\"@id\":\"https:\/\/demoweb.info\/sexshop001\/#website\",\"url\":\"https:\/\/demoweb.info\/sexshop001\/\",\"name\":\"Tienda Er\u00f3tica\",\"description\":\"DEMOWEB SL\",\"potentialAction\":[{\"@type\":\"SearchAction\",\"target\":{\"@type\":\"EntryPoint\",\"urlTemplate\":\"https:\/\/demoweb.info\/sexshop001\/?s={search_term_string}\"},\"query-input\":\"required name=search_term_string\"}],\"inLanguage\":\"es\"}]}<\/script>\n<!-- \/ Yoast SEO plugin. -->","yoast_head_json":{"title":"SUGAR STICK VIBRADOR - MORADO - Tienda Er\u00f3tica","robots":{"index":"noindex","follow":"follow","max-snippet":"max-snippet:-1","max-image-preview":"max-image-preview:large","max-video-preview":"max-video-preview:-1"},"og_locale":"es_ES","og_type":"article","og_title":"SUGAR STICK VIBRADOR - MORADO - Tienda Er\u00f3tica","og_description":"SUGAR STICK Como parte de la colecci\u00f3n Sweet Spot, the Rock Candy\u00ae Sugar Stick\u00ae es un vibrador \u00fanico en su","og_url":"https:\/\/demoweb.info\/sexshop001\/producto\/sugar-stick-vibrador-morado\/","og_site_name":"Tienda Er\u00f3tica","article_modified_time":"2022-01-22T17:23:58+00:00","og_image":[{"width":550,"height":550,"url":"https:\/\/demoweb.info\/sexshop001\/wp-content\/uploads\/2022\/01\/SUGAR-STICK-VIBRADOR-MORADO.jpg","type":"image\/jpeg"}],"twitter_card":"summary_large_image","twitter_misc":{"Tiempo de lectura":"1 minuto"},"schema":{"@context":"https:\/\/schema.org","@graph":[{"@type":"WebPage","@id":"https:\/\/demoweb.info\/sexshop001\/producto\/sugar-stick-vibrador-morado\/","url":"https:\/\/demoweb.info\/sexshop001\/producto\/sugar-stick-vibrador-morado\/","name":"SUGAR STICK VIBRADOR - MORADO - Tienda Er\u00f3tica","isPartOf":{"@id":"https:\/\/demoweb.info\/sexshop001\/#website"},"datePublished":"2022-01-22T17:23:56+00:00","dateModified":"2022-01-22T17:23:58+00:00","breadcrumb":{"@id":"https:\/\/demoweb.info\/sexshop001\/producto\/sugar-stick-vibrador-morado\/#breadcrumb"},"inLanguage":"es","potentialAction":[{"@type":"ReadAction","target":["https:\/\/demoweb.info\/sexshop001\/producto\/sugar-stick-vibrador-morado\/"]}]},{"@type":"BreadcrumbList","@id":"https:\/\/demoweb.info\/sexshop001\/producto\/sugar-stick-vibrador-morado\/#breadcrumb","itemListElement":[{"@type":"ListItem","position":1,"name":"Portada","item":"https:\/\/demoweb.info\/sexshop001\/"},{"@type":"ListItem","position":2,"name":"Tienda","item":"https:\/\/demoweb.info\/sexshop001\/tienda\/"},{"@type":"ListItem","position":3,"name":"SUGAR STICK VIBRADOR &#8211; MORADO"}]},{"@type":"WebSite","@id":"https:\/\/demoweb.info\/sexshop001\/#website","url":"https:\/\/demoweb.info\/sexshop001\/","name":"Tienda Er\u00f3tica","description":"DEMOWEB SL","potentialAction":[{"@type":"SearchAction","target":{"@type":"EntryPoint","urlTemplate":"https:\/\/demoweb.info\/sexshop001\/?s={search_term_string}"},"query-input":"required name=search_term_string"}],"inLanguage":"es"}]}},"_links":{"self":[{"href":"https:\/\/demoweb.info\/sexshop001\/wp-json\/wp\/v3\/product\/62234","targetHints":{"allow":["GET"]}}],"collection":[{"href":"https:\/\/demoweb.info\/sexshop001\/wp-json\/wp\/v3\/product"}],"about":[{"href":"https:\/\/demoweb.info\/sexshop001\/wp-json\/wp\/v2\/types\/product"}],"replies":[{"embeddable":true,"href":"https:\/\/demoweb.info\/sexshop001\/wp-json\/wp\/v2\/comments?post=62234"}],"wp:featuredmedia":[{"embeddable":true,"href":"https:\/\/demoweb.info\/sexshop001\/wp-json\/wp\/v2\/media\/62235"}],"wp:attachment":[{"href":"https:\/\/demoweb.info\/sexshop001\/wp-json\/wp\/v2\/media?parent=62234"}],"wp:term":[{"taxonomy":"product_cat","embeddable":true,"href":"https:\/\/demoweb.info\/sexshop001\/wp-json\/wp\/v2\/product_cat?post=62234"},{"taxonomy":"product_tag","embeddable":true,"href":"https:\/\/demoweb.info\/sexshop001\/wp-json\/wp\/v2\/product_tag?post=62234"}],"curies":[{"name":"wp","href":"https:\/\/api.w.org\/{rel}","templated":true}]}}