{"id":62226,"date":"2022-01-22T18:23:45","date_gmt":"2022-01-22T17:23:45","guid":{"rendered":"https:\/\/demoweb.info\/sexshop001\/producto\/rock-it-display-anillo-vibrador-desechable-24uds-surtidos\/"},"modified":"2022-01-22T18:23:52","modified_gmt":"2022-01-22T17:23:52","slug":"rock-it-display-anillo-vibrador-desechable-24uds-surtidos","status":"publish","type":"product","link":"https:\/\/demoweb.info\/sexshop001\/producto\/rock-it-display-anillo-vibrador-desechable-24uds-surtidos\/","title":{"rendered":"ROCK IT DISPLAY ANILLO VIBRADOR DESECHABLE &#8211; 24UDS SURTIDOS"},"content":{"rendered":"<p><strong>ROCK IT RING &#8211; ASSORTED (24 PACK)<\/strong><\/p>\n<p>El vibrante Rock Candy\u00ae Rock IT Ring\u00ae est\u00e1 dise\u00f1ado para volar en una dulce estratosfera de placer.<\/p>\n<p>El motor Rock IT Ring es la m\u00e1s reciernte evoluci\u00f3n de los anillos de pene vibrantes desechables con m\u00e1s de 13,000 RPM, mostrando una vida \u00fatil prolongada de la bater\u00eda de m\u00e1s de 50 minutos y una carcasa de motor de canalizaci\u00f3n de vibraci\u00f3n \u00fanica.<\/p>\n<p>El dise\u00f1o peque\u00f1o pero poderoso impulsa el poder a trav\u00e9s del esparcidor de cl\u00edtoris con textura de mano Rock-It de forma \u00fanica, y la almohadilla de coj\u00edn de empuje para el placer de la pareja. El interior ergo-fit abraza c\u00f3modamente el eje para prolongar la resistencia durante las relaciones sexuales.<\/p>\n<p>Caracter\u00edsticas:<\/p>\n<ul>\n<li><strong>DISPLAY DE 24 UDS &#8211; COLORES SURTIDOS<\/strong><\/li>\n<li>Medidas: 5.5 x 4.2 cm<\/li>\n<li>Di\u00e1metro: 5,1 cm<\/li>\n<li>Material: TPR<\/li>\n<li>Pilas incluidas<\/li>\n<\/ul>\n","protected":false},"excerpt":{"rendered":"<p>ROCK IT RING &#8211; ASSORTED (24 PACK) El vibrante Rock Candy\u00ae Rock IT Ring\u00ae est\u00e1 dise\u00f1ado para volar en una<\/p>\n","protected":false},"featured_media":62227,"comment_status":"open","ping_status":"open","template":"","meta":[],"product_cat":[438],"product_tag":[1610],"class_list":["post-62226","product","type-product","status-publish","has-post-thumbnail","hentry","product_cat-con-vibrador-anillos","product_tag-rock-candy"],"bundled_by":[],"bundle_stock_status":"instock","bundle_stock_quantity":1,"bundle_virtual":false,"bundle_layout":"","bundle_add_to_cart_form_location":"","bundle_editable_in_cart":false,"bundle_sold_individually_context":"","bundle_item_grouping":"","bundle_min_size":"","bundle_max_size":"","bundled_items":[],"yoast_head":"<!-- This site is optimized with the Yoast SEO plugin v20.6 - https:\/\/yoast.com\/wordpress\/plugins\/seo\/ -->\n<title>ROCK IT DISPLAY ANILLO VIBRADOR DESECHABLE - 24UDS SURTIDOS - Tienda Er\u00f3tica<\/title>\n<meta name=\"robots\" content=\"noindex, follow, max-snippet:-1, max-image-preview:large, max-video-preview:-1\" \/>\n<meta property=\"og:locale\" content=\"es_ES\" \/>\n<meta property=\"og:type\" content=\"article\" \/>\n<meta property=\"og:title\" content=\"ROCK IT DISPLAY ANILLO VIBRADOR DESECHABLE - 24UDS SURTIDOS - Tienda Er\u00f3tica\" \/>\n<meta property=\"og:description\" content=\"ROCK IT RING &#8211; ASSORTED (24 PACK) El vibrante Rock Candy\u00ae Rock IT Ring\u00ae est\u00e1 dise\u00f1ado para volar en una\" \/>\n<meta property=\"og:url\" content=\"https:\/\/demoweb.info\/sexshop001\/producto\/rock-it-display-anillo-vibrador-desechable-24uds-surtidos\/\" \/>\n<meta property=\"og:site_name\" content=\"Tienda Er\u00f3tica\" \/>\n<meta property=\"article:modified_time\" content=\"2022-01-22T17:23:52+00:00\" \/>\n<meta property=\"og:image\" content=\"https:\/\/demoweb.info\/sexshop001\/wp-content\/uploads\/2022\/01\/ROCK-IT-DISPLAY-ANILLO-VIBRADOR-DESECHABLE-24UDS-SURTIDOS.jpg\" \/>\n\t<meta property=\"og:image:width\" content=\"550\" \/>\n\t<meta property=\"og:image:height\" content=\"550\" \/>\n\t<meta property=\"og:image:type\" content=\"image\/jpeg\" \/>\n<meta name=\"twitter:card\" content=\"summary_large_image\" \/>\n<meta name=\"twitter:label1\" content=\"Tiempo de lectura\" \/>\n\t<meta name=\"twitter:data1\" content=\"1 minuto\" \/>\n<script type=\"application\/ld+json\" class=\"yoast-schema-graph\">{\"@context\":\"https:\/\/schema.org\",\"@graph\":[{\"@type\":\"WebPage\",\"@id\":\"https:\/\/demoweb.info\/sexshop001\/producto\/rock-it-display-anillo-vibrador-desechable-24uds-surtidos\/\",\"url\":\"https:\/\/demoweb.info\/sexshop001\/producto\/rock-it-display-anillo-vibrador-desechable-24uds-surtidos\/\",\"name\":\"ROCK IT DISPLAY ANILLO VIBRADOR DESECHABLE - 24UDS SURTIDOS - Tienda Er\u00f3tica\",\"isPartOf\":{\"@id\":\"https:\/\/demoweb.info\/sexshop001\/#website\"},\"datePublished\":\"2022-01-22T17:23:45+00:00\",\"dateModified\":\"2022-01-22T17:23:52+00:00\",\"breadcrumb\":{\"@id\":\"https:\/\/demoweb.info\/sexshop001\/producto\/rock-it-display-anillo-vibrador-desechable-24uds-surtidos\/#breadcrumb\"},\"inLanguage\":\"es\",\"potentialAction\":[{\"@type\":\"ReadAction\",\"target\":[\"https:\/\/demoweb.info\/sexshop001\/producto\/rock-it-display-anillo-vibrador-desechable-24uds-surtidos\/\"]}]},{\"@type\":\"BreadcrumbList\",\"@id\":\"https:\/\/demoweb.info\/sexshop001\/producto\/rock-it-display-anillo-vibrador-desechable-24uds-surtidos\/#breadcrumb\",\"itemListElement\":[{\"@type\":\"ListItem\",\"position\":1,\"name\":\"Portada\",\"item\":\"https:\/\/demoweb.info\/sexshop001\/\"},{\"@type\":\"ListItem\",\"position\":2,\"name\":\"Tienda\",\"item\":\"https:\/\/demoweb.info\/sexshop001\/tienda\/\"},{\"@type\":\"ListItem\",\"position\":3,\"name\":\"ROCK IT DISPLAY ANILLO VIBRADOR DESECHABLE &#8211; 24UDS SURTIDOS\"}]},{\"@type\":\"WebSite\",\"@id\":\"https:\/\/demoweb.info\/sexshop001\/#website\",\"url\":\"https:\/\/demoweb.info\/sexshop001\/\",\"name\":\"Tienda Er\u00f3tica\",\"description\":\"DEMOWEB SL\",\"potentialAction\":[{\"@type\":\"SearchAction\",\"target\":{\"@type\":\"EntryPoint\",\"urlTemplate\":\"https:\/\/demoweb.info\/sexshop001\/?s={search_term_string}\"},\"query-input\":\"required name=search_term_string\"}],\"inLanguage\":\"es\"}]}<\/script>\n<!-- \/ Yoast SEO plugin. -->","yoast_head_json":{"title":"ROCK IT DISPLAY ANILLO VIBRADOR DESECHABLE - 24UDS SURTIDOS - Tienda Er\u00f3tica","robots":{"index":"noindex","follow":"follow","max-snippet":"max-snippet:-1","max-image-preview":"max-image-preview:large","max-video-preview":"max-video-preview:-1"},"og_locale":"es_ES","og_type":"article","og_title":"ROCK IT DISPLAY ANILLO VIBRADOR DESECHABLE - 24UDS SURTIDOS - Tienda Er\u00f3tica","og_description":"ROCK IT RING &#8211; ASSORTED (24 PACK) El vibrante Rock Candy\u00ae Rock IT Ring\u00ae est\u00e1 dise\u00f1ado para volar en una","og_url":"https:\/\/demoweb.info\/sexshop001\/producto\/rock-it-display-anillo-vibrador-desechable-24uds-surtidos\/","og_site_name":"Tienda Er\u00f3tica","article_modified_time":"2022-01-22T17:23:52+00:00","og_image":[{"width":550,"height":550,"url":"https:\/\/demoweb.info\/sexshop001\/wp-content\/uploads\/2022\/01\/ROCK-IT-DISPLAY-ANILLO-VIBRADOR-DESECHABLE-24UDS-SURTIDOS.jpg","type":"image\/jpeg"}],"twitter_card":"summary_large_image","twitter_misc":{"Tiempo de lectura":"1 minuto"},"schema":{"@context":"https:\/\/schema.org","@graph":[{"@type":"WebPage","@id":"https:\/\/demoweb.info\/sexshop001\/producto\/rock-it-display-anillo-vibrador-desechable-24uds-surtidos\/","url":"https:\/\/demoweb.info\/sexshop001\/producto\/rock-it-display-anillo-vibrador-desechable-24uds-surtidos\/","name":"ROCK IT DISPLAY ANILLO VIBRADOR DESECHABLE - 24UDS SURTIDOS - Tienda Er\u00f3tica","isPartOf":{"@id":"https:\/\/demoweb.info\/sexshop001\/#website"},"datePublished":"2022-01-22T17:23:45+00:00","dateModified":"2022-01-22T17:23:52+00:00","breadcrumb":{"@id":"https:\/\/demoweb.info\/sexshop001\/producto\/rock-it-display-anillo-vibrador-desechable-24uds-surtidos\/#breadcrumb"},"inLanguage":"es","potentialAction":[{"@type":"ReadAction","target":["https:\/\/demoweb.info\/sexshop001\/producto\/rock-it-display-anillo-vibrador-desechable-24uds-surtidos\/"]}]},{"@type":"BreadcrumbList","@id":"https:\/\/demoweb.info\/sexshop001\/producto\/rock-it-display-anillo-vibrador-desechable-24uds-surtidos\/#breadcrumb","itemListElement":[{"@type":"ListItem","position":1,"name":"Portada","item":"https:\/\/demoweb.info\/sexshop001\/"},{"@type":"ListItem","position":2,"name":"Tienda","item":"https:\/\/demoweb.info\/sexshop001\/tienda\/"},{"@type":"ListItem","position":3,"name":"ROCK IT DISPLAY ANILLO VIBRADOR DESECHABLE &#8211; 24UDS SURTIDOS"}]},{"@type":"WebSite","@id":"https:\/\/demoweb.info\/sexshop001\/#website","url":"https:\/\/demoweb.info\/sexshop001\/","name":"Tienda Er\u00f3tica","description":"DEMOWEB SL","potentialAction":[{"@type":"SearchAction","target":{"@type":"EntryPoint","urlTemplate":"https:\/\/demoweb.info\/sexshop001\/?s={search_term_string}"},"query-input":"required name=search_term_string"}],"inLanguage":"es"}]}},"_links":{"self":[{"href":"https:\/\/demoweb.info\/sexshop001\/wp-json\/wp\/v3\/product\/62226","targetHints":{"allow":["GET"]}}],"collection":[{"href":"https:\/\/demoweb.info\/sexshop001\/wp-json\/wp\/v3\/product"}],"about":[{"href":"https:\/\/demoweb.info\/sexshop001\/wp-json\/wp\/v2\/types\/product"}],"replies":[{"embeddable":true,"href":"https:\/\/demoweb.info\/sexshop001\/wp-json\/wp\/v2\/comments?post=62226"}],"wp:featuredmedia":[{"embeddable":true,"href":"https:\/\/demoweb.info\/sexshop001\/wp-json\/wp\/v2\/media\/62227"}],"wp:attachment":[{"href":"https:\/\/demoweb.info\/sexshop001\/wp-json\/wp\/v2\/media?parent=62226"}],"wp:term":[{"taxonomy":"product_cat","embeddable":true,"href":"https:\/\/demoweb.info\/sexshop001\/wp-json\/wp\/v2\/product_cat?post=62226"},{"taxonomy":"product_tag","embeddable":true,"href":"https:\/\/demoweb.info\/sexshop001\/wp-json\/wp\/v2\/product_tag?post=62226"}],"curies":[{"name":"wp","href":"https:\/\/api.w.org\/{rel}","templated":true}]}}