{"id":61758,"date":"2022-01-22T18:18:28","date_gmt":"2022-01-22T17:18:28","guid":{"rendered":"https:\/\/demoweb.info\/sexshop001\/producto\/silicone-bit-gag-nipple-clamps-black\/"},"modified":"2022-01-22T18:18:32","modified_gmt":"2022-01-22T17:18:32","slug":"silicone-bit-gag-nipple-clamps-black","status":"publish","type":"product","link":"https:\/\/demoweb.info\/sexshop001\/producto\/silicone-bit-gag-nipple-clamps-black\/","title":{"rendered":"SILICONE BIT GAG NIPPLE CLAMPS BLACK"},"content":{"rendered":"<p><strong>MINI MAGNETIC NIPPLE PINCHER 1 PIECE BRUSHED STEEL<\/strong><\/p>\n<p>Ideal para entrenar a tu poni, sumiso o esclavo, esta combinaci\u00f3n de mordazas y pinzas para pezones asegura que tu juguete se mantenga tranquilo, \u00a1incluso cuando le das placer doloroso a sus delicados pezones! Rellene la boca de silicona premium en su boca y aseg\u00farela con las correas suaves, ajustables y cosidas en rojo. La intensidad de este dispositivo tortuoso se eleva un poco con la adici\u00f3n de dos cadenas de conector en los anillos de metal que sujetan la mordaza. Cada uno termina en una pinza de pez\u00f3n de cocodrilo, que le permite ajustar la presi\u00f3n con tornillos de mariposa. Las puntas recubiertas de vinilo permiten un agarre c\u00f3modo y seguro.<\/p>\n","protected":false},"excerpt":{"rendered":"<p>MINI MAGNETIC NIPPLE PINCHER 1 PIECE BRUSHED STEEL Ideal para entrenar a tu poni, sumiso o esclavo, esta combinaci\u00f3n de<\/p>\n","protected":false},"featured_media":61759,"comment_status":"open","ping_status":"open","template":"","meta":[],"product_cat":[499],"product_tag":[779,274],"class_list":["post-61758","product","type-product","status-publish","has-post-thumbnail","hentry","product_cat-collares","product_tag-strict","product_tag-xr-brands"],"bundled_by":[],"bundle_stock_status":"instock","bundle_stock_quantity":1,"bundle_virtual":false,"bundle_layout":"","bundle_add_to_cart_form_location":"","bundle_editable_in_cart":false,"bundle_sold_individually_context":"","bundle_item_grouping":"","bundle_min_size":"","bundle_max_size":"","bundled_items":[],"yoast_head":"<!-- This site is optimized with the Yoast SEO plugin v20.6 - https:\/\/yoast.com\/wordpress\/plugins\/seo\/ -->\n<title>SILICONE BIT GAG NIPPLE CLAMPS BLACK - Tienda Er\u00f3tica<\/title>\n<meta name=\"robots\" content=\"noindex, follow, max-snippet:-1, max-image-preview:large, max-video-preview:-1\" \/>\n<meta property=\"og:locale\" content=\"es_ES\" \/>\n<meta property=\"og:type\" content=\"article\" \/>\n<meta property=\"og:title\" content=\"SILICONE BIT GAG NIPPLE CLAMPS BLACK - Tienda Er\u00f3tica\" \/>\n<meta property=\"og:description\" content=\"MINI MAGNETIC NIPPLE PINCHER 1 PIECE BRUSHED STEEL Ideal para entrenar a tu poni, sumiso o esclavo, esta combinaci\u00f3n de\" \/>\n<meta property=\"og:url\" content=\"https:\/\/demoweb.info\/sexshop001\/producto\/silicone-bit-gag-nipple-clamps-black\/\" \/>\n<meta property=\"og:site_name\" content=\"Tienda Er\u00f3tica\" \/>\n<meta property=\"article:modified_time\" content=\"2022-01-22T17:18:32+00:00\" \/>\n<meta property=\"og:image\" content=\"https:\/\/demoweb.info\/sexshop001\/wp-content\/uploads\/2022\/01\/SILICONE-BIT-GAG-NIPPLE-CLAMPS-BLACK.jpg\" \/>\n\t<meta property=\"og:image:width\" content=\"550\" \/>\n\t<meta property=\"og:image:height\" content=\"550\" \/>\n\t<meta property=\"og:image:type\" content=\"image\/jpeg\" \/>\n<meta name=\"twitter:card\" content=\"summary_large_image\" \/>\n<meta name=\"twitter:label1\" content=\"Tiempo de lectura\" \/>\n\t<meta name=\"twitter:data1\" content=\"1 minuto\" \/>\n<script type=\"application\/ld+json\" class=\"yoast-schema-graph\">{\"@context\":\"https:\/\/schema.org\",\"@graph\":[{\"@type\":\"WebPage\",\"@id\":\"https:\/\/demoweb.info\/sexshop001\/producto\/silicone-bit-gag-nipple-clamps-black\/\",\"url\":\"https:\/\/demoweb.info\/sexshop001\/producto\/silicone-bit-gag-nipple-clamps-black\/\",\"name\":\"SILICONE BIT GAG NIPPLE CLAMPS BLACK - Tienda Er\u00f3tica\",\"isPartOf\":{\"@id\":\"https:\/\/demoweb.info\/sexshop001\/#website\"},\"datePublished\":\"2022-01-22T17:18:28+00:00\",\"dateModified\":\"2022-01-22T17:18:32+00:00\",\"breadcrumb\":{\"@id\":\"https:\/\/demoweb.info\/sexshop001\/producto\/silicone-bit-gag-nipple-clamps-black\/#breadcrumb\"},\"inLanguage\":\"es\",\"potentialAction\":[{\"@type\":\"ReadAction\",\"target\":[\"https:\/\/demoweb.info\/sexshop001\/producto\/silicone-bit-gag-nipple-clamps-black\/\"]}]},{\"@type\":\"BreadcrumbList\",\"@id\":\"https:\/\/demoweb.info\/sexshop001\/producto\/silicone-bit-gag-nipple-clamps-black\/#breadcrumb\",\"itemListElement\":[{\"@type\":\"ListItem\",\"position\":1,\"name\":\"Portada\",\"item\":\"https:\/\/demoweb.info\/sexshop001\/\"},{\"@type\":\"ListItem\",\"position\":2,\"name\":\"Tienda\",\"item\":\"https:\/\/demoweb.info\/sexshop001\/tienda\/\"},{\"@type\":\"ListItem\",\"position\":3,\"name\":\"SILICONE BIT GAG NIPPLE CLAMPS BLACK\"}]},{\"@type\":\"WebSite\",\"@id\":\"https:\/\/demoweb.info\/sexshop001\/#website\",\"url\":\"https:\/\/demoweb.info\/sexshop001\/\",\"name\":\"Tienda Er\u00f3tica\",\"description\":\"DEMOWEB SL\",\"potentialAction\":[{\"@type\":\"SearchAction\",\"target\":{\"@type\":\"EntryPoint\",\"urlTemplate\":\"https:\/\/demoweb.info\/sexshop001\/?s={search_term_string}\"},\"query-input\":\"required name=search_term_string\"}],\"inLanguage\":\"es\"}]}<\/script>\n<!-- \/ Yoast SEO plugin. -->","yoast_head_json":{"title":"SILICONE BIT GAG NIPPLE CLAMPS BLACK - Tienda Er\u00f3tica","robots":{"index":"noindex","follow":"follow","max-snippet":"max-snippet:-1","max-image-preview":"max-image-preview:large","max-video-preview":"max-video-preview:-1"},"og_locale":"es_ES","og_type":"article","og_title":"SILICONE BIT GAG NIPPLE CLAMPS BLACK - Tienda Er\u00f3tica","og_description":"MINI MAGNETIC NIPPLE PINCHER 1 PIECE BRUSHED STEEL Ideal para entrenar a tu poni, sumiso o esclavo, esta combinaci\u00f3n de","og_url":"https:\/\/demoweb.info\/sexshop001\/producto\/silicone-bit-gag-nipple-clamps-black\/","og_site_name":"Tienda Er\u00f3tica","article_modified_time":"2022-01-22T17:18:32+00:00","og_image":[{"width":550,"height":550,"url":"https:\/\/demoweb.info\/sexshop001\/wp-content\/uploads\/2022\/01\/SILICONE-BIT-GAG-NIPPLE-CLAMPS-BLACK.jpg","type":"image\/jpeg"}],"twitter_card":"summary_large_image","twitter_misc":{"Tiempo de lectura":"1 minuto"},"schema":{"@context":"https:\/\/schema.org","@graph":[{"@type":"WebPage","@id":"https:\/\/demoweb.info\/sexshop001\/producto\/silicone-bit-gag-nipple-clamps-black\/","url":"https:\/\/demoweb.info\/sexshop001\/producto\/silicone-bit-gag-nipple-clamps-black\/","name":"SILICONE BIT GAG NIPPLE CLAMPS BLACK - Tienda Er\u00f3tica","isPartOf":{"@id":"https:\/\/demoweb.info\/sexshop001\/#website"},"datePublished":"2022-01-22T17:18:28+00:00","dateModified":"2022-01-22T17:18:32+00:00","breadcrumb":{"@id":"https:\/\/demoweb.info\/sexshop001\/producto\/silicone-bit-gag-nipple-clamps-black\/#breadcrumb"},"inLanguage":"es","potentialAction":[{"@type":"ReadAction","target":["https:\/\/demoweb.info\/sexshop001\/producto\/silicone-bit-gag-nipple-clamps-black\/"]}]},{"@type":"BreadcrumbList","@id":"https:\/\/demoweb.info\/sexshop001\/producto\/silicone-bit-gag-nipple-clamps-black\/#breadcrumb","itemListElement":[{"@type":"ListItem","position":1,"name":"Portada","item":"https:\/\/demoweb.info\/sexshop001\/"},{"@type":"ListItem","position":2,"name":"Tienda","item":"https:\/\/demoweb.info\/sexshop001\/tienda\/"},{"@type":"ListItem","position":3,"name":"SILICONE BIT GAG NIPPLE CLAMPS BLACK"}]},{"@type":"WebSite","@id":"https:\/\/demoweb.info\/sexshop001\/#website","url":"https:\/\/demoweb.info\/sexshop001\/","name":"Tienda Er\u00f3tica","description":"DEMOWEB SL","potentialAction":[{"@type":"SearchAction","target":{"@type":"EntryPoint","urlTemplate":"https:\/\/demoweb.info\/sexshop001\/?s={search_term_string}"},"query-input":"required name=search_term_string"}],"inLanguage":"es"}]}},"_links":{"self":[{"href":"https:\/\/demoweb.info\/sexshop001\/wp-json\/wp\/v3\/product\/61758","targetHints":{"allow":["GET"]}}],"collection":[{"href":"https:\/\/demoweb.info\/sexshop001\/wp-json\/wp\/v3\/product"}],"about":[{"href":"https:\/\/demoweb.info\/sexshop001\/wp-json\/wp\/v2\/types\/product"}],"replies":[{"embeddable":true,"href":"https:\/\/demoweb.info\/sexshop001\/wp-json\/wp\/v2\/comments?post=61758"}],"wp:featuredmedia":[{"embeddable":true,"href":"https:\/\/demoweb.info\/sexshop001\/wp-json\/wp\/v2\/media\/61759"}],"wp:attachment":[{"href":"https:\/\/demoweb.info\/sexshop001\/wp-json\/wp\/v2\/media?parent=61758"}],"wp:term":[{"taxonomy":"product_cat","embeddable":true,"href":"https:\/\/demoweb.info\/sexshop001\/wp-json\/wp\/v2\/product_cat?post=61758"},{"taxonomy":"product_tag","embeddable":true,"href":"https:\/\/demoweb.info\/sexshop001\/wp-json\/wp\/v2\/product_tag?post=61758"}],"curies":[{"name":"wp","href":"https:\/\/api.w.org\/{rel}","templated":true}]}}