{"id":61219,"date":"2022-01-22T18:11:41","date_gmt":"2022-01-22T17:11:41","guid":{"rendered":"https:\/\/demoweb.info\/sexshop001\/producto\/loveline-varita-de-masaje-jiggle-morado\/"},"modified":"2022-01-22T18:11:41","modified_gmt":"2022-01-22T17:11:41","slug":"loveline-varita-de-masaje-jiggle-morado","status":"publish","type":"product","link":"https:\/\/demoweb.info\/sexshop001\/producto\/loveline-varita-de-masaje-jiggle-morado\/","title":{"rendered":"LOVELINE VARITA DE MASAJE JIGGLE &#8211; MORADO"},"content":{"rendered":"<p><strong>LOVELINE &#8211; MASSAGE WAND &#8211; JIGGLE <\/strong><\/p>\n<p>El masajeador Jiggle recargable y a prueba de agua proporciona vibraciones profundas y fuertes para ayudarte a llegar a donde necesites.<\/p>\n<p>Con un incre\u00edblemente potente motor de 5800 rpm con 10 diferentes modos de vibraci\u00f3n, el Jiggle no solo es muy f\u00e1cil de usar, sino que tambi\u00e9n satisface incluso a los m\u00e1s exigentes buscadores de emociones.<\/p>\n<p>La suave silicona de grado m\u00e9dico se siente incre\u00edble frente a la piel y se calienta r\u00e1pidamente a la temperatura corporal mientras que la cabeza s\u00faper flexible alcanza cada punto.<\/p>\n<p>Jiggle es perfecto para juegos de estimulaci\u00f3n de cuerpo completo o para un masaje relajante.<\/p>\n<p>Caracter\u00edsticas:<\/p>\n<ul>\n<li>Dimensiones del producto: 22.6 x 4.4 cm<\/li>\n<li>Peso del producto: 193 gram<\/li>\n<li>Di\u00e1metro del producto: 4.3 cm<\/li>\n<li>Rotaciones: 5800 RPM<\/li>\n<li>Tipos de velocidad: 10<\/li>\n<li>Nivel de ruido: 50 dB<\/li>\n<li>Tiempo de recarga:120 min<\/li>\n<li>Vida de la recarga de las bater\u00edas: 90 min<\/li>\n<li>Resistente al agua<\/li>\n<li>Libre de ftalato<\/li>\n<li>Materiales: Silicona y pl\u00e1stico ABS<\/li>\n<li>Recargable con USB<\/li>\n<\/ul>\n","protected":false},"excerpt":{"rendered":"<p>LOVELINE &#8211; MASSAGE WAND &#8211; JIGGLE El masajeador Jiggle recargable y a prueba de agua proporciona vibraciones profundas y fuertes<\/p>\n","protected":false},"featured_media":61220,"comment_status":"open","ping_status":"open","template":"","meta":[],"product_cat":[370],"product_tag":[1399,302],"class_list":["post-61219","product","type-product","status-publish","has-post-thumbnail","hentry","product_cat-clitoris","product_tag-loveline","product_tag-shots"],"bundled_by":[],"bundle_stock_status":"instock","bundle_stock_quantity":1,"bundle_virtual":false,"bundle_layout":"","bundle_add_to_cart_form_location":"","bundle_editable_in_cart":false,"bundle_sold_individually_context":"","bundle_item_grouping":"","bundle_min_size":"","bundle_max_size":"","bundled_items":[],"yoast_head":"<!-- This site is optimized with the Yoast SEO plugin v20.6 - https:\/\/yoast.com\/wordpress\/plugins\/seo\/ -->\n<title>LOVELINE VARITA DE MASAJE JIGGLE - MORADO - Tienda Er\u00f3tica<\/title>\n<meta name=\"robots\" content=\"noindex, follow, max-snippet:-1, max-image-preview:large, max-video-preview:-1\" \/>\n<meta property=\"og:locale\" content=\"es_ES\" \/>\n<meta property=\"og:type\" content=\"article\" \/>\n<meta property=\"og:title\" content=\"LOVELINE VARITA DE MASAJE JIGGLE - MORADO - Tienda Er\u00f3tica\" \/>\n<meta property=\"og:description\" content=\"LOVELINE &#8211; MASSAGE WAND &#8211; JIGGLE El masajeador Jiggle recargable y a prueba de agua proporciona vibraciones profundas y fuertes\" \/>\n<meta property=\"og:url\" content=\"https:\/\/demoweb.info\/sexshop001\/producto\/loveline-varita-de-masaje-jiggle-morado\/\" \/>\n<meta property=\"og:site_name\" content=\"Tienda Er\u00f3tica\" \/>\n<meta property=\"og:image\" content=\"https:\/\/demoweb.info\/sexshop001\/wp-content\/uploads\/2022\/01\/LOVELINE-VARITA-DE-MASAJE-JIGGLE-MORADO.jpg\" \/>\n\t<meta property=\"og:image:width\" content=\"550\" \/>\n\t<meta property=\"og:image:height\" content=\"550\" \/>\n\t<meta property=\"og:image:type\" content=\"image\/jpeg\" \/>\n<meta name=\"twitter:card\" content=\"summary_large_image\" \/>\n<meta name=\"twitter:label1\" content=\"Tiempo de lectura\" \/>\n\t<meta name=\"twitter:data1\" content=\"1 minuto\" \/>\n<script type=\"application\/ld+json\" class=\"yoast-schema-graph\">{\"@context\":\"https:\/\/schema.org\",\"@graph\":[{\"@type\":\"WebPage\",\"@id\":\"https:\/\/demoweb.info\/sexshop001\/producto\/loveline-varita-de-masaje-jiggle-morado\/\",\"url\":\"https:\/\/demoweb.info\/sexshop001\/producto\/loveline-varita-de-masaje-jiggle-morado\/\",\"name\":\"LOVELINE VARITA DE MASAJE JIGGLE - MORADO - Tienda Er\u00f3tica\",\"isPartOf\":{\"@id\":\"https:\/\/demoweb.info\/sexshop001\/#website\"},\"datePublished\":\"2022-01-22T17:11:41+00:00\",\"dateModified\":\"2022-01-22T17:11:41+00:00\",\"breadcrumb\":{\"@id\":\"https:\/\/demoweb.info\/sexshop001\/producto\/loveline-varita-de-masaje-jiggle-morado\/#breadcrumb\"},\"inLanguage\":\"es\",\"potentialAction\":[{\"@type\":\"ReadAction\",\"target\":[\"https:\/\/demoweb.info\/sexshop001\/producto\/loveline-varita-de-masaje-jiggle-morado\/\"]}]},{\"@type\":\"BreadcrumbList\",\"@id\":\"https:\/\/demoweb.info\/sexshop001\/producto\/loveline-varita-de-masaje-jiggle-morado\/#breadcrumb\",\"itemListElement\":[{\"@type\":\"ListItem\",\"position\":1,\"name\":\"Portada\",\"item\":\"https:\/\/demoweb.info\/sexshop001\/\"},{\"@type\":\"ListItem\",\"position\":2,\"name\":\"Tienda\",\"item\":\"https:\/\/demoweb.info\/sexshop001\/tienda\/\"},{\"@type\":\"ListItem\",\"position\":3,\"name\":\"LOVELINE VARITA DE MASAJE JIGGLE &#8211; MORADO\"}]},{\"@type\":\"WebSite\",\"@id\":\"https:\/\/demoweb.info\/sexshop001\/#website\",\"url\":\"https:\/\/demoweb.info\/sexshop001\/\",\"name\":\"Tienda Er\u00f3tica\",\"description\":\"DEMOWEB SL\",\"potentialAction\":[{\"@type\":\"SearchAction\",\"target\":{\"@type\":\"EntryPoint\",\"urlTemplate\":\"https:\/\/demoweb.info\/sexshop001\/?s={search_term_string}\"},\"query-input\":\"required name=search_term_string\"}],\"inLanguage\":\"es\"}]}<\/script>\n<!-- \/ Yoast SEO plugin. -->","yoast_head_json":{"title":"LOVELINE VARITA DE MASAJE JIGGLE - MORADO - Tienda Er\u00f3tica","robots":{"index":"noindex","follow":"follow","max-snippet":"max-snippet:-1","max-image-preview":"max-image-preview:large","max-video-preview":"max-video-preview:-1"},"og_locale":"es_ES","og_type":"article","og_title":"LOVELINE VARITA DE MASAJE JIGGLE - MORADO - Tienda Er\u00f3tica","og_description":"LOVELINE &#8211; MASSAGE WAND &#8211; JIGGLE El masajeador Jiggle recargable y a prueba de agua proporciona vibraciones profundas y fuertes","og_url":"https:\/\/demoweb.info\/sexshop001\/producto\/loveline-varita-de-masaje-jiggle-morado\/","og_site_name":"Tienda Er\u00f3tica","og_image":[{"width":550,"height":550,"url":"https:\/\/demoweb.info\/sexshop001\/wp-content\/uploads\/2022\/01\/LOVELINE-VARITA-DE-MASAJE-JIGGLE-MORADO.jpg","type":"image\/jpeg"}],"twitter_card":"summary_large_image","twitter_misc":{"Tiempo de lectura":"1 minuto"},"schema":{"@context":"https:\/\/schema.org","@graph":[{"@type":"WebPage","@id":"https:\/\/demoweb.info\/sexshop001\/producto\/loveline-varita-de-masaje-jiggle-morado\/","url":"https:\/\/demoweb.info\/sexshop001\/producto\/loveline-varita-de-masaje-jiggle-morado\/","name":"LOVELINE VARITA DE MASAJE JIGGLE - MORADO - Tienda Er\u00f3tica","isPartOf":{"@id":"https:\/\/demoweb.info\/sexshop001\/#website"},"datePublished":"2022-01-22T17:11:41+00:00","dateModified":"2022-01-22T17:11:41+00:00","breadcrumb":{"@id":"https:\/\/demoweb.info\/sexshop001\/producto\/loveline-varita-de-masaje-jiggle-morado\/#breadcrumb"},"inLanguage":"es","potentialAction":[{"@type":"ReadAction","target":["https:\/\/demoweb.info\/sexshop001\/producto\/loveline-varita-de-masaje-jiggle-morado\/"]}]},{"@type":"BreadcrumbList","@id":"https:\/\/demoweb.info\/sexshop001\/producto\/loveline-varita-de-masaje-jiggle-morado\/#breadcrumb","itemListElement":[{"@type":"ListItem","position":1,"name":"Portada","item":"https:\/\/demoweb.info\/sexshop001\/"},{"@type":"ListItem","position":2,"name":"Tienda","item":"https:\/\/demoweb.info\/sexshop001\/tienda\/"},{"@type":"ListItem","position":3,"name":"LOVELINE VARITA DE MASAJE JIGGLE &#8211; MORADO"}]},{"@type":"WebSite","@id":"https:\/\/demoweb.info\/sexshop001\/#website","url":"https:\/\/demoweb.info\/sexshop001\/","name":"Tienda Er\u00f3tica","description":"DEMOWEB SL","potentialAction":[{"@type":"SearchAction","target":{"@type":"EntryPoint","urlTemplate":"https:\/\/demoweb.info\/sexshop001\/?s={search_term_string}"},"query-input":"required name=search_term_string"}],"inLanguage":"es"}]}},"_links":{"self":[{"href":"https:\/\/demoweb.info\/sexshop001\/wp-json\/wp\/v3\/product\/61219","targetHints":{"allow":["GET"]}}],"collection":[{"href":"https:\/\/demoweb.info\/sexshop001\/wp-json\/wp\/v3\/product"}],"about":[{"href":"https:\/\/demoweb.info\/sexshop001\/wp-json\/wp\/v2\/types\/product"}],"replies":[{"embeddable":true,"href":"https:\/\/demoweb.info\/sexshop001\/wp-json\/wp\/v2\/comments?post=61219"}],"wp:featuredmedia":[{"embeddable":true,"href":"https:\/\/demoweb.info\/sexshop001\/wp-json\/wp\/v2\/media\/61220"}],"wp:attachment":[{"href":"https:\/\/demoweb.info\/sexshop001\/wp-json\/wp\/v2\/media?parent=61219"}],"wp:term":[{"taxonomy":"product_cat","embeddable":true,"href":"https:\/\/demoweb.info\/sexshop001\/wp-json\/wp\/v2\/product_cat?post=61219"},{"taxonomy":"product_tag","embeddable":true,"href":"https:\/\/demoweb.info\/sexshop001\/wp-json\/wp\/v2\/product_tag?post=61219"}],"curies":[{"name":"wp","href":"https:\/\/api.w.org\/{rel}","templated":true}]}}