{"id":60906,"date":"2022-01-22T18:07:38","date_gmt":"2022-01-22T17:07:38","guid":{"rendered":"https:\/\/demoweb.info\/sexshop001\/producto\/varilla-uretral-con-plug\/"},"modified":"2022-01-22T18:07:44","modified_gmt":"2022-01-22T17:07:44","slug":"varilla-uretral-con-plug","status":"publish","type":"product","link":"https:\/\/demoweb.info\/sexshop001\/producto\/varilla-uretral-con-plug\/","title":{"rendered":"VARILLA URETRAL CON PLUG"},"content":{"rendered":"<p><strong>FIRE HOSE PENIS PLUG WITH BUTTPLUG<\/strong><\/p>\n<p>Prep\u00e1rate para apagar ese fuego o llenar el culo de algunos. Para todos aquellos en el juego de mear y hacer pip\u00ed, ser\u00e1 una adici\u00f3n divertida. Este tap\u00f3n de pene de acero inoxidable hueco est\u00e1 conectado a una manguera de goma transparente de 90 cm para dirigir el flujo a donde quieras. Desl\u00edzalo con la ayuda de tu lubricante favorito e inserta el tap\u00f3n de acero inoxidable con orificio pasante adjunto en el culo de tu amante para orinar de verdad. juegue o simplemente b\u00e1\u00f1elo para que la imaginaci\u00f3n de su submarino se acelere.<\/p>\n<p>Este juguete fetiche de taponamiento uretral y sonido de alta calidad est\u00e1 creado con el mejor acero inoxidable pulido y goma transparente duradera.<\/p>\n<ul>\n<li>Dimensiones del producto 107,7 x 3,8 x 3,8 cm<\/li>\n<li>Peso del producto 420 gramos<\/li>\n<li>Presupuesto Fire Hose Plug para pene: longitud 1 mtr &#8211; di\u00e1metro: 0,8 cm Buttplug: longitud: 7,7 cm &#8211; di\u00e1metro: 3,8 cm<\/li>\n<li>Materiales de acero inoxidable<\/li>\n<\/ul>\n","protected":false},"excerpt":{"rendered":"<p>FIRE HOSE PENIS PLUG WITH BUTTPLUG Prep\u00e1rate para apagar ese fuego o llenar el culo de algunos. Para todos aquellos<\/p>\n","protected":false},"featured_media":60907,"comment_status":"open","ping_status":"open","template":"","meta":[],"product_cat":[290],"product_tag":[283],"class_list":["post-60906","product","type-product","status-publish","has-post-thumbnail","hentry","product_cat-penis-plug","product_tag-triune"],"bundled_by":[],"bundle_stock_status":"instock","bundle_stock_quantity":1,"bundle_virtual":false,"bundle_layout":"","bundle_add_to_cart_form_location":"","bundle_editable_in_cart":false,"bundle_sold_individually_context":"","bundle_item_grouping":"","bundle_min_size":"","bundle_max_size":"","bundled_items":[],"yoast_head":"<!-- This site is optimized with the Yoast SEO plugin v20.6 - https:\/\/yoast.com\/wordpress\/plugins\/seo\/ -->\n<title>VARILLA URETRAL CON PLUG - Tienda Er\u00f3tica<\/title>\n<meta name=\"robots\" content=\"noindex, follow, max-snippet:-1, max-image-preview:large, max-video-preview:-1\" \/>\n<meta property=\"og:locale\" content=\"es_ES\" \/>\n<meta property=\"og:type\" content=\"article\" \/>\n<meta property=\"og:title\" content=\"VARILLA URETRAL CON PLUG - Tienda Er\u00f3tica\" \/>\n<meta property=\"og:description\" content=\"FIRE HOSE PENIS PLUG WITH BUTTPLUG Prep\u00e1rate para apagar ese fuego o llenar el culo de algunos. Para todos aquellos\" \/>\n<meta property=\"og:url\" content=\"https:\/\/demoweb.info\/sexshop001\/producto\/varilla-uretral-con-plug\/\" \/>\n<meta property=\"og:site_name\" content=\"Tienda Er\u00f3tica\" \/>\n<meta property=\"article:modified_time\" content=\"2022-01-22T17:07:44+00:00\" \/>\n<meta property=\"og:image\" content=\"https:\/\/demoweb.info\/sexshop001\/wp-content\/uploads\/2022\/01\/VARILLA-URETRAL-CON-PLUG.jpg\" \/>\n\t<meta property=\"og:image:width\" content=\"550\" \/>\n\t<meta property=\"og:image:height\" content=\"550\" \/>\n\t<meta property=\"og:image:type\" content=\"image\/jpeg\" \/>\n<meta name=\"twitter:card\" content=\"summary_large_image\" \/>\n<meta name=\"twitter:label1\" content=\"Tiempo de lectura\" \/>\n\t<meta name=\"twitter:data1\" content=\"1 minuto\" \/>\n<script type=\"application\/ld+json\" class=\"yoast-schema-graph\">{\"@context\":\"https:\/\/schema.org\",\"@graph\":[{\"@type\":\"WebPage\",\"@id\":\"https:\/\/demoweb.info\/sexshop001\/producto\/varilla-uretral-con-plug\/\",\"url\":\"https:\/\/demoweb.info\/sexshop001\/producto\/varilla-uretral-con-plug\/\",\"name\":\"VARILLA URETRAL CON PLUG - Tienda Er\u00f3tica\",\"isPartOf\":{\"@id\":\"https:\/\/demoweb.info\/sexshop001\/#website\"},\"datePublished\":\"2022-01-22T17:07:38+00:00\",\"dateModified\":\"2022-01-22T17:07:44+00:00\",\"breadcrumb\":{\"@id\":\"https:\/\/demoweb.info\/sexshop001\/producto\/varilla-uretral-con-plug\/#breadcrumb\"},\"inLanguage\":\"es\",\"potentialAction\":[{\"@type\":\"ReadAction\",\"target\":[\"https:\/\/demoweb.info\/sexshop001\/producto\/varilla-uretral-con-plug\/\"]}]},{\"@type\":\"BreadcrumbList\",\"@id\":\"https:\/\/demoweb.info\/sexshop001\/producto\/varilla-uretral-con-plug\/#breadcrumb\",\"itemListElement\":[{\"@type\":\"ListItem\",\"position\":1,\"name\":\"Portada\",\"item\":\"https:\/\/demoweb.info\/sexshop001\/\"},{\"@type\":\"ListItem\",\"position\":2,\"name\":\"Tienda\",\"item\":\"https:\/\/demoweb.info\/sexshop001\/tienda\/\"},{\"@type\":\"ListItem\",\"position\":3,\"name\":\"VARILLA URETRAL CON PLUG\"}]},{\"@type\":\"WebSite\",\"@id\":\"https:\/\/demoweb.info\/sexshop001\/#website\",\"url\":\"https:\/\/demoweb.info\/sexshop001\/\",\"name\":\"Tienda Er\u00f3tica\",\"description\":\"DEMOWEB SL\",\"potentialAction\":[{\"@type\":\"SearchAction\",\"target\":{\"@type\":\"EntryPoint\",\"urlTemplate\":\"https:\/\/demoweb.info\/sexshop001\/?s={search_term_string}\"},\"query-input\":\"required name=search_term_string\"}],\"inLanguage\":\"es\"}]}<\/script>\n<!-- \/ Yoast SEO plugin. -->","yoast_head_json":{"title":"VARILLA URETRAL CON PLUG - Tienda Er\u00f3tica","robots":{"index":"noindex","follow":"follow","max-snippet":"max-snippet:-1","max-image-preview":"max-image-preview:large","max-video-preview":"max-video-preview:-1"},"og_locale":"es_ES","og_type":"article","og_title":"VARILLA URETRAL CON PLUG - Tienda Er\u00f3tica","og_description":"FIRE HOSE PENIS PLUG WITH BUTTPLUG Prep\u00e1rate para apagar ese fuego o llenar el culo de algunos. Para todos aquellos","og_url":"https:\/\/demoweb.info\/sexshop001\/producto\/varilla-uretral-con-plug\/","og_site_name":"Tienda Er\u00f3tica","article_modified_time":"2022-01-22T17:07:44+00:00","og_image":[{"width":550,"height":550,"url":"https:\/\/demoweb.info\/sexshop001\/wp-content\/uploads\/2022\/01\/VARILLA-URETRAL-CON-PLUG.jpg","type":"image\/jpeg"}],"twitter_card":"summary_large_image","twitter_misc":{"Tiempo de lectura":"1 minuto"},"schema":{"@context":"https:\/\/schema.org","@graph":[{"@type":"WebPage","@id":"https:\/\/demoweb.info\/sexshop001\/producto\/varilla-uretral-con-plug\/","url":"https:\/\/demoweb.info\/sexshop001\/producto\/varilla-uretral-con-plug\/","name":"VARILLA URETRAL CON PLUG - Tienda Er\u00f3tica","isPartOf":{"@id":"https:\/\/demoweb.info\/sexshop001\/#website"},"datePublished":"2022-01-22T17:07:38+00:00","dateModified":"2022-01-22T17:07:44+00:00","breadcrumb":{"@id":"https:\/\/demoweb.info\/sexshop001\/producto\/varilla-uretral-con-plug\/#breadcrumb"},"inLanguage":"es","potentialAction":[{"@type":"ReadAction","target":["https:\/\/demoweb.info\/sexshop001\/producto\/varilla-uretral-con-plug\/"]}]},{"@type":"BreadcrumbList","@id":"https:\/\/demoweb.info\/sexshop001\/producto\/varilla-uretral-con-plug\/#breadcrumb","itemListElement":[{"@type":"ListItem","position":1,"name":"Portada","item":"https:\/\/demoweb.info\/sexshop001\/"},{"@type":"ListItem","position":2,"name":"Tienda","item":"https:\/\/demoweb.info\/sexshop001\/tienda\/"},{"@type":"ListItem","position":3,"name":"VARILLA URETRAL CON PLUG"}]},{"@type":"WebSite","@id":"https:\/\/demoweb.info\/sexshop001\/#website","url":"https:\/\/demoweb.info\/sexshop001\/","name":"Tienda Er\u00f3tica","description":"DEMOWEB SL","potentialAction":[{"@type":"SearchAction","target":{"@type":"EntryPoint","urlTemplate":"https:\/\/demoweb.info\/sexshop001\/?s={search_term_string}"},"query-input":"required name=search_term_string"}],"inLanguage":"es"}]}},"_links":{"self":[{"href":"https:\/\/demoweb.info\/sexshop001\/wp-json\/wp\/v3\/product\/60906","targetHints":{"allow":["GET"]}}],"collection":[{"href":"https:\/\/demoweb.info\/sexshop001\/wp-json\/wp\/v3\/product"}],"about":[{"href":"https:\/\/demoweb.info\/sexshop001\/wp-json\/wp\/v2\/types\/product"}],"replies":[{"embeddable":true,"href":"https:\/\/demoweb.info\/sexshop001\/wp-json\/wp\/v2\/comments?post=60906"}],"wp:featuredmedia":[{"embeddable":true,"href":"https:\/\/demoweb.info\/sexshop001\/wp-json\/wp\/v2\/media\/60907"}],"wp:attachment":[{"href":"https:\/\/demoweb.info\/sexshop001\/wp-json\/wp\/v2\/media?parent=60906"}],"wp:term":[{"taxonomy":"product_cat","embeddable":true,"href":"https:\/\/demoweb.info\/sexshop001\/wp-json\/wp\/v2\/product_cat?post=60906"},{"taxonomy":"product_tag","embeddable":true,"href":"https:\/\/demoweb.info\/sexshop001\/wp-json\/wp\/v2\/product_tag?post=60906"}],"curies":[{"name":"wp","href":"https:\/\/api.w.org\/{rel}","templated":true}]}}