{"id":60720,"date":"2022-01-22T18:05:10","date_gmt":"2022-01-22T17:05:10","guid":{"rendered":"https:\/\/demoweb.info\/sexshop001\/producto\/braguita-con-abertura-y-bala-vibradora-morado\/"},"modified":"2022-01-22T18:05:17","modified_gmt":"2022-01-22T17:05:17","slug":"braguita-con-abertura-y-bala-vibradora-morado","status":"publish","type":"product","link":"https:\/\/demoweb.info\/sexshop001\/producto\/braguita-con-abertura-y-bala-vibradora-morado\/","title":{"rendered":"BRAGUITA CON ABERTURA Y BALA VIBRADORA &#8211; MORADO"},"content":{"rendered":"<p><strong>CROTCHLESS PANTY THRILL-HER<\/strong><\/p>\n<p>El regalo perfecto tanto para ti como para tu amante.<\/p>\n<p>Estas braguitas te permiten disfrutar de una vibraci\u00f3n agradable durante el juego sexual con tu amante, y ayudar\u00e1n a que los orgasmos seanmonumentales.<\/p>\n<p>El material transparente era incre\u00edblemente sexy, con tiras decorativas que hacen que estas braguitas se ajusten c\u00f3modamente y te hagan lucir a\u00fan m\u00e1s seductora. Con abertura en la entrepierna para ser f\u00e1cilmente accesible.<\/p>\n<p>Coloca el peque\u00f1o masajeador dentro del bolsillo secreto interior de la braguita. Se ajusta como un guante.<\/p>\n<p>El control remoto inal\u00e1mbrico cabe c\u00f3modamente en la palma de la mano. Presiona el bot\u00f3n de encendido para que comience la vibraci\u00f3n. El motor silencioso zumb\u00f3 alegremente contra el cl\u00edtoris. Podr\u00e1s sentir el calor corriendo entre las piernas mientras todos sus sentidos \u00edntimos comenzaban a despertar.<\/p>\n<p>Podr\u00e1s ir cambiando a cada una de los distintas modos de vibraci\u00f3n que te ofrece.<\/p>\n<p>Las bragas se ajustan a la mayor\u00eda de las cinturas de 76 cm-107 cm (tama\u00f1os 36-46).<\/p>\n<p>Funciona con 1 pila AAA, que encontrar\u00e1s en nuestra secci\u00f3n PILAS.<\/p>\n<p>Material: Poli\u00e9ster y pl\u00e1stico ABS.<\/p>\n","protected":false},"excerpt":{"rendered":"<p>CROTCHLESS PANTY THRILL-HER El regalo perfecto tanto para ti como para tu amante. Estas braguitas te permiten disfrutar de una<\/p>\n","protected":false},"featured_media":60721,"comment_status":"open","ping_status":"open","template":"","meta":[],"product_cat":[375],"product_tag":[486,259],"class_list":["post-60720","product","type-product","status-publish","has-post-thumbnail","hentry","product_cat-con-vibrador-para-ella","product_tag-fantasy-for-her","product_tag-pipedream"],"bundled_by":[],"bundle_stock_status":"instock","bundle_stock_quantity":1,"bundle_virtual":false,"bundle_layout":"","bundle_add_to_cart_form_location":"","bundle_editable_in_cart":false,"bundle_sold_individually_context":"","bundle_item_grouping":"","bundle_min_size":"","bundle_max_size":"","bundled_items":[],"yoast_head":"<!-- This site is optimized with the Yoast SEO plugin v20.6 - https:\/\/yoast.com\/wordpress\/plugins\/seo\/ -->\n<title>BRAGUITA CON ABERTURA Y BALA VIBRADORA - MORADO - Tienda Er\u00f3tica<\/title>\n<meta name=\"robots\" content=\"noindex, follow, max-snippet:-1, max-image-preview:large, max-video-preview:-1\" \/>\n<meta property=\"og:locale\" content=\"es_ES\" \/>\n<meta property=\"og:type\" content=\"article\" \/>\n<meta property=\"og:title\" content=\"BRAGUITA CON ABERTURA Y BALA VIBRADORA - MORADO - Tienda Er\u00f3tica\" \/>\n<meta property=\"og:description\" content=\"CROTCHLESS PANTY THRILL-HER El regalo perfecto tanto para ti como para tu amante. Estas braguitas te permiten disfrutar de una\" \/>\n<meta property=\"og:url\" content=\"https:\/\/demoweb.info\/sexshop001\/producto\/braguita-con-abertura-y-bala-vibradora-morado\/\" \/>\n<meta property=\"og:site_name\" content=\"Tienda Er\u00f3tica\" \/>\n<meta property=\"article:modified_time\" content=\"2022-01-22T17:05:17+00:00\" \/>\n<meta property=\"og:image\" content=\"https:\/\/demoweb.info\/sexshop001\/wp-content\/uploads\/2022\/01\/BRAGUITA-CON-ABERTURA-Y-BALA-VIBRADORA-MORADO.jpg\" \/>\n\t<meta property=\"og:image:width\" content=\"550\" \/>\n\t<meta property=\"og:image:height\" content=\"550\" \/>\n\t<meta property=\"og:image:type\" content=\"image\/jpeg\" \/>\n<meta name=\"twitter:card\" content=\"summary_large_image\" \/>\n<meta name=\"twitter:label1\" content=\"Tiempo de lectura\" \/>\n\t<meta name=\"twitter:data1\" content=\"1 minuto\" \/>\n<script type=\"application\/ld+json\" class=\"yoast-schema-graph\">{\"@context\":\"https:\/\/schema.org\",\"@graph\":[{\"@type\":\"WebPage\",\"@id\":\"https:\/\/demoweb.info\/sexshop001\/producto\/braguita-con-abertura-y-bala-vibradora-morado\/\",\"url\":\"https:\/\/demoweb.info\/sexshop001\/producto\/braguita-con-abertura-y-bala-vibradora-morado\/\",\"name\":\"BRAGUITA CON ABERTURA Y BALA VIBRADORA - MORADO - Tienda Er\u00f3tica\",\"isPartOf\":{\"@id\":\"https:\/\/demoweb.info\/sexshop001\/#website\"},\"datePublished\":\"2022-01-22T17:05:10+00:00\",\"dateModified\":\"2022-01-22T17:05:17+00:00\",\"breadcrumb\":{\"@id\":\"https:\/\/demoweb.info\/sexshop001\/producto\/braguita-con-abertura-y-bala-vibradora-morado\/#breadcrumb\"},\"inLanguage\":\"es\",\"potentialAction\":[{\"@type\":\"ReadAction\",\"target\":[\"https:\/\/demoweb.info\/sexshop001\/producto\/braguita-con-abertura-y-bala-vibradora-morado\/\"]}]},{\"@type\":\"BreadcrumbList\",\"@id\":\"https:\/\/demoweb.info\/sexshop001\/producto\/braguita-con-abertura-y-bala-vibradora-morado\/#breadcrumb\",\"itemListElement\":[{\"@type\":\"ListItem\",\"position\":1,\"name\":\"Portada\",\"item\":\"https:\/\/demoweb.info\/sexshop001\/\"},{\"@type\":\"ListItem\",\"position\":2,\"name\":\"Tienda\",\"item\":\"https:\/\/demoweb.info\/sexshop001\/tienda\/\"},{\"@type\":\"ListItem\",\"position\":3,\"name\":\"BRAGUITA CON ABERTURA Y BALA VIBRADORA &#8211; MORADO\"}]},{\"@type\":\"WebSite\",\"@id\":\"https:\/\/demoweb.info\/sexshop001\/#website\",\"url\":\"https:\/\/demoweb.info\/sexshop001\/\",\"name\":\"Tienda Er\u00f3tica\",\"description\":\"DEMOWEB SL\",\"potentialAction\":[{\"@type\":\"SearchAction\",\"target\":{\"@type\":\"EntryPoint\",\"urlTemplate\":\"https:\/\/demoweb.info\/sexshop001\/?s={search_term_string}\"},\"query-input\":\"required name=search_term_string\"}],\"inLanguage\":\"es\"}]}<\/script>\n<!-- \/ Yoast SEO plugin. -->","yoast_head_json":{"title":"BRAGUITA CON ABERTURA Y BALA VIBRADORA - MORADO - Tienda Er\u00f3tica","robots":{"index":"noindex","follow":"follow","max-snippet":"max-snippet:-1","max-image-preview":"max-image-preview:large","max-video-preview":"max-video-preview:-1"},"og_locale":"es_ES","og_type":"article","og_title":"BRAGUITA CON ABERTURA Y BALA VIBRADORA - MORADO - Tienda Er\u00f3tica","og_description":"CROTCHLESS PANTY THRILL-HER El regalo perfecto tanto para ti como para tu amante. Estas braguitas te permiten disfrutar de una","og_url":"https:\/\/demoweb.info\/sexshop001\/producto\/braguita-con-abertura-y-bala-vibradora-morado\/","og_site_name":"Tienda Er\u00f3tica","article_modified_time":"2022-01-22T17:05:17+00:00","og_image":[{"width":550,"height":550,"url":"https:\/\/demoweb.info\/sexshop001\/wp-content\/uploads\/2022\/01\/BRAGUITA-CON-ABERTURA-Y-BALA-VIBRADORA-MORADO.jpg","type":"image\/jpeg"}],"twitter_card":"summary_large_image","twitter_misc":{"Tiempo de lectura":"1 minuto"},"schema":{"@context":"https:\/\/schema.org","@graph":[{"@type":"WebPage","@id":"https:\/\/demoweb.info\/sexshop001\/producto\/braguita-con-abertura-y-bala-vibradora-morado\/","url":"https:\/\/demoweb.info\/sexshop001\/producto\/braguita-con-abertura-y-bala-vibradora-morado\/","name":"BRAGUITA CON ABERTURA Y BALA VIBRADORA - MORADO - Tienda Er\u00f3tica","isPartOf":{"@id":"https:\/\/demoweb.info\/sexshop001\/#website"},"datePublished":"2022-01-22T17:05:10+00:00","dateModified":"2022-01-22T17:05:17+00:00","breadcrumb":{"@id":"https:\/\/demoweb.info\/sexshop001\/producto\/braguita-con-abertura-y-bala-vibradora-morado\/#breadcrumb"},"inLanguage":"es","potentialAction":[{"@type":"ReadAction","target":["https:\/\/demoweb.info\/sexshop001\/producto\/braguita-con-abertura-y-bala-vibradora-morado\/"]}]},{"@type":"BreadcrumbList","@id":"https:\/\/demoweb.info\/sexshop001\/producto\/braguita-con-abertura-y-bala-vibradora-morado\/#breadcrumb","itemListElement":[{"@type":"ListItem","position":1,"name":"Portada","item":"https:\/\/demoweb.info\/sexshop001\/"},{"@type":"ListItem","position":2,"name":"Tienda","item":"https:\/\/demoweb.info\/sexshop001\/tienda\/"},{"@type":"ListItem","position":3,"name":"BRAGUITA CON ABERTURA Y BALA VIBRADORA &#8211; MORADO"}]},{"@type":"WebSite","@id":"https:\/\/demoweb.info\/sexshop001\/#website","url":"https:\/\/demoweb.info\/sexshop001\/","name":"Tienda Er\u00f3tica","description":"DEMOWEB SL","potentialAction":[{"@type":"SearchAction","target":{"@type":"EntryPoint","urlTemplate":"https:\/\/demoweb.info\/sexshop001\/?s={search_term_string}"},"query-input":"required name=search_term_string"}],"inLanguage":"es"}]}},"_links":{"self":[{"href":"https:\/\/demoweb.info\/sexshop001\/wp-json\/wp\/v3\/product\/60720","targetHints":{"allow":["GET"]}}],"collection":[{"href":"https:\/\/demoweb.info\/sexshop001\/wp-json\/wp\/v3\/product"}],"about":[{"href":"https:\/\/demoweb.info\/sexshop001\/wp-json\/wp\/v2\/types\/product"}],"replies":[{"embeddable":true,"href":"https:\/\/demoweb.info\/sexshop001\/wp-json\/wp\/v2\/comments?post=60720"}],"wp:featuredmedia":[{"embeddable":true,"href":"https:\/\/demoweb.info\/sexshop001\/wp-json\/wp\/v2\/media\/60721"}],"wp:attachment":[{"href":"https:\/\/demoweb.info\/sexshop001\/wp-json\/wp\/v2\/media?parent=60720"}],"wp:term":[{"taxonomy":"product_cat","embeddable":true,"href":"https:\/\/demoweb.info\/sexshop001\/wp-json\/wp\/v2\/product_cat?post=60720"},{"taxonomy":"product_tag","embeddable":true,"href":"https:\/\/demoweb.info\/sexshop001\/wp-json\/wp\/v2\/product_tag?post=60720"}],"curies":[{"name":"wp","href":"https:\/\/api.w.org\/{rel}","templated":true}]}}