{"id":60707,"date":"2022-01-22T18:04:47","date_gmt":"2022-01-22T17:04:47","guid":{"rendered":"https:\/\/demoweb.info\/sexshop001\/producto\/bolas-anales-recargables-negro\/"},"modified":"2022-01-22T18:05:06","modified_gmt":"2022-01-22T17:05:06","slug":"bolas-anales-recargables-negro","status":"publish","type":"product","link":"https:\/\/demoweb.info\/sexshop001\/producto\/bolas-anales-recargables-negro\/","title":{"rendered":"BOLAS ANALES RECARGABLES &#8211; NEGRO"},"content":{"rendered":"<p><strong>RECHARGEABLE ANAL BEADS<\/strong><\/p>\n<p>Cuando est\u00e1s buscando llevar tu juego anal al siguiente nivel, la colecci\u00f3n Elite de Anal Fantasy\u00ae es la opci\u00f3n principal para la excitaci\u00f3n anal de alto nivel y el juego de la pr\u00f3stata.<\/p>\n<p>Hecho de material ultra-higi\u00e9nico Elite Silicone, la colecci\u00f3n Elite es segura para el cuerpo, libre de ftalatos, libre de l\u00e1tex y est\u00e1 dise\u00f1ada para jugar duro. Utilizando lo \u00faltimo en tecnolog\u00eda USB recargable, los enchufes y sondas de Elite Collection est\u00e1n dise\u00f1ados ergon\u00f3micamente para brindar el m\u00e1ximo confort y la satisfacci\u00f3n garantizada.<\/p>\n<p>\u00a1Perfecta para cualquier g\u00e9nero, esta colecci\u00f3n unisex viene con caracter\u00edsticas alucinantes que ofrecen incre\u00edbles emociones y resultados explosivos!<\/p>\n<ul>\n<li>Dise\u00f1o delgado: el tama\u00f1o justo.<\/li>\n<li>10 funciones: el simple control con un solo bot\u00f3n le permite recorrer las funciones de vibraci\u00f3n.<\/li>\n<\/ul>\n<p>\nLas perlas anales recargables est\u00e1n dise\u00f1adas ergon\u00f3micamente para brindar una estimulaci\u00f3n incre\u00edble cada vez que inserta y suelta cada perla bulbosa. Impulsadas por un motor japon\u00e9s recargable s\u00faper silencioso, las cuentas flexibles vibran y estimulan para combinar la presi\u00f3n anal y el placer.<\/p>\n<p>El enchufe cuenta con una base ancha y contorneada que garantiza una extracci\u00f3n segura y un revestimiento suave<em> luv-touch <\/em>que se puede usar c\u00f3modamente durante un tiempo prolongado. La punta c\u00f3nica est\u00e1 dise\u00f1ada para una f\u00e1cil inserci\u00f3n, mientras que las perlas ligeramente graduadas ofrecen incre\u00edbles emociones con cada movimiento.<\/p>\n<p>Prueba las perlas anales recargables en la ducha o el spa y convierte la hora del ba\u00f1o en un momento de placer. El asa ancha evita que las perlas se deslicen demasiado hacia adentro mientras se ajustan c\u00f3modamente entre tus mejillas.<\/p>\n<p>La silcona Elite, segura para el cuerpo, es sedosa al tacto, hipoalerg\u00e9nica y f\u00e1cil de limpiar despu\u00e9s de la diversi\u00f3n con Refresh Toy Cleaner y agua tibia.<\/p>\n<ul>\n<li>Instrucciones de carga:<\/li>\n<\/ul>\n<p>Inserta la clavija del cable USB en el peque\u00f1o orificio en la base de las cuentas. El tiempo de carga es de aproximadamente 1,5 horas y el tiempo de ejecuci\u00f3n es de aproximadamente 2 horas.<\/p>\n<p>\u00a1Kit de preparaci\u00f3n de 4 piezas GRATIS incluido!<\/p>\n<ul>\n<li>Limpiador de juguetes<\/li>\n<li>Lubricante anal humedo<\/li>\n<li>Anal Ease Insertz Cream<\/li>\n<li>Guante de nitrilo<\/li>\n<\/ul>\n<p>Medidas:<\/p>\n<ul>\n<li>Longitud: 17 cm<\/li>\n<li>Longitud insertable: 14,2 cm<\/li>\n<li>Ancho: 7,6 cm<\/li>\n<\/ul>\n","protected":false},"excerpt":{"rendered":"<p>RECHARGEABLE ANAL BEADS Cuando est\u00e1s buscando llevar tu juego anal al siguiente nivel, la colecci\u00f3n Elite de Anal Fantasy\u00ae es<\/p>\n","protected":false},"featured_media":60708,"comment_status":"open","ping_status":"open","template":"","meta":[],"product_cat":[295],"product_tag":[1558,259],"class_list":["post-60707","product","type-product","status-publish","has-post-thumbnail","hentry","product_cat-vibradores-plugs","product_tag-anal-fantasy-elite-collection","product_tag-pipedream"],"bundled_by":[],"bundle_stock_status":"instock","bundle_stock_quantity":1,"bundle_virtual":false,"bundle_layout":"","bundle_add_to_cart_form_location":"","bundle_editable_in_cart":false,"bundle_sold_individually_context":"","bundle_item_grouping":"","bundle_min_size":"","bundle_max_size":"","bundled_items":[],"yoast_head":"<!-- This site is optimized with the Yoast SEO plugin v20.6 - https:\/\/yoast.com\/wordpress\/plugins\/seo\/ -->\n<title>BOLAS ANALES RECARGABLES - NEGRO - Tienda Er\u00f3tica<\/title>\n<meta name=\"robots\" content=\"noindex, follow, max-snippet:-1, max-image-preview:large, max-video-preview:-1\" \/>\n<meta property=\"og:locale\" content=\"es_ES\" \/>\n<meta property=\"og:type\" content=\"article\" \/>\n<meta property=\"og:title\" content=\"BOLAS ANALES RECARGABLES - NEGRO - Tienda Er\u00f3tica\" \/>\n<meta property=\"og:description\" content=\"RECHARGEABLE ANAL BEADS Cuando est\u00e1s buscando llevar tu juego anal al siguiente nivel, la colecci\u00f3n Elite de Anal Fantasy\u00ae es\" \/>\n<meta property=\"og:url\" content=\"https:\/\/demoweb.info\/sexshop001\/producto\/bolas-anales-recargables-negro\/\" \/>\n<meta property=\"og:site_name\" content=\"Tienda Er\u00f3tica\" \/>\n<meta property=\"article:modified_time\" content=\"2022-01-22T17:05:06+00:00\" \/>\n<meta property=\"og:image\" content=\"https:\/\/demoweb.info\/sexshop001\/wp-content\/uploads\/2022\/01\/BOLAS-ANALES-RECARGABLES-NEGRO.jpg\" \/>\n\t<meta property=\"og:image:width\" content=\"550\" \/>\n\t<meta property=\"og:image:height\" content=\"550\" \/>\n\t<meta property=\"og:image:type\" content=\"image\/jpeg\" \/>\n<meta name=\"twitter:card\" content=\"summary_large_image\" \/>\n<meta name=\"twitter:label1\" content=\"Tiempo de lectura\" \/>\n\t<meta name=\"twitter:data1\" content=\"2 minutos\" \/>\n<script type=\"application\/ld+json\" class=\"yoast-schema-graph\">{\"@context\":\"https:\/\/schema.org\",\"@graph\":[{\"@type\":\"WebPage\",\"@id\":\"https:\/\/demoweb.info\/sexshop001\/producto\/bolas-anales-recargables-negro\/\",\"url\":\"https:\/\/demoweb.info\/sexshop001\/producto\/bolas-anales-recargables-negro\/\",\"name\":\"BOLAS ANALES RECARGABLES - NEGRO - Tienda Er\u00f3tica\",\"isPartOf\":{\"@id\":\"https:\/\/demoweb.info\/sexshop001\/#website\"},\"datePublished\":\"2022-01-22T17:04:47+00:00\",\"dateModified\":\"2022-01-22T17:05:06+00:00\",\"breadcrumb\":{\"@id\":\"https:\/\/demoweb.info\/sexshop001\/producto\/bolas-anales-recargables-negro\/#breadcrumb\"},\"inLanguage\":\"es\",\"potentialAction\":[{\"@type\":\"ReadAction\",\"target\":[\"https:\/\/demoweb.info\/sexshop001\/producto\/bolas-anales-recargables-negro\/\"]}]},{\"@type\":\"BreadcrumbList\",\"@id\":\"https:\/\/demoweb.info\/sexshop001\/producto\/bolas-anales-recargables-negro\/#breadcrumb\",\"itemListElement\":[{\"@type\":\"ListItem\",\"position\":1,\"name\":\"Portada\",\"item\":\"https:\/\/demoweb.info\/sexshop001\/\"},{\"@type\":\"ListItem\",\"position\":2,\"name\":\"Tienda\",\"item\":\"https:\/\/demoweb.info\/sexshop001\/tienda\/\"},{\"@type\":\"ListItem\",\"position\":3,\"name\":\"BOLAS ANALES RECARGABLES &#8211; NEGRO\"}]},{\"@type\":\"WebSite\",\"@id\":\"https:\/\/demoweb.info\/sexshop001\/#website\",\"url\":\"https:\/\/demoweb.info\/sexshop001\/\",\"name\":\"Tienda Er\u00f3tica\",\"description\":\"DEMOWEB SL\",\"potentialAction\":[{\"@type\":\"SearchAction\",\"target\":{\"@type\":\"EntryPoint\",\"urlTemplate\":\"https:\/\/demoweb.info\/sexshop001\/?s={search_term_string}\"},\"query-input\":\"required name=search_term_string\"}],\"inLanguage\":\"es\"}]}<\/script>\n<!-- \/ Yoast SEO plugin. -->","yoast_head_json":{"title":"BOLAS ANALES RECARGABLES - NEGRO - Tienda Er\u00f3tica","robots":{"index":"noindex","follow":"follow","max-snippet":"max-snippet:-1","max-image-preview":"max-image-preview:large","max-video-preview":"max-video-preview:-1"},"og_locale":"es_ES","og_type":"article","og_title":"BOLAS ANALES RECARGABLES - NEGRO - Tienda Er\u00f3tica","og_description":"RECHARGEABLE ANAL BEADS Cuando est\u00e1s buscando llevar tu juego anal al siguiente nivel, la colecci\u00f3n Elite de Anal Fantasy\u00ae es","og_url":"https:\/\/demoweb.info\/sexshop001\/producto\/bolas-anales-recargables-negro\/","og_site_name":"Tienda Er\u00f3tica","article_modified_time":"2022-01-22T17:05:06+00:00","og_image":[{"width":550,"height":550,"url":"https:\/\/demoweb.info\/sexshop001\/wp-content\/uploads\/2022\/01\/BOLAS-ANALES-RECARGABLES-NEGRO.jpg","type":"image\/jpeg"}],"twitter_card":"summary_large_image","twitter_misc":{"Tiempo de lectura":"2 minutos"},"schema":{"@context":"https:\/\/schema.org","@graph":[{"@type":"WebPage","@id":"https:\/\/demoweb.info\/sexshop001\/producto\/bolas-anales-recargables-negro\/","url":"https:\/\/demoweb.info\/sexshop001\/producto\/bolas-anales-recargables-negro\/","name":"BOLAS ANALES RECARGABLES - NEGRO - Tienda Er\u00f3tica","isPartOf":{"@id":"https:\/\/demoweb.info\/sexshop001\/#website"},"datePublished":"2022-01-22T17:04:47+00:00","dateModified":"2022-01-22T17:05:06+00:00","breadcrumb":{"@id":"https:\/\/demoweb.info\/sexshop001\/producto\/bolas-anales-recargables-negro\/#breadcrumb"},"inLanguage":"es","potentialAction":[{"@type":"ReadAction","target":["https:\/\/demoweb.info\/sexshop001\/producto\/bolas-anales-recargables-negro\/"]}]},{"@type":"BreadcrumbList","@id":"https:\/\/demoweb.info\/sexshop001\/producto\/bolas-anales-recargables-negro\/#breadcrumb","itemListElement":[{"@type":"ListItem","position":1,"name":"Portada","item":"https:\/\/demoweb.info\/sexshop001\/"},{"@type":"ListItem","position":2,"name":"Tienda","item":"https:\/\/demoweb.info\/sexshop001\/tienda\/"},{"@type":"ListItem","position":3,"name":"BOLAS ANALES RECARGABLES &#8211; NEGRO"}]},{"@type":"WebSite","@id":"https:\/\/demoweb.info\/sexshop001\/#website","url":"https:\/\/demoweb.info\/sexshop001\/","name":"Tienda Er\u00f3tica","description":"DEMOWEB SL","potentialAction":[{"@type":"SearchAction","target":{"@type":"EntryPoint","urlTemplate":"https:\/\/demoweb.info\/sexshop001\/?s={search_term_string}"},"query-input":"required name=search_term_string"}],"inLanguage":"es"}]}},"_links":{"self":[{"href":"https:\/\/demoweb.info\/sexshop001\/wp-json\/wp\/v3\/product\/60707","targetHints":{"allow":["GET"]}}],"collection":[{"href":"https:\/\/demoweb.info\/sexshop001\/wp-json\/wp\/v3\/product"}],"about":[{"href":"https:\/\/demoweb.info\/sexshop001\/wp-json\/wp\/v2\/types\/product"}],"replies":[{"embeddable":true,"href":"https:\/\/demoweb.info\/sexshop001\/wp-json\/wp\/v2\/comments?post=60707"}],"wp:featuredmedia":[{"embeddable":true,"href":"https:\/\/demoweb.info\/sexshop001\/wp-json\/wp\/v2\/media\/60708"}],"wp:attachment":[{"href":"https:\/\/demoweb.info\/sexshop001\/wp-json\/wp\/v2\/media?parent=60707"}],"wp:term":[{"taxonomy":"product_cat","embeddable":true,"href":"https:\/\/demoweb.info\/sexshop001\/wp-json\/wp\/v2\/product_cat?post=60707"},{"taxonomy":"product_tag","embeddable":true,"href":"https:\/\/demoweb.info\/sexshop001\/wp-json\/wp\/v2\/product_tag?post=60707"}],"curies":[{"name":"wp","href":"https:\/\/api.w.org\/{rel}","templated":true}]}}