{"id":60579,"date":"2022-01-22T18:03:21","date_gmt":"2022-01-22T17:03:21","guid":{"rendered":"https:\/\/demoweb.info\/sexshop001\/producto\/the-key-holder-cerradura-con-reloj\/"},"modified":"2022-01-22T18:03:34","modified_gmt":"2022-01-22T17:03:34","slug":"the-key-holder-cerradura-con-reloj","status":"publish","type":"product","link":"https:\/\/demoweb.info\/sexshop001\/producto\/the-key-holder-cerradura-con-reloj\/","title":{"rendered":"THE KEY HOLDER CERRADURA CON RELOJ"},"content":{"rendered":"<p><strong>THE KEY HOLDER TIME LOCK<\/strong><\/p>\n<p>No importa cu\u00e1nto ruegues y supliques, \u00a1este ingenioso candado tiene una liberaci\u00f3n establecida que te garantiza que sirvas tu tiempo! Si bien la mayor\u00eda de las cerraduras dependen de los caprichos humanos, esta cerradura digital controla todo lo que est\u00e1 conectado; \u00fasela para la esclavitud, mordazas de bolas o su juguete favorito.<\/p>\n<p>Del\u00e9itese con una p\u00e9rdida total de poder, ya sea que su propietario lo est\u00e9 castigando o que se involucre en una esclavitud a prueba de escape. Una de nuestras ideas favoritas es encerrar la llave de un dispositivo de castidad en una caja o gabinete. Tendr\u00e1s que mirar el tiempo restante, creando anticipaci\u00f3n y excitaci\u00f3n con cada segundo que pasa. La cerradura es recargable por USB, con un tiempo m\u00e1ximo de 99 horas. Eso es m\u00e1s de cuatro d\u00edas de estar atrapado o restringido, sin esperanza de escapar, excepto esperar su tiempo hasta que termine la cuenta regresiva. Cuando el temporizador finalmente se ha agotado, suena un tono que indica su liberaci\u00f3n. La interfaz es f\u00e1cil de usar e incluye instrucciones. Solo aseg\u00farese de que la cerradura est\u00e9 completamente cargada y estructuralmente s\u00f3lida antes de asegurarla: una vez que est\u00e1 activada, \u00a1no hay escapatoria!<\/p>\n<ul>\n<li>Medidas: 7,1 x 3,8 cm<\/li>\n<li>Peso: 40 gramos<\/li>\n<li>Material: Pl\u00e1stico ABS y metal<\/li>\n<\/ul>\n","protected":false},"excerpt":{"rendered":"<p>THE KEY HOLDER TIME LOCK No importa cu\u00e1nto ruegues y supliques, \u00a1este ingenioso candado tiene una liberaci\u00f3n establecida que te<\/p>\n","protected":false},"featured_media":60580,"comment_status":"open","ping_status":"open","template":"","meta":[],"product_cat":[540],"product_tag":[463,274],"class_list":["post-60579","product","type-product","status-publish","has-post-thumbnail","hentry","product_cat-accesorios-ataduras","product_tag-master-series","product_tag-xr-brands"],"bundled_by":[],"bundle_stock_status":"instock","bundle_stock_quantity":1,"bundle_virtual":false,"bundle_layout":"","bundle_add_to_cart_form_location":"","bundle_editable_in_cart":false,"bundle_sold_individually_context":"","bundle_item_grouping":"","bundle_min_size":"","bundle_max_size":"","bundled_items":[],"yoast_head":"<!-- This site is optimized with the Yoast SEO plugin v20.6 - https:\/\/yoast.com\/wordpress\/plugins\/seo\/ -->\n<title>THE KEY HOLDER CERRADURA CON RELOJ - Tienda Er\u00f3tica<\/title>\n<meta name=\"robots\" content=\"noindex, follow, max-snippet:-1, max-image-preview:large, max-video-preview:-1\" \/>\n<meta property=\"og:locale\" content=\"es_ES\" \/>\n<meta property=\"og:type\" content=\"article\" \/>\n<meta property=\"og:title\" content=\"THE KEY HOLDER CERRADURA CON RELOJ - Tienda Er\u00f3tica\" \/>\n<meta property=\"og:description\" content=\"THE KEY HOLDER TIME LOCK No importa cu\u00e1nto ruegues y supliques, \u00a1este ingenioso candado tiene una liberaci\u00f3n establecida que te\" \/>\n<meta property=\"og:url\" content=\"https:\/\/demoweb.info\/sexshop001\/producto\/the-key-holder-cerradura-con-reloj\/\" \/>\n<meta property=\"og:site_name\" content=\"Tienda Er\u00f3tica\" \/>\n<meta property=\"article:modified_time\" content=\"2022-01-22T17:03:34+00:00\" \/>\n<meta property=\"og:image\" content=\"https:\/\/demoweb.info\/sexshop001\/wp-content\/uploads\/2022\/01\/THE-KEY-HOLDER-CERRADURA-CON-RELOJ.jpg\" \/>\n\t<meta property=\"og:image:width\" content=\"550\" \/>\n\t<meta property=\"og:image:height\" content=\"550\" \/>\n\t<meta property=\"og:image:type\" content=\"image\/jpeg\" \/>\n<meta name=\"twitter:card\" content=\"summary_large_image\" \/>\n<meta name=\"twitter:label1\" content=\"Tiempo de lectura\" \/>\n\t<meta name=\"twitter:data1\" content=\"1 minuto\" \/>\n<script type=\"application\/ld+json\" class=\"yoast-schema-graph\">{\"@context\":\"https:\/\/schema.org\",\"@graph\":[{\"@type\":\"WebPage\",\"@id\":\"https:\/\/demoweb.info\/sexshop001\/producto\/the-key-holder-cerradura-con-reloj\/\",\"url\":\"https:\/\/demoweb.info\/sexshop001\/producto\/the-key-holder-cerradura-con-reloj\/\",\"name\":\"THE KEY HOLDER CERRADURA CON RELOJ - Tienda Er\u00f3tica\",\"isPartOf\":{\"@id\":\"https:\/\/demoweb.info\/sexshop001\/#website\"},\"datePublished\":\"2022-01-22T17:03:21+00:00\",\"dateModified\":\"2022-01-22T17:03:34+00:00\",\"breadcrumb\":{\"@id\":\"https:\/\/demoweb.info\/sexshop001\/producto\/the-key-holder-cerradura-con-reloj\/#breadcrumb\"},\"inLanguage\":\"es\",\"potentialAction\":[{\"@type\":\"ReadAction\",\"target\":[\"https:\/\/demoweb.info\/sexshop001\/producto\/the-key-holder-cerradura-con-reloj\/\"]}]},{\"@type\":\"BreadcrumbList\",\"@id\":\"https:\/\/demoweb.info\/sexshop001\/producto\/the-key-holder-cerradura-con-reloj\/#breadcrumb\",\"itemListElement\":[{\"@type\":\"ListItem\",\"position\":1,\"name\":\"Portada\",\"item\":\"https:\/\/demoweb.info\/sexshop001\/\"},{\"@type\":\"ListItem\",\"position\":2,\"name\":\"Tienda\",\"item\":\"https:\/\/demoweb.info\/sexshop001\/tienda\/\"},{\"@type\":\"ListItem\",\"position\":3,\"name\":\"THE KEY HOLDER CERRADURA CON RELOJ\"}]},{\"@type\":\"WebSite\",\"@id\":\"https:\/\/demoweb.info\/sexshop001\/#website\",\"url\":\"https:\/\/demoweb.info\/sexshop001\/\",\"name\":\"Tienda Er\u00f3tica\",\"description\":\"DEMOWEB SL\",\"potentialAction\":[{\"@type\":\"SearchAction\",\"target\":{\"@type\":\"EntryPoint\",\"urlTemplate\":\"https:\/\/demoweb.info\/sexshop001\/?s={search_term_string}\"},\"query-input\":\"required name=search_term_string\"}],\"inLanguage\":\"es\"}]}<\/script>\n<!-- \/ Yoast SEO plugin. -->","yoast_head_json":{"title":"THE KEY HOLDER CERRADURA CON RELOJ - Tienda Er\u00f3tica","robots":{"index":"noindex","follow":"follow","max-snippet":"max-snippet:-1","max-image-preview":"max-image-preview:large","max-video-preview":"max-video-preview:-1"},"og_locale":"es_ES","og_type":"article","og_title":"THE KEY HOLDER CERRADURA CON RELOJ - Tienda Er\u00f3tica","og_description":"THE KEY HOLDER TIME LOCK No importa cu\u00e1nto ruegues y supliques, \u00a1este ingenioso candado tiene una liberaci\u00f3n establecida que te","og_url":"https:\/\/demoweb.info\/sexshop001\/producto\/the-key-holder-cerradura-con-reloj\/","og_site_name":"Tienda Er\u00f3tica","article_modified_time":"2022-01-22T17:03:34+00:00","og_image":[{"width":550,"height":550,"url":"https:\/\/demoweb.info\/sexshop001\/wp-content\/uploads\/2022\/01\/THE-KEY-HOLDER-CERRADURA-CON-RELOJ.jpg","type":"image\/jpeg"}],"twitter_card":"summary_large_image","twitter_misc":{"Tiempo de lectura":"1 minuto"},"schema":{"@context":"https:\/\/schema.org","@graph":[{"@type":"WebPage","@id":"https:\/\/demoweb.info\/sexshop001\/producto\/the-key-holder-cerradura-con-reloj\/","url":"https:\/\/demoweb.info\/sexshop001\/producto\/the-key-holder-cerradura-con-reloj\/","name":"THE KEY HOLDER CERRADURA CON RELOJ - Tienda Er\u00f3tica","isPartOf":{"@id":"https:\/\/demoweb.info\/sexshop001\/#website"},"datePublished":"2022-01-22T17:03:21+00:00","dateModified":"2022-01-22T17:03:34+00:00","breadcrumb":{"@id":"https:\/\/demoweb.info\/sexshop001\/producto\/the-key-holder-cerradura-con-reloj\/#breadcrumb"},"inLanguage":"es","potentialAction":[{"@type":"ReadAction","target":["https:\/\/demoweb.info\/sexshop001\/producto\/the-key-holder-cerradura-con-reloj\/"]}]},{"@type":"BreadcrumbList","@id":"https:\/\/demoweb.info\/sexshop001\/producto\/the-key-holder-cerradura-con-reloj\/#breadcrumb","itemListElement":[{"@type":"ListItem","position":1,"name":"Portada","item":"https:\/\/demoweb.info\/sexshop001\/"},{"@type":"ListItem","position":2,"name":"Tienda","item":"https:\/\/demoweb.info\/sexshop001\/tienda\/"},{"@type":"ListItem","position":3,"name":"THE KEY HOLDER CERRADURA CON RELOJ"}]},{"@type":"WebSite","@id":"https:\/\/demoweb.info\/sexshop001\/#website","url":"https:\/\/demoweb.info\/sexshop001\/","name":"Tienda Er\u00f3tica","description":"DEMOWEB SL","potentialAction":[{"@type":"SearchAction","target":{"@type":"EntryPoint","urlTemplate":"https:\/\/demoweb.info\/sexshop001\/?s={search_term_string}"},"query-input":"required name=search_term_string"}],"inLanguage":"es"}]}},"_links":{"self":[{"href":"https:\/\/demoweb.info\/sexshop001\/wp-json\/wp\/v3\/product\/60579","targetHints":{"allow":["GET"]}}],"collection":[{"href":"https:\/\/demoweb.info\/sexshop001\/wp-json\/wp\/v3\/product"}],"about":[{"href":"https:\/\/demoweb.info\/sexshop001\/wp-json\/wp\/v2\/types\/product"}],"replies":[{"embeddable":true,"href":"https:\/\/demoweb.info\/sexshop001\/wp-json\/wp\/v2\/comments?post=60579"}],"wp:featuredmedia":[{"embeddable":true,"href":"https:\/\/demoweb.info\/sexshop001\/wp-json\/wp\/v2\/media\/60580"}],"wp:attachment":[{"href":"https:\/\/demoweb.info\/sexshop001\/wp-json\/wp\/v2\/media?parent=60579"}],"wp:term":[{"taxonomy":"product_cat","embeddable":true,"href":"https:\/\/demoweb.info\/sexshop001\/wp-json\/wp\/v2\/product_cat?post=60579"},{"taxonomy":"product_tag","embeddable":true,"href":"https:\/\/demoweb.info\/sexshop001\/wp-json\/wp\/v2\/product_tag?post=60579"}],"curies":[{"name":"wp","href":"https:\/\/api.w.org\/{rel}","templated":true}]}}