{"id":60569,"date":"2022-01-22T18:03:21","date_gmt":"2022-01-22T17:03:21","guid":{"rendered":"https:\/\/demoweb.info\/sexshop001\/producto\/ring-plug-set-anillo-con-plug-de-silicona-y-acero-inox\/"},"modified":"2022-01-22T18:03:26","modified_gmt":"2022-01-22T17:03:26","slug":"ring-plug-set-anillo-con-plug-de-silicona-y-acero-inox","status":"publish","type":"product","link":"https:\/\/demoweb.info\/sexshop001\/producto\/ring-plug-set-anillo-con-plug-de-silicona-y-acero-inox\/","title":{"rendered":"RING &#038; PLUG SET &#8211; ANILLO CON PLUG DE SILICONA Y ACERO INOX"},"content":{"rendered":"<p><strong>RING &#038; PLUG SET &#8211; SILICONE &#038; STAINLESS STEEL COCK ACCESSORY<\/strong><\/p>\n<p>\u00bfListo para experimentar nuevos extremos de placer? La sonda uretral y el juego de enchufes son accesibles para todos en este conjunto premontado de cuatro tapones uretrales de acero inoxidable en anillos de silicona premium.<\/p>\n<p>Estos productos no requieren ensamblaje y se esterilizan f\u00e1cilmente para su uso, por lo que est\u00e1n listos cuando tu lo est\u00e9s. Cada enchufe abarca una variedad de formas y anchos, alentando a los usuarios a experimentar y entrenar.<br \/>\nEl juego de anillos y tapones de silicona y acero inoxidable Kink by Doc Johnson tambi\u00e9n incluye un estuche de neopreno de marca para un almacenamiento y viaje limpio y discreto, e instrucciones completas para un uso seguro e higi\u00e9nico.<\/p>\n<p>Kink by Doc Johnson es una emocionante colaboraci\u00f3n con Kink.com para crear una colecci\u00f3n de art\u00edculos fetiche aut\u00e9nticos de alta calidad adecuados para practicantes a largo plazo y nuevos iniciados por igual.<\/p><\/p>\n","protected":false},"excerpt":{"rendered":"<p>RING &#038; PLUG SET &#8211; SILICONE &#038; STAINLESS STEEL COCK ACCESSORY \u00bfListo para experimentar nuevos extremos de placer? La sonda<\/p>\n","protected":false},"featured_media":60570,"comment_status":"open","ping_status":"open","template":"","meta":[],"product_cat":[466],"product_tag":[460,1474],"class_list":["post-60569","product","type-product","status-publish","has-post-thumbnail","hentry","product_cat-con-plug","product_tag-doc-johnson","product_tag-kink"],"bundled_by":[],"bundle_stock_status":"outofstock","bundle_stock_quantity":0,"bundle_virtual":false,"bundle_layout":"","bundle_add_to_cart_form_location":"","bundle_editable_in_cart":false,"bundle_sold_individually_context":"","bundle_item_grouping":"","bundle_min_size":"","bundle_max_size":"","bundled_items":[],"yoast_head":"<!-- This site is optimized with the Yoast SEO plugin v20.6 - https:\/\/yoast.com\/wordpress\/plugins\/seo\/ -->\n<title>RING &amp; PLUG SET - ANILLO CON PLUG DE SILICONA Y ACERO INOX - Tienda Er\u00f3tica<\/title>\n<meta name=\"robots\" content=\"noindex, follow, max-snippet:-1, max-image-preview:large, max-video-preview:-1\" \/>\n<meta property=\"og:locale\" content=\"es_ES\" \/>\n<meta property=\"og:type\" content=\"article\" \/>\n<meta property=\"og:title\" content=\"RING &amp; PLUG SET - ANILLO CON PLUG DE SILICONA Y ACERO INOX - Tienda Er\u00f3tica\" \/>\n<meta property=\"og:description\" content=\"RING &#038; PLUG SET &#8211; SILICONE &#038; STAINLESS STEEL COCK ACCESSORY \u00bfListo para experimentar nuevos extremos de placer? La sonda\" \/>\n<meta property=\"og:url\" content=\"https:\/\/demoweb.info\/sexshop001\/producto\/ring-plug-set-anillo-con-plug-de-silicona-y-acero-inox\/\" \/>\n<meta property=\"og:site_name\" content=\"Tienda Er\u00f3tica\" \/>\n<meta property=\"article:modified_time\" content=\"2022-01-22T17:03:26+00:00\" \/>\n<meta property=\"og:image\" content=\"https:\/\/demoweb.info\/sexshop001\/wp-content\/uploads\/2022\/01\/RING-PLUG-SET-ANILLO-CON-PLUG-DE-SILICONA-Y-ACERO-INOX.jpg\" \/>\n\t<meta property=\"og:image:width\" content=\"550\" \/>\n\t<meta property=\"og:image:height\" content=\"550\" \/>\n\t<meta property=\"og:image:type\" content=\"image\/jpeg\" \/>\n<meta name=\"twitter:card\" content=\"summary_large_image\" \/>\n<meta name=\"twitter:label1\" content=\"Tiempo de lectura\" \/>\n\t<meta name=\"twitter:data1\" content=\"1 minuto\" \/>\n<script type=\"application\/ld+json\" class=\"yoast-schema-graph\">{\"@context\":\"https:\/\/schema.org\",\"@graph\":[{\"@type\":\"WebPage\",\"@id\":\"https:\/\/demoweb.info\/sexshop001\/producto\/ring-plug-set-anillo-con-plug-de-silicona-y-acero-inox\/\",\"url\":\"https:\/\/demoweb.info\/sexshop001\/producto\/ring-plug-set-anillo-con-plug-de-silicona-y-acero-inox\/\",\"name\":\"RING & PLUG SET - ANILLO CON PLUG DE SILICONA Y ACERO INOX - Tienda Er\u00f3tica\",\"isPartOf\":{\"@id\":\"https:\/\/demoweb.info\/sexshop001\/#website\"},\"datePublished\":\"2022-01-22T17:03:21+00:00\",\"dateModified\":\"2022-01-22T17:03:26+00:00\",\"breadcrumb\":{\"@id\":\"https:\/\/demoweb.info\/sexshop001\/producto\/ring-plug-set-anillo-con-plug-de-silicona-y-acero-inox\/#breadcrumb\"},\"inLanguage\":\"es\",\"potentialAction\":[{\"@type\":\"ReadAction\",\"target\":[\"https:\/\/demoweb.info\/sexshop001\/producto\/ring-plug-set-anillo-con-plug-de-silicona-y-acero-inox\/\"]}]},{\"@type\":\"BreadcrumbList\",\"@id\":\"https:\/\/demoweb.info\/sexshop001\/producto\/ring-plug-set-anillo-con-plug-de-silicona-y-acero-inox\/#breadcrumb\",\"itemListElement\":[{\"@type\":\"ListItem\",\"position\":1,\"name\":\"Portada\",\"item\":\"https:\/\/demoweb.info\/sexshop001\/\"},{\"@type\":\"ListItem\",\"position\":2,\"name\":\"Tienda\",\"item\":\"https:\/\/demoweb.info\/sexshop001\/tienda\/\"},{\"@type\":\"ListItem\",\"position\":3,\"name\":\"RING &#038; PLUG SET &#8211; ANILLO CON PLUG DE SILICONA Y ACERO INOX\"}]},{\"@type\":\"WebSite\",\"@id\":\"https:\/\/demoweb.info\/sexshop001\/#website\",\"url\":\"https:\/\/demoweb.info\/sexshop001\/\",\"name\":\"Tienda Er\u00f3tica\",\"description\":\"DEMOWEB SL\",\"potentialAction\":[{\"@type\":\"SearchAction\",\"target\":{\"@type\":\"EntryPoint\",\"urlTemplate\":\"https:\/\/demoweb.info\/sexshop001\/?s={search_term_string}\"},\"query-input\":\"required name=search_term_string\"}],\"inLanguage\":\"es\"}]}<\/script>\n<!-- \/ Yoast SEO plugin. -->","yoast_head_json":{"title":"RING & PLUG SET - ANILLO CON PLUG DE SILICONA Y ACERO INOX - Tienda Er\u00f3tica","robots":{"index":"noindex","follow":"follow","max-snippet":"max-snippet:-1","max-image-preview":"max-image-preview:large","max-video-preview":"max-video-preview:-1"},"og_locale":"es_ES","og_type":"article","og_title":"RING & PLUG SET - ANILLO CON PLUG DE SILICONA Y ACERO INOX - Tienda Er\u00f3tica","og_description":"RING &#038; PLUG SET &#8211; SILICONE &#038; STAINLESS STEEL COCK ACCESSORY \u00bfListo para experimentar nuevos extremos de placer? La sonda","og_url":"https:\/\/demoweb.info\/sexshop001\/producto\/ring-plug-set-anillo-con-plug-de-silicona-y-acero-inox\/","og_site_name":"Tienda Er\u00f3tica","article_modified_time":"2022-01-22T17:03:26+00:00","og_image":[{"width":550,"height":550,"url":"https:\/\/demoweb.info\/sexshop001\/wp-content\/uploads\/2022\/01\/RING-PLUG-SET-ANILLO-CON-PLUG-DE-SILICONA-Y-ACERO-INOX.jpg","type":"image\/jpeg"}],"twitter_card":"summary_large_image","twitter_misc":{"Tiempo de lectura":"1 minuto"},"schema":{"@context":"https:\/\/schema.org","@graph":[{"@type":"WebPage","@id":"https:\/\/demoweb.info\/sexshop001\/producto\/ring-plug-set-anillo-con-plug-de-silicona-y-acero-inox\/","url":"https:\/\/demoweb.info\/sexshop001\/producto\/ring-plug-set-anillo-con-plug-de-silicona-y-acero-inox\/","name":"RING & PLUG SET - ANILLO CON PLUG DE SILICONA Y ACERO INOX - Tienda Er\u00f3tica","isPartOf":{"@id":"https:\/\/demoweb.info\/sexshop001\/#website"},"datePublished":"2022-01-22T17:03:21+00:00","dateModified":"2022-01-22T17:03:26+00:00","breadcrumb":{"@id":"https:\/\/demoweb.info\/sexshop001\/producto\/ring-plug-set-anillo-con-plug-de-silicona-y-acero-inox\/#breadcrumb"},"inLanguage":"es","potentialAction":[{"@type":"ReadAction","target":["https:\/\/demoweb.info\/sexshop001\/producto\/ring-plug-set-anillo-con-plug-de-silicona-y-acero-inox\/"]}]},{"@type":"BreadcrumbList","@id":"https:\/\/demoweb.info\/sexshop001\/producto\/ring-plug-set-anillo-con-plug-de-silicona-y-acero-inox\/#breadcrumb","itemListElement":[{"@type":"ListItem","position":1,"name":"Portada","item":"https:\/\/demoweb.info\/sexshop001\/"},{"@type":"ListItem","position":2,"name":"Tienda","item":"https:\/\/demoweb.info\/sexshop001\/tienda\/"},{"@type":"ListItem","position":3,"name":"RING &#038; PLUG SET &#8211; ANILLO CON PLUG DE SILICONA Y ACERO INOX"}]},{"@type":"WebSite","@id":"https:\/\/demoweb.info\/sexshop001\/#website","url":"https:\/\/demoweb.info\/sexshop001\/","name":"Tienda Er\u00f3tica","description":"DEMOWEB SL","potentialAction":[{"@type":"SearchAction","target":{"@type":"EntryPoint","urlTemplate":"https:\/\/demoweb.info\/sexshop001\/?s={search_term_string}"},"query-input":"required name=search_term_string"}],"inLanguage":"es"}]}},"_links":{"self":[{"href":"https:\/\/demoweb.info\/sexshop001\/wp-json\/wp\/v3\/product\/60569","targetHints":{"allow":["GET"]}}],"collection":[{"href":"https:\/\/demoweb.info\/sexshop001\/wp-json\/wp\/v3\/product"}],"about":[{"href":"https:\/\/demoweb.info\/sexshop001\/wp-json\/wp\/v2\/types\/product"}],"replies":[{"embeddable":true,"href":"https:\/\/demoweb.info\/sexshop001\/wp-json\/wp\/v2\/comments?post=60569"}],"wp:featuredmedia":[{"embeddable":true,"href":"https:\/\/demoweb.info\/sexshop001\/wp-json\/wp\/v2\/media\/60570"}],"wp:attachment":[{"href":"https:\/\/demoweb.info\/sexshop001\/wp-json\/wp\/v2\/media?parent=60569"}],"wp:term":[{"taxonomy":"product_cat","embeddable":true,"href":"https:\/\/demoweb.info\/sexshop001\/wp-json\/wp\/v2\/product_cat?post=60569"},{"taxonomy":"product_tag","embeddable":true,"href":"https:\/\/demoweb.info\/sexshop001\/wp-json\/wp\/v2\/product_tag?post=60569"}],"curies":[{"name":"wp","href":"https:\/\/api.w.org\/{rel}","templated":true}]}}