{"id":60564,"date":"2022-01-22T18:03:21","date_gmt":"2022-01-22T17:03:21","guid":{"rendered":"https:\/\/demoweb.info\/sexshop001\/producto\/pinzas-pezones-con-cubo-de-esclavitud\/"},"modified":"2022-01-22T18:03:23","modified_gmt":"2022-01-22T17:03:23","slug":"pinzas-pezones-con-cubo-de-esclavitud","status":"publish","type":"product","link":"https:\/\/demoweb.info\/sexshop001\/producto\/pinzas-pezones-con-cubo-de-esclavitud\/","title":{"rendered":"PINZAS PEZONES CON CUBO DE ESCLAVITUD"},"content":{"rendered":"<p><strong>SLAVE BUCKET LABIA AND NIPPLE CLAMPS<\/strong><\/p>\n<p>Slave Bucket es el accesorio BDSM perfecto para los juegos con tu compa\u00f1ero. Combinando el dise\u00f1o de las cl\u00e1sicas abrazaderas de tr\u00e9bol con un cuvbo que cuelga de las cadenas, cuanto m\u00e1s peso agregues, m\u00e1s fuerte ser\u00e1 la presi\u00f3n y el tir\u00f3n.<\/p>\n<p>Haz bromas con tu sub con cada guijarro, moneda o gota de agua que entra en el cubo. Este dispositivo tortuoso es perfecto para pezones o labios, pero se puede utilizar en cualquier lugar que desee.<\/p>\n<p>Material: Aluminio y acero.<\/p>\n","protected":false},"excerpt":{"rendered":"<p>SLAVE BUCKET LABIA AND NIPPLE CLAMPS Slave Bucket es el accesorio BDSM perfecto para los juegos con tu compa\u00f1ero. Combinando<\/p>\n","protected":false},"featured_media":60565,"comment_status":"open","ping_status":"open","template":"","meta":[],"product_cat":[287],"product_tag":[463,274],"class_list":["post-60564","product","type-product","status-publish","has-post-thumbnail","hentry","product_cat-extreme-bdsm","product_tag-master-series","product_tag-xr-brands"],"bundled_by":[],"bundle_stock_status":"instock","bundle_stock_quantity":1,"bundle_virtual":false,"bundle_layout":"","bundle_add_to_cart_form_location":"","bundle_editable_in_cart":false,"bundle_sold_individually_context":"","bundle_item_grouping":"","bundle_min_size":"","bundle_max_size":"","bundled_items":[],"yoast_head":"<!-- This site is optimized with the Yoast SEO plugin v20.6 - https:\/\/yoast.com\/wordpress\/plugins\/seo\/ -->\n<title>PINZAS PEZONES CON CUBO DE ESCLAVITUD - Tienda Er\u00f3tica<\/title>\n<meta name=\"robots\" content=\"noindex, follow, max-snippet:-1, max-image-preview:large, max-video-preview:-1\" \/>\n<meta property=\"og:locale\" content=\"es_ES\" \/>\n<meta property=\"og:type\" content=\"article\" \/>\n<meta property=\"og:title\" content=\"PINZAS PEZONES CON CUBO DE ESCLAVITUD - Tienda Er\u00f3tica\" \/>\n<meta property=\"og:description\" content=\"SLAVE BUCKET LABIA AND NIPPLE CLAMPS Slave Bucket es el accesorio BDSM perfecto para los juegos con tu compa\u00f1ero. Combinando\" \/>\n<meta property=\"og:url\" content=\"https:\/\/demoweb.info\/sexshop001\/producto\/pinzas-pezones-con-cubo-de-esclavitud\/\" \/>\n<meta property=\"og:site_name\" content=\"Tienda Er\u00f3tica\" \/>\n<meta property=\"article:modified_time\" content=\"2022-01-22T17:03:23+00:00\" \/>\n<meta property=\"og:image\" content=\"https:\/\/demoweb.info\/sexshop001\/wp-content\/uploads\/2022\/01\/PINZAS-PEZONES-CON-CUBO-DE-ESCLAVITUD.jpg\" \/>\n\t<meta property=\"og:image:width\" content=\"550\" \/>\n\t<meta property=\"og:image:height\" content=\"550\" \/>\n\t<meta property=\"og:image:type\" content=\"image\/jpeg\" \/>\n<meta name=\"twitter:card\" content=\"summary_large_image\" \/>\n<script type=\"application\/ld+json\" class=\"yoast-schema-graph\">{\"@context\":\"https:\/\/schema.org\",\"@graph\":[{\"@type\":\"WebPage\",\"@id\":\"https:\/\/demoweb.info\/sexshop001\/producto\/pinzas-pezones-con-cubo-de-esclavitud\/\",\"url\":\"https:\/\/demoweb.info\/sexshop001\/producto\/pinzas-pezones-con-cubo-de-esclavitud\/\",\"name\":\"PINZAS PEZONES CON CUBO DE ESCLAVITUD - Tienda Er\u00f3tica\",\"isPartOf\":{\"@id\":\"https:\/\/demoweb.info\/sexshop001\/#website\"},\"datePublished\":\"2022-01-22T17:03:21+00:00\",\"dateModified\":\"2022-01-22T17:03:23+00:00\",\"breadcrumb\":{\"@id\":\"https:\/\/demoweb.info\/sexshop001\/producto\/pinzas-pezones-con-cubo-de-esclavitud\/#breadcrumb\"},\"inLanguage\":\"es\",\"potentialAction\":[{\"@type\":\"ReadAction\",\"target\":[\"https:\/\/demoweb.info\/sexshop001\/producto\/pinzas-pezones-con-cubo-de-esclavitud\/\"]}]},{\"@type\":\"BreadcrumbList\",\"@id\":\"https:\/\/demoweb.info\/sexshop001\/producto\/pinzas-pezones-con-cubo-de-esclavitud\/#breadcrumb\",\"itemListElement\":[{\"@type\":\"ListItem\",\"position\":1,\"name\":\"Portada\",\"item\":\"https:\/\/demoweb.info\/sexshop001\/\"},{\"@type\":\"ListItem\",\"position\":2,\"name\":\"Tienda\",\"item\":\"https:\/\/demoweb.info\/sexshop001\/tienda\/\"},{\"@type\":\"ListItem\",\"position\":3,\"name\":\"PINZAS PEZONES CON CUBO DE ESCLAVITUD\"}]},{\"@type\":\"WebSite\",\"@id\":\"https:\/\/demoweb.info\/sexshop001\/#website\",\"url\":\"https:\/\/demoweb.info\/sexshop001\/\",\"name\":\"Tienda Er\u00f3tica\",\"description\":\"DEMOWEB SL\",\"potentialAction\":[{\"@type\":\"SearchAction\",\"target\":{\"@type\":\"EntryPoint\",\"urlTemplate\":\"https:\/\/demoweb.info\/sexshop001\/?s={search_term_string}\"},\"query-input\":\"required name=search_term_string\"}],\"inLanguage\":\"es\"}]}<\/script>\n<!-- \/ Yoast SEO plugin. -->","yoast_head_json":{"title":"PINZAS PEZONES CON CUBO DE ESCLAVITUD - Tienda Er\u00f3tica","robots":{"index":"noindex","follow":"follow","max-snippet":"max-snippet:-1","max-image-preview":"max-image-preview:large","max-video-preview":"max-video-preview:-1"},"og_locale":"es_ES","og_type":"article","og_title":"PINZAS PEZONES CON CUBO DE ESCLAVITUD - Tienda Er\u00f3tica","og_description":"SLAVE BUCKET LABIA AND NIPPLE CLAMPS Slave Bucket es el accesorio BDSM perfecto para los juegos con tu compa\u00f1ero. Combinando","og_url":"https:\/\/demoweb.info\/sexshop001\/producto\/pinzas-pezones-con-cubo-de-esclavitud\/","og_site_name":"Tienda Er\u00f3tica","article_modified_time":"2022-01-22T17:03:23+00:00","og_image":[{"width":550,"height":550,"url":"https:\/\/demoweb.info\/sexshop001\/wp-content\/uploads\/2022\/01\/PINZAS-PEZONES-CON-CUBO-DE-ESCLAVITUD.jpg","type":"image\/jpeg"}],"twitter_card":"summary_large_image","schema":{"@context":"https:\/\/schema.org","@graph":[{"@type":"WebPage","@id":"https:\/\/demoweb.info\/sexshop001\/producto\/pinzas-pezones-con-cubo-de-esclavitud\/","url":"https:\/\/demoweb.info\/sexshop001\/producto\/pinzas-pezones-con-cubo-de-esclavitud\/","name":"PINZAS PEZONES CON CUBO DE ESCLAVITUD - Tienda Er\u00f3tica","isPartOf":{"@id":"https:\/\/demoweb.info\/sexshop001\/#website"},"datePublished":"2022-01-22T17:03:21+00:00","dateModified":"2022-01-22T17:03:23+00:00","breadcrumb":{"@id":"https:\/\/demoweb.info\/sexshop001\/producto\/pinzas-pezones-con-cubo-de-esclavitud\/#breadcrumb"},"inLanguage":"es","potentialAction":[{"@type":"ReadAction","target":["https:\/\/demoweb.info\/sexshop001\/producto\/pinzas-pezones-con-cubo-de-esclavitud\/"]}]},{"@type":"BreadcrumbList","@id":"https:\/\/demoweb.info\/sexshop001\/producto\/pinzas-pezones-con-cubo-de-esclavitud\/#breadcrumb","itemListElement":[{"@type":"ListItem","position":1,"name":"Portada","item":"https:\/\/demoweb.info\/sexshop001\/"},{"@type":"ListItem","position":2,"name":"Tienda","item":"https:\/\/demoweb.info\/sexshop001\/tienda\/"},{"@type":"ListItem","position":3,"name":"PINZAS PEZONES CON CUBO DE ESCLAVITUD"}]},{"@type":"WebSite","@id":"https:\/\/demoweb.info\/sexshop001\/#website","url":"https:\/\/demoweb.info\/sexshop001\/","name":"Tienda Er\u00f3tica","description":"DEMOWEB SL","potentialAction":[{"@type":"SearchAction","target":{"@type":"EntryPoint","urlTemplate":"https:\/\/demoweb.info\/sexshop001\/?s={search_term_string}"},"query-input":"required name=search_term_string"}],"inLanguage":"es"}]}},"_links":{"self":[{"href":"https:\/\/demoweb.info\/sexshop001\/wp-json\/wp\/v3\/product\/60564","targetHints":{"allow":["GET"]}}],"collection":[{"href":"https:\/\/demoweb.info\/sexshop001\/wp-json\/wp\/v3\/product"}],"about":[{"href":"https:\/\/demoweb.info\/sexshop001\/wp-json\/wp\/v2\/types\/product"}],"replies":[{"embeddable":true,"href":"https:\/\/demoweb.info\/sexshop001\/wp-json\/wp\/v2\/comments?post=60564"}],"wp:featuredmedia":[{"embeddable":true,"href":"https:\/\/demoweb.info\/sexshop001\/wp-json\/wp\/v2\/media\/60565"}],"wp:attachment":[{"href":"https:\/\/demoweb.info\/sexshop001\/wp-json\/wp\/v2\/media?parent=60564"}],"wp:term":[{"taxonomy":"product_cat","embeddable":true,"href":"https:\/\/demoweb.info\/sexshop001\/wp-json\/wp\/v2\/product_cat?post=60564"},{"taxonomy":"product_tag","embeddable":true,"href":"https:\/\/demoweb.info\/sexshop001\/wp-json\/wp\/v2\/product_tag?post=60564"}],"curies":[{"name":"wp","href":"https:\/\/api.w.org\/{rel}","templated":true}]}}