{"id":60349,"date":"2022-01-22T18:00:27","date_gmt":"2022-01-22T17:00:27","guid":{"rendered":"https:\/\/demoweb.info\/sexshop001\/producto\/satisfyer-vibes-power-flower\/"},"modified":"2022-01-22T18:00:51","modified_gmt":"2022-01-22T17:00:51","slug":"satisfyer-vibes-power-flower","status":"publish","type":"product","link":"https:\/\/demoweb.info\/sexshop001\/producto\/satisfyer-vibes-power-flower\/","title":{"rendered":"SATISFYER VIBES POWER FLOWER"},"content":{"rendered":"<p><strong>SATISFYER VIBES POWER FLOWER<\/strong><\/p>\n<p>PAZ, AMOR Y ROCK AND ROLL<\/p>\n<p>La vibraci\u00f3n de sus l\u00e1minas de placer har\u00e1 que tu flor se abra de puro placer en cuesti\u00f3n de segundos.<\/p>\n<p>VIBRANTES L\u00c1MINAS DE PLACER<\/p>\n<p>\u00bfNo fueron inspiradores los 70? Buena m\u00fasica, todo lleno de flores, pacifismo y amor libre en todos lados, \u00a1qu\u00e9 maravilla! Pero no todo tiempo pasado fue mejor; por ejemplo, no hab\u00eda ecol\u00f3gicos vibradores recargables e impermeables de silicona flexible como este grandioso ejemplar. Power Flower ha sido concebido como un peque\u00f1o homenaje al esp\u00edritu del amor, el pacifismo y el rock&acute;n roll que har\u00e1 florecer tu bot\u00f3n del amor de pura pasi\u00f3n. Su dise\u00f1o combina 12 potentes programas de vibraci\u00f3n, un tallo flexible de suave material y un extremo estrecho y dividido. As\u00ed ofrece numerosas posibilidades de estimulaci\u00f3n: Power Flower te permite tanto la introducci\u00f3n vaginal como disfrutar de una estimulaci\u00f3n externa dejando que sus suaves l\u00e1minas bailen en torno a tu bot\u00f3n del amor.<\/p>\n<p>VIBRACIONES DE PAZ PARA TU CL\u00cdTORIS<\/p>\n<p>En el pr\u00e1ctico anillo de sujeci\u00f3n con panel de mando encontrar\u00e1s de manera intuitiva tu programa favorito simplemente pulsando un bot\u00f3n, mientras sujetas con firmeza este florido juguete er\u00f3tico incluso en los momentos m\u00e1s intensos. Los 12 programas de vibraci\u00f3n, especialmente potentes, se componen de 6 intensidades y 6 ritmos sensuales. El potente motor reparte las vibraciones por todo el tallo y proporciona una estimulaci\u00f3n intensa desde arriba hasta abajo. El acabado impermeable (IPX7) del Power Flower te invita tambi\u00e9n a disfrutar de momentos de placer en la ducha o la ba\u00f1era.<\/p>\n<p>&#8211; Vibraci\u00f3n profunda superintensa<br \/>\n&#8211; Cuerpo flexible e impermeable<br \/>\n&#8211; Suave silicona maciza de alta calidad<\/p>\n<p>Las bater\u00edas de tu nuevo juguete favorito permiten recargarlo y respetar el medio ambiente. Si quieres recargar tu juguete en la red, puedes completar el cable magn\u00e9tico USB con un enchufe convencional de 5 V.<\/p>\n<p>&#8211; Estanco IPX7<br \/>\n&#8211; 2 Motores superpotentes<br \/>\n&#8211; Bater\u00eda de iones de litio<br \/>\n&#8211; F\u00e1cil de limpiar<br \/>\n&#8211; Bajo el agua<br \/>\n&#8211; Cable de carga magn\u00e9tico por USB<\/p>\n<p>MATERIAL<\/p>\n<p>La silicona hipoalerg\u00e9nica de Satisfyer Vibes destaca por su sedosa superficie mate con una extraordinaria adaptaci\u00f3n al cuerpo. Con un acabado impermeable (IPX7) y un pr\u00e1ctico anillo de sujeci\u00f3n de pl\u00e1stico ABS resistente a los ara\u00f1azos, los juguetes er\u00f3ticos se limpian con facilidad y se conservan higi\u00e9nicos durante mucho tiempo. El flexible material se desliza de maravilla y adopta r\u00e1pidamente la temperatura del cuerpo. El vibrador se limpia r\u00e1pida y f\u00e1cilmente con un poco de jab\u00f3n y agua templada. Para una higiene minuciosa, roc\u00edalo despu\u00e9s con limpiador desinfectante para juguetes sexuales.<\/p>\n","protected":false},"excerpt":{"rendered":"<p>SATISFYER VIBES POWER FLOWER PAZ, AMOR Y ROCK AND ROLL La vibraci\u00f3n de sus l\u00e1minas de placer har\u00e1 que tu<\/p>\n","protected":false},"featured_media":60350,"comment_status":"open","ping_status":"open","template":"","meta":[],"product_cat":[315],"product_tag":[442,615],"class_list":["post-60349","product","type-product","status-publish","has-post-thumbnail","hentry","product_cat-silicona-vibradores-juguetes-xxx","product_tag-satisfyer","product_tag-vibrator"],"bundled_by":[],"bundle_stock_status":"instock","bundle_stock_quantity":25,"bundle_virtual":false,"bundle_layout":"","bundle_add_to_cart_form_location":"","bundle_editable_in_cart":false,"bundle_sold_individually_context":"","bundle_item_grouping":"","bundle_min_size":"","bundle_max_size":"","bundled_items":[],"yoast_head":"<!-- This site is optimized with the Yoast SEO plugin v20.6 - https:\/\/yoast.com\/wordpress\/plugins\/seo\/ -->\n<title>SATISFYER VIBES POWER FLOWER - Tienda Er\u00f3tica<\/title>\n<meta name=\"robots\" content=\"noindex, follow, max-snippet:-1, max-image-preview:large, max-video-preview:-1\" \/>\n<meta property=\"og:locale\" content=\"es_ES\" \/>\n<meta property=\"og:type\" content=\"article\" \/>\n<meta property=\"og:title\" content=\"SATISFYER VIBES POWER FLOWER - Tienda Er\u00f3tica\" \/>\n<meta property=\"og:description\" content=\"SATISFYER VIBES POWER FLOWER PAZ, AMOR Y ROCK AND ROLL La vibraci\u00f3n de sus l\u00e1minas de placer har\u00e1 que tu\" \/>\n<meta property=\"og:url\" content=\"https:\/\/demoweb.info\/sexshop001\/producto\/satisfyer-vibes-power-flower\/\" \/>\n<meta property=\"og:site_name\" content=\"Tienda Er\u00f3tica\" \/>\n<meta property=\"article:modified_time\" content=\"2022-01-22T17:00:51+00:00\" \/>\n<meta property=\"og:image\" content=\"https:\/\/demoweb.info\/sexshop001\/wp-content\/uploads\/2022\/01\/SATISFYER-VIBES-POWER-FLOWER.jpg\" \/>\n\t<meta property=\"og:image:width\" content=\"550\" \/>\n\t<meta property=\"og:image:height\" content=\"550\" \/>\n\t<meta property=\"og:image:type\" content=\"image\/jpeg\" \/>\n<meta name=\"twitter:card\" content=\"summary_large_image\" \/>\n<meta name=\"twitter:label1\" content=\"Tiempo de lectura\" \/>\n\t<meta name=\"twitter:data1\" content=\"2 minutos\" \/>\n<script type=\"application\/ld+json\" class=\"yoast-schema-graph\">{\"@context\":\"https:\/\/schema.org\",\"@graph\":[{\"@type\":\"WebPage\",\"@id\":\"https:\/\/demoweb.info\/sexshop001\/producto\/satisfyer-vibes-power-flower\/\",\"url\":\"https:\/\/demoweb.info\/sexshop001\/producto\/satisfyer-vibes-power-flower\/\",\"name\":\"SATISFYER VIBES POWER FLOWER - Tienda Er\u00f3tica\",\"isPartOf\":{\"@id\":\"https:\/\/demoweb.info\/sexshop001\/#website\"},\"datePublished\":\"2022-01-22T17:00:27+00:00\",\"dateModified\":\"2022-01-22T17:00:51+00:00\",\"breadcrumb\":{\"@id\":\"https:\/\/demoweb.info\/sexshop001\/producto\/satisfyer-vibes-power-flower\/#breadcrumb\"},\"inLanguage\":\"es\",\"potentialAction\":[{\"@type\":\"ReadAction\",\"target\":[\"https:\/\/demoweb.info\/sexshop001\/producto\/satisfyer-vibes-power-flower\/\"]}]},{\"@type\":\"BreadcrumbList\",\"@id\":\"https:\/\/demoweb.info\/sexshop001\/producto\/satisfyer-vibes-power-flower\/#breadcrumb\",\"itemListElement\":[{\"@type\":\"ListItem\",\"position\":1,\"name\":\"Portada\",\"item\":\"https:\/\/demoweb.info\/sexshop001\/\"},{\"@type\":\"ListItem\",\"position\":2,\"name\":\"Tienda\",\"item\":\"https:\/\/demoweb.info\/sexshop001\/tienda\/\"},{\"@type\":\"ListItem\",\"position\":3,\"name\":\"SATISFYER VIBES POWER FLOWER\"}]},{\"@type\":\"WebSite\",\"@id\":\"https:\/\/demoweb.info\/sexshop001\/#website\",\"url\":\"https:\/\/demoweb.info\/sexshop001\/\",\"name\":\"Tienda Er\u00f3tica\",\"description\":\"DEMOWEB SL\",\"potentialAction\":[{\"@type\":\"SearchAction\",\"target\":{\"@type\":\"EntryPoint\",\"urlTemplate\":\"https:\/\/demoweb.info\/sexshop001\/?s={search_term_string}\"},\"query-input\":\"required name=search_term_string\"}],\"inLanguage\":\"es\"}]}<\/script>\n<!-- \/ Yoast SEO plugin. -->","yoast_head_json":{"title":"SATISFYER VIBES POWER FLOWER - Tienda Er\u00f3tica","robots":{"index":"noindex","follow":"follow","max-snippet":"max-snippet:-1","max-image-preview":"max-image-preview:large","max-video-preview":"max-video-preview:-1"},"og_locale":"es_ES","og_type":"article","og_title":"SATISFYER VIBES POWER FLOWER - Tienda Er\u00f3tica","og_description":"SATISFYER VIBES POWER FLOWER PAZ, AMOR Y ROCK AND ROLL La vibraci\u00f3n de sus l\u00e1minas de placer har\u00e1 que tu","og_url":"https:\/\/demoweb.info\/sexshop001\/producto\/satisfyer-vibes-power-flower\/","og_site_name":"Tienda Er\u00f3tica","article_modified_time":"2022-01-22T17:00:51+00:00","og_image":[{"width":550,"height":550,"url":"https:\/\/demoweb.info\/sexshop001\/wp-content\/uploads\/2022\/01\/SATISFYER-VIBES-POWER-FLOWER.jpg","type":"image\/jpeg"}],"twitter_card":"summary_large_image","twitter_misc":{"Tiempo de lectura":"2 minutos"},"schema":{"@context":"https:\/\/schema.org","@graph":[{"@type":"WebPage","@id":"https:\/\/demoweb.info\/sexshop001\/producto\/satisfyer-vibes-power-flower\/","url":"https:\/\/demoweb.info\/sexshop001\/producto\/satisfyer-vibes-power-flower\/","name":"SATISFYER VIBES POWER FLOWER - Tienda Er\u00f3tica","isPartOf":{"@id":"https:\/\/demoweb.info\/sexshop001\/#website"},"datePublished":"2022-01-22T17:00:27+00:00","dateModified":"2022-01-22T17:00:51+00:00","breadcrumb":{"@id":"https:\/\/demoweb.info\/sexshop001\/producto\/satisfyer-vibes-power-flower\/#breadcrumb"},"inLanguage":"es","potentialAction":[{"@type":"ReadAction","target":["https:\/\/demoweb.info\/sexshop001\/producto\/satisfyer-vibes-power-flower\/"]}]},{"@type":"BreadcrumbList","@id":"https:\/\/demoweb.info\/sexshop001\/producto\/satisfyer-vibes-power-flower\/#breadcrumb","itemListElement":[{"@type":"ListItem","position":1,"name":"Portada","item":"https:\/\/demoweb.info\/sexshop001\/"},{"@type":"ListItem","position":2,"name":"Tienda","item":"https:\/\/demoweb.info\/sexshop001\/tienda\/"},{"@type":"ListItem","position":3,"name":"SATISFYER VIBES POWER FLOWER"}]},{"@type":"WebSite","@id":"https:\/\/demoweb.info\/sexshop001\/#website","url":"https:\/\/demoweb.info\/sexshop001\/","name":"Tienda Er\u00f3tica","description":"DEMOWEB SL","potentialAction":[{"@type":"SearchAction","target":{"@type":"EntryPoint","urlTemplate":"https:\/\/demoweb.info\/sexshop001\/?s={search_term_string}"},"query-input":"required name=search_term_string"}],"inLanguage":"es"}]}},"_links":{"self":[{"href":"https:\/\/demoweb.info\/sexshop001\/wp-json\/wp\/v3\/product\/60349","targetHints":{"allow":["GET"]}}],"collection":[{"href":"https:\/\/demoweb.info\/sexshop001\/wp-json\/wp\/v3\/product"}],"about":[{"href":"https:\/\/demoweb.info\/sexshop001\/wp-json\/wp\/v2\/types\/product"}],"replies":[{"embeddable":true,"href":"https:\/\/demoweb.info\/sexshop001\/wp-json\/wp\/v2\/comments?post=60349"}],"wp:featuredmedia":[{"embeddable":true,"href":"https:\/\/demoweb.info\/sexshop001\/wp-json\/wp\/v2\/media\/60350"}],"wp:attachment":[{"href":"https:\/\/demoweb.info\/sexshop001\/wp-json\/wp\/v2\/media?parent=60349"}],"wp:term":[{"taxonomy":"product_cat","embeddable":true,"href":"https:\/\/demoweb.info\/sexshop001\/wp-json\/wp\/v2\/product_cat?post=60349"},{"taxonomy":"product_tag","embeddable":true,"href":"https:\/\/demoweb.info\/sexshop001\/wp-json\/wp\/v2\/product_tag?post=60349"}],"curies":[{"name":"wp","href":"https:\/\/api.w.org\/{rel}","templated":true}]}}