{"id":60305,"date":"2022-01-22T18:00:12","date_gmt":"2022-01-22T17:00:12","guid":{"rendered":"https:\/\/demoweb.info\/sexshop001\/producto\/fleshjack-boys-allen-king-majestic\/"},"modified":"2022-01-22T18:00:18","modified_gmt":"2022-01-22T17:00:18","slug":"fleshjack-boys-allen-king-majestic","status":"publish","type":"product","link":"https:\/\/demoweb.info\/sexshop001\/producto\/fleshjack-boys-allen-king-majestic\/","title":{"rendered":"FLESHJACK BOYS ALLEN KING MAJESTIC"},"content":{"rendered":"<p><strong>FLESHJACK BOYS ALLEN KING MAJESTIC<\/strong><\/p>\n<p>Nacido en Espa\u00f1a en 1990, Allen King se cri\u00f3 en Bilbao. King se uni\u00f3 a la escena del porno gay en 2014 cuando fue descubierto por el gerente Lucio Saints. Despu\u00e9s de haber querido hacer porno desde que era un adolescente, King se apunt\u00f3 r\u00e1pidamente a su primera escena. Ha filmado principalmente con Men.com y CockyBoys, con quienes actualmente es exclusivo.<\/p>\n<p>FLESHLIGHT SENSATION MAJESTIC<\/p>\n<p>\u00a1Peque\u00f1o, compacto y listo para ser usado y abusado! El Fleshjack de Allen King presenta una abertura cerrada con un remolino de nodos, seguido de crestas de intensidad y una serie de pliegues y protuberancias con dibujos que lo invitan a llevar su amor por la masturbaci\u00f3n al siguiente nivel.<\/p>\n<p>Prep\u00e1rate para una apasionante aventura europea, ya que este dios del amor espa\u00f1ol te regalar\u00e1 d\u00edas y noches de \u00e9xtasis. \u00a1Moldeado del propio actor! Incluye la funda a tope de Allen King Fleshjack con la textura majestuosa de Allen y un estuche de Fleshjack azul claro.<\/p>\n<p>Caracter\u00edsticas:<\/p>\n<ul>\n<li>Hecho de material patentado Superskin<\/li>\n<li>F\u00e1cil de usar y limpio<\/li>\n<li>Discreto.<\/li>\n<li>Canal interno de textura intensa <\/li>\n<\/ul>\n","protected":false},"excerpt":{"rendered":"<p>FLESHJACK BOYS ALLEN KING MAJESTIC Nacido en Espa\u00f1a en 1990, Allen King se cri\u00f3 en Bilbao. King se uni\u00f3 a<\/p>\n","protected":false},"featured_media":60306,"comment_status":"open","ping_status":"open","template":"","meta":[],"product_cat":[468],"product_tag":[1080,576],"class_list":["post-60305","product","type-product","status-publish","has-post-thumbnail","hentry","product_cat-anos","product_tag-fleshjack-boys","product_tag-fleshlight"],"bundled_by":[],"bundle_stock_status":"instock","bundle_stock_quantity":3,"bundle_virtual":false,"bundle_layout":"","bundle_add_to_cart_form_location":"","bundle_editable_in_cart":false,"bundle_sold_individually_context":"","bundle_item_grouping":"","bundle_min_size":"","bundle_max_size":"","bundled_items":[],"yoast_head":"<!-- This site is optimized with the Yoast SEO plugin v20.6 - https:\/\/yoast.com\/wordpress\/plugins\/seo\/ -->\n<title>FLESHJACK BOYS ALLEN KING MAJESTIC - Tienda Er\u00f3tica<\/title>\n<meta name=\"robots\" content=\"noindex, follow, max-snippet:-1, max-image-preview:large, max-video-preview:-1\" \/>\n<meta property=\"og:locale\" content=\"es_ES\" \/>\n<meta property=\"og:type\" content=\"article\" \/>\n<meta property=\"og:title\" content=\"FLESHJACK BOYS ALLEN KING MAJESTIC - Tienda Er\u00f3tica\" \/>\n<meta property=\"og:description\" content=\"FLESHJACK BOYS ALLEN KING MAJESTIC Nacido en Espa\u00f1a en 1990, Allen King se cri\u00f3 en Bilbao. King se uni\u00f3 a\" \/>\n<meta property=\"og:url\" content=\"https:\/\/demoweb.info\/sexshop001\/producto\/fleshjack-boys-allen-king-majestic\/\" \/>\n<meta property=\"og:site_name\" content=\"Tienda Er\u00f3tica\" \/>\n<meta property=\"article:modified_time\" content=\"2022-01-22T17:00:18+00:00\" \/>\n<meta property=\"og:image\" content=\"https:\/\/demoweb.info\/sexshop001\/wp-content\/uploads\/2022\/01\/FLESHJACK-BOYS-ALLEN-KING-MAJESTIC.jpg\" \/>\n\t<meta property=\"og:image:width\" content=\"550\" \/>\n\t<meta property=\"og:image:height\" content=\"550\" \/>\n\t<meta property=\"og:image:type\" content=\"image\/jpeg\" \/>\n<meta name=\"twitter:card\" content=\"summary_large_image\" \/>\n<meta name=\"twitter:label1\" content=\"Tiempo de lectura\" \/>\n\t<meta name=\"twitter:data1\" content=\"1 minuto\" \/>\n<script type=\"application\/ld+json\" class=\"yoast-schema-graph\">{\"@context\":\"https:\/\/schema.org\",\"@graph\":[{\"@type\":\"WebPage\",\"@id\":\"https:\/\/demoweb.info\/sexshop001\/producto\/fleshjack-boys-allen-king-majestic\/\",\"url\":\"https:\/\/demoweb.info\/sexshop001\/producto\/fleshjack-boys-allen-king-majestic\/\",\"name\":\"FLESHJACK BOYS ALLEN KING MAJESTIC - Tienda Er\u00f3tica\",\"isPartOf\":{\"@id\":\"https:\/\/demoweb.info\/sexshop001\/#website\"},\"datePublished\":\"2022-01-22T17:00:12+00:00\",\"dateModified\":\"2022-01-22T17:00:18+00:00\",\"breadcrumb\":{\"@id\":\"https:\/\/demoweb.info\/sexshop001\/producto\/fleshjack-boys-allen-king-majestic\/#breadcrumb\"},\"inLanguage\":\"es\",\"potentialAction\":[{\"@type\":\"ReadAction\",\"target\":[\"https:\/\/demoweb.info\/sexshop001\/producto\/fleshjack-boys-allen-king-majestic\/\"]}]},{\"@type\":\"BreadcrumbList\",\"@id\":\"https:\/\/demoweb.info\/sexshop001\/producto\/fleshjack-boys-allen-king-majestic\/#breadcrumb\",\"itemListElement\":[{\"@type\":\"ListItem\",\"position\":1,\"name\":\"Portada\",\"item\":\"https:\/\/demoweb.info\/sexshop001\/\"},{\"@type\":\"ListItem\",\"position\":2,\"name\":\"Tienda\",\"item\":\"https:\/\/demoweb.info\/sexshop001\/tienda\/\"},{\"@type\":\"ListItem\",\"position\":3,\"name\":\"FLESHJACK BOYS ALLEN KING MAJESTIC\"}]},{\"@type\":\"WebSite\",\"@id\":\"https:\/\/demoweb.info\/sexshop001\/#website\",\"url\":\"https:\/\/demoweb.info\/sexshop001\/\",\"name\":\"Tienda Er\u00f3tica\",\"description\":\"DEMOWEB SL\",\"potentialAction\":[{\"@type\":\"SearchAction\",\"target\":{\"@type\":\"EntryPoint\",\"urlTemplate\":\"https:\/\/demoweb.info\/sexshop001\/?s={search_term_string}\"},\"query-input\":\"required name=search_term_string\"}],\"inLanguage\":\"es\"}]}<\/script>\n<!-- \/ Yoast SEO plugin. -->","yoast_head_json":{"title":"FLESHJACK BOYS ALLEN KING MAJESTIC - Tienda Er\u00f3tica","robots":{"index":"noindex","follow":"follow","max-snippet":"max-snippet:-1","max-image-preview":"max-image-preview:large","max-video-preview":"max-video-preview:-1"},"og_locale":"es_ES","og_type":"article","og_title":"FLESHJACK BOYS ALLEN KING MAJESTIC - Tienda Er\u00f3tica","og_description":"FLESHJACK BOYS ALLEN KING MAJESTIC Nacido en Espa\u00f1a en 1990, Allen King se cri\u00f3 en Bilbao. King se uni\u00f3 a","og_url":"https:\/\/demoweb.info\/sexshop001\/producto\/fleshjack-boys-allen-king-majestic\/","og_site_name":"Tienda Er\u00f3tica","article_modified_time":"2022-01-22T17:00:18+00:00","og_image":[{"width":550,"height":550,"url":"https:\/\/demoweb.info\/sexshop001\/wp-content\/uploads\/2022\/01\/FLESHJACK-BOYS-ALLEN-KING-MAJESTIC.jpg","type":"image\/jpeg"}],"twitter_card":"summary_large_image","twitter_misc":{"Tiempo de lectura":"1 minuto"},"schema":{"@context":"https:\/\/schema.org","@graph":[{"@type":"WebPage","@id":"https:\/\/demoweb.info\/sexshop001\/producto\/fleshjack-boys-allen-king-majestic\/","url":"https:\/\/demoweb.info\/sexshop001\/producto\/fleshjack-boys-allen-king-majestic\/","name":"FLESHJACK BOYS ALLEN KING MAJESTIC - Tienda Er\u00f3tica","isPartOf":{"@id":"https:\/\/demoweb.info\/sexshop001\/#website"},"datePublished":"2022-01-22T17:00:12+00:00","dateModified":"2022-01-22T17:00:18+00:00","breadcrumb":{"@id":"https:\/\/demoweb.info\/sexshop001\/producto\/fleshjack-boys-allen-king-majestic\/#breadcrumb"},"inLanguage":"es","potentialAction":[{"@type":"ReadAction","target":["https:\/\/demoweb.info\/sexshop001\/producto\/fleshjack-boys-allen-king-majestic\/"]}]},{"@type":"BreadcrumbList","@id":"https:\/\/demoweb.info\/sexshop001\/producto\/fleshjack-boys-allen-king-majestic\/#breadcrumb","itemListElement":[{"@type":"ListItem","position":1,"name":"Portada","item":"https:\/\/demoweb.info\/sexshop001\/"},{"@type":"ListItem","position":2,"name":"Tienda","item":"https:\/\/demoweb.info\/sexshop001\/tienda\/"},{"@type":"ListItem","position":3,"name":"FLESHJACK BOYS ALLEN KING MAJESTIC"}]},{"@type":"WebSite","@id":"https:\/\/demoweb.info\/sexshop001\/#website","url":"https:\/\/demoweb.info\/sexshop001\/","name":"Tienda Er\u00f3tica","description":"DEMOWEB SL","potentialAction":[{"@type":"SearchAction","target":{"@type":"EntryPoint","urlTemplate":"https:\/\/demoweb.info\/sexshop001\/?s={search_term_string}"},"query-input":"required name=search_term_string"}],"inLanguage":"es"}]}},"_links":{"self":[{"href":"https:\/\/demoweb.info\/sexshop001\/wp-json\/wp\/v3\/product\/60305","targetHints":{"allow":["GET"]}}],"collection":[{"href":"https:\/\/demoweb.info\/sexshop001\/wp-json\/wp\/v3\/product"}],"about":[{"href":"https:\/\/demoweb.info\/sexshop001\/wp-json\/wp\/v2\/types\/product"}],"replies":[{"embeddable":true,"href":"https:\/\/demoweb.info\/sexshop001\/wp-json\/wp\/v2\/comments?post=60305"}],"wp:featuredmedia":[{"embeddable":true,"href":"https:\/\/demoweb.info\/sexshop001\/wp-json\/wp\/v2\/media\/60306"}],"wp:attachment":[{"href":"https:\/\/demoweb.info\/sexshop001\/wp-json\/wp\/v2\/media?parent=60305"}],"wp:term":[{"taxonomy":"product_cat","embeddable":true,"href":"https:\/\/demoweb.info\/sexshop001\/wp-json\/wp\/v2\/product_cat?post=60305"},{"taxonomy":"product_tag","embeddable":true,"href":"https:\/\/demoweb.info\/sexshop001\/wp-json\/wp\/v2\/product_tag?post=60305"}],"curies":[{"name":"wp","href":"https:\/\/api.w.org\/{rel}","templated":true}]}}