{"id":60261,"date":"2022-01-22T17:59:47","date_gmt":"2022-01-22T16:59:47","guid":{"rendered":"https:\/\/demoweb.info\/sexshop001\/producto\/red-hot-blaze-estimulador-de-silicona-rojo\/"},"modified":"2022-01-22T17:59:48","modified_gmt":"2022-01-22T16:59:48","slug":"red-hot-blaze-estimulador-de-silicona-rojo","status":"publish","type":"product","link":"https:\/\/demoweb.info\/sexshop001\/producto\/red-hot-blaze-estimulador-de-silicona-rojo\/","title":{"rendered":"RED HOT BLAZE ESTIMULADOR DE SILICONA &#8211; ROJO"},"content":{"rendered":"<p><strong>RED HOT BLAZE <\/strong><\/p>\n<p>El Red Hot Blaze est\u00e1 seguro de encender un fuego en tu vida amorosa con las puntas teaser parpadeantes y 10 funciones de vibraci\u00f3n de gran alcance.<\/p>\n<p>El tama\u00f1o de viaje compacto, el \u00e1rea de juego al 100% y el cuerpo \u00fanico hacen que sea un buen momento. Las 3 ondas estimulantes, la forma contorneada y el \u00e1rea de juego 100% acarician apasionadamente tus puntos dulces sensuales.<\/p>\n<p>Las puntas parpadeantes y el tama\u00f1o compacto brindan placer puntual, dondequiera que vayas. Disfruta del placer personalizado mientras que el masajeador curvo se estremece al ritmo de 10 vibraciones vivaces, pulsaciones apasionadas y escalada er\u00f3tica.<\/p>\n<p>Controla esta variedad de opciones org\u00e1smicas con el bot\u00f3n de un solo toque y aviva las llamas de la pasi\u00f3n. Ya sea que est\u00e9s tomando un ba\u00f1o con un amante o participando en una sesi\u00f3n individual de vapor, disfrutar\u00e1s de hasta 3 horas de vibraci\u00f3n impermeable.<\/p>\n<p>Recarga el placer y vuelve al tiempo de juego en solo 2.5 horas con el cable USB. La vibraci\u00f3n flexible est\u00e1 hecha de una silicona higi\u00e9nicamente superior. Este material seguro para el cuerpo no tiene fragancia y no contiene ftalatos para mantener felices y saludables los lugares m\u00e1s sensibles.<\/p>\n<p>Medidas:  14 x 3,25 cm<\/p>\n","protected":false},"excerpt":{"rendered":"<p>RED HOT BLAZE El Red Hot Blaze est\u00e1 seguro de encender un fuego en tu vida amorosa con las puntas<\/p>\n","protected":false},"featured_media":60262,"comment_status":"open","ping_status":"open","template":"","meta":[],"product_cat":[370],"product_tag":[660,973],"class_list":["post-60261","product","type-product","status-publish","has-post-thumbnail","hentry","product_cat-clitoris","product_tag-calexotics","product_tag-red-hot"],"bundled_by":[],"bundle_stock_status":"instock","bundle_stock_quantity":1,"bundle_virtual":false,"bundle_layout":"","bundle_add_to_cart_form_location":"","bundle_editable_in_cart":false,"bundle_sold_individually_context":"","bundle_item_grouping":"","bundle_min_size":"","bundle_max_size":"","bundled_items":[],"yoast_head":"<!-- This site is optimized with the Yoast SEO plugin v20.6 - https:\/\/yoast.com\/wordpress\/plugins\/seo\/ -->\n<title>RED HOT BLAZE ESTIMULADOR DE SILICONA - ROJO - Tienda Er\u00f3tica<\/title>\n<meta name=\"robots\" content=\"noindex, follow, max-snippet:-1, max-image-preview:large, max-video-preview:-1\" \/>\n<meta property=\"og:locale\" content=\"es_ES\" \/>\n<meta property=\"og:type\" content=\"article\" \/>\n<meta property=\"og:title\" content=\"RED HOT BLAZE ESTIMULADOR DE SILICONA - ROJO - Tienda Er\u00f3tica\" \/>\n<meta property=\"og:description\" content=\"RED HOT BLAZE El Red Hot Blaze est\u00e1 seguro de encender un fuego en tu vida amorosa con las puntas\" \/>\n<meta property=\"og:url\" content=\"https:\/\/demoweb.info\/sexshop001\/producto\/red-hot-blaze-estimulador-de-silicona-rojo\/\" \/>\n<meta property=\"og:site_name\" content=\"Tienda Er\u00f3tica\" \/>\n<meta property=\"article:modified_time\" content=\"2022-01-22T16:59:48+00:00\" \/>\n<meta property=\"og:image\" content=\"https:\/\/demoweb.info\/sexshop001\/wp-content\/uploads\/2022\/01\/RED-HOT-BLAZE-ESTIMULADOR-DE-SILICONA-ROJO.jpg\" \/>\n\t<meta property=\"og:image:width\" content=\"550\" \/>\n\t<meta property=\"og:image:height\" content=\"550\" \/>\n\t<meta property=\"og:image:type\" content=\"image\/jpeg\" \/>\n<meta name=\"twitter:card\" content=\"summary_large_image\" \/>\n<meta name=\"twitter:label1\" content=\"Tiempo de lectura\" \/>\n\t<meta name=\"twitter:data1\" content=\"1 minuto\" \/>\n<script type=\"application\/ld+json\" class=\"yoast-schema-graph\">{\"@context\":\"https:\/\/schema.org\",\"@graph\":[{\"@type\":\"WebPage\",\"@id\":\"https:\/\/demoweb.info\/sexshop001\/producto\/red-hot-blaze-estimulador-de-silicona-rojo\/\",\"url\":\"https:\/\/demoweb.info\/sexshop001\/producto\/red-hot-blaze-estimulador-de-silicona-rojo\/\",\"name\":\"RED HOT BLAZE ESTIMULADOR DE SILICONA - ROJO - Tienda Er\u00f3tica\",\"isPartOf\":{\"@id\":\"https:\/\/demoweb.info\/sexshop001\/#website\"},\"datePublished\":\"2022-01-22T16:59:47+00:00\",\"dateModified\":\"2022-01-22T16:59:48+00:00\",\"breadcrumb\":{\"@id\":\"https:\/\/demoweb.info\/sexshop001\/producto\/red-hot-blaze-estimulador-de-silicona-rojo\/#breadcrumb\"},\"inLanguage\":\"es\",\"potentialAction\":[{\"@type\":\"ReadAction\",\"target\":[\"https:\/\/demoweb.info\/sexshop001\/producto\/red-hot-blaze-estimulador-de-silicona-rojo\/\"]}]},{\"@type\":\"BreadcrumbList\",\"@id\":\"https:\/\/demoweb.info\/sexshop001\/producto\/red-hot-blaze-estimulador-de-silicona-rojo\/#breadcrumb\",\"itemListElement\":[{\"@type\":\"ListItem\",\"position\":1,\"name\":\"Portada\",\"item\":\"https:\/\/demoweb.info\/sexshop001\/\"},{\"@type\":\"ListItem\",\"position\":2,\"name\":\"Tienda\",\"item\":\"https:\/\/demoweb.info\/sexshop001\/tienda\/\"},{\"@type\":\"ListItem\",\"position\":3,\"name\":\"RED HOT BLAZE ESTIMULADOR DE SILICONA &#8211; ROJO\"}]},{\"@type\":\"WebSite\",\"@id\":\"https:\/\/demoweb.info\/sexshop001\/#website\",\"url\":\"https:\/\/demoweb.info\/sexshop001\/\",\"name\":\"Tienda Er\u00f3tica\",\"description\":\"DEMOWEB SL\",\"potentialAction\":[{\"@type\":\"SearchAction\",\"target\":{\"@type\":\"EntryPoint\",\"urlTemplate\":\"https:\/\/demoweb.info\/sexshop001\/?s={search_term_string}\"},\"query-input\":\"required name=search_term_string\"}],\"inLanguage\":\"es\"}]}<\/script>\n<!-- \/ Yoast SEO plugin. -->","yoast_head_json":{"title":"RED HOT BLAZE ESTIMULADOR DE SILICONA - ROJO - Tienda Er\u00f3tica","robots":{"index":"noindex","follow":"follow","max-snippet":"max-snippet:-1","max-image-preview":"max-image-preview:large","max-video-preview":"max-video-preview:-1"},"og_locale":"es_ES","og_type":"article","og_title":"RED HOT BLAZE ESTIMULADOR DE SILICONA - ROJO - Tienda Er\u00f3tica","og_description":"RED HOT BLAZE El Red Hot Blaze est\u00e1 seguro de encender un fuego en tu vida amorosa con las puntas","og_url":"https:\/\/demoweb.info\/sexshop001\/producto\/red-hot-blaze-estimulador-de-silicona-rojo\/","og_site_name":"Tienda Er\u00f3tica","article_modified_time":"2022-01-22T16:59:48+00:00","og_image":[{"width":550,"height":550,"url":"https:\/\/demoweb.info\/sexshop001\/wp-content\/uploads\/2022\/01\/RED-HOT-BLAZE-ESTIMULADOR-DE-SILICONA-ROJO.jpg","type":"image\/jpeg"}],"twitter_card":"summary_large_image","twitter_misc":{"Tiempo de lectura":"1 minuto"},"schema":{"@context":"https:\/\/schema.org","@graph":[{"@type":"WebPage","@id":"https:\/\/demoweb.info\/sexshop001\/producto\/red-hot-blaze-estimulador-de-silicona-rojo\/","url":"https:\/\/demoweb.info\/sexshop001\/producto\/red-hot-blaze-estimulador-de-silicona-rojo\/","name":"RED HOT BLAZE ESTIMULADOR DE SILICONA - ROJO - Tienda Er\u00f3tica","isPartOf":{"@id":"https:\/\/demoweb.info\/sexshop001\/#website"},"datePublished":"2022-01-22T16:59:47+00:00","dateModified":"2022-01-22T16:59:48+00:00","breadcrumb":{"@id":"https:\/\/demoweb.info\/sexshop001\/producto\/red-hot-blaze-estimulador-de-silicona-rojo\/#breadcrumb"},"inLanguage":"es","potentialAction":[{"@type":"ReadAction","target":["https:\/\/demoweb.info\/sexshop001\/producto\/red-hot-blaze-estimulador-de-silicona-rojo\/"]}]},{"@type":"BreadcrumbList","@id":"https:\/\/demoweb.info\/sexshop001\/producto\/red-hot-blaze-estimulador-de-silicona-rojo\/#breadcrumb","itemListElement":[{"@type":"ListItem","position":1,"name":"Portada","item":"https:\/\/demoweb.info\/sexshop001\/"},{"@type":"ListItem","position":2,"name":"Tienda","item":"https:\/\/demoweb.info\/sexshop001\/tienda\/"},{"@type":"ListItem","position":3,"name":"RED HOT BLAZE ESTIMULADOR DE SILICONA &#8211; ROJO"}]},{"@type":"WebSite","@id":"https:\/\/demoweb.info\/sexshop001\/#website","url":"https:\/\/demoweb.info\/sexshop001\/","name":"Tienda Er\u00f3tica","description":"DEMOWEB SL","potentialAction":[{"@type":"SearchAction","target":{"@type":"EntryPoint","urlTemplate":"https:\/\/demoweb.info\/sexshop001\/?s={search_term_string}"},"query-input":"required name=search_term_string"}],"inLanguage":"es"}]}},"_links":{"self":[{"href":"https:\/\/demoweb.info\/sexshop001\/wp-json\/wp\/v3\/product\/60261","targetHints":{"allow":["GET"]}}],"collection":[{"href":"https:\/\/demoweb.info\/sexshop001\/wp-json\/wp\/v3\/product"}],"about":[{"href":"https:\/\/demoweb.info\/sexshop001\/wp-json\/wp\/v2\/types\/product"}],"replies":[{"embeddable":true,"href":"https:\/\/demoweb.info\/sexshop001\/wp-json\/wp\/v2\/comments?post=60261"}],"wp:featuredmedia":[{"embeddable":true,"href":"https:\/\/demoweb.info\/sexshop001\/wp-json\/wp\/v2\/media\/60262"}],"wp:attachment":[{"href":"https:\/\/demoweb.info\/sexshop001\/wp-json\/wp\/v2\/media?parent=60261"}],"wp:term":[{"taxonomy":"product_cat","embeddable":true,"href":"https:\/\/demoweb.info\/sexshop001\/wp-json\/wp\/v2\/product_cat?post=60261"},{"taxonomy":"product_tag","embeddable":true,"href":"https:\/\/demoweb.info\/sexshop001\/wp-json\/wp\/v2\/product_tag?post=60261"}],"curies":[{"name":"wp","href":"https:\/\/api.w.org\/{rel}","templated":true}]}}