{"id":59876,"date":"2022-01-22T17:55:30","date_gmt":"2022-01-22T16:55:30","guid":{"rendered":"https:\/\/demoweb.info\/sexshop001\/producto\/bianca-muneca-realistica\/"},"modified":"2022-01-22T17:55:34","modified_gmt":"2022-01-22T16:55:34","slug":"bianca-muneca-realistica","status":"publish","type":"product","link":"https:\/\/demoweb.info\/sexshop001\/producto\/bianca-muneca-realistica\/","title":{"rendered":"BIANCA &#8211; MU\u00d1ECA REAL\u00cdSTICA"},"content":{"rendered":"<p><strong>BIANCA &#8211; FLESH<\/strong><\/p>\n<p>Movibles de pies a cabeza hasta las puntas de sus dedos, las mu\u00f1ecas de la colecci\u00f3n ULTIMATE DOLL de Pipedream se han creado cuidadosamente para cumplir fantas\u00edas e inspirar placer \u00edntimo en todos los niveles. Con una verdadera atenci\u00f3n realista a los detalles y una piel s\u00faper suave de Fanta Flesh, \u00a1Ultimate Fantasy Dolls har\u00e1 que todos tus sue\u00f1os se hagan realidad!<\/p>\n<p>Caricia el exuberante cabello rubio fresa de Bianca y d\u00e9jate seducir por sus impresionantes ojos color avellana. Abre sus tiernos labios para experimentar la m\u00e1xima fantas\u00eda oral, o envuelve sus delicados y posables dedos y u\u00f1as pintadas alrededor de su gruesa barra de placer. Sus pechos firmes y alegres est\u00e1n a la espera de una cogida, mientras que su culo perfecto est\u00e1 agradablemente c\u00f3modo y dispuesto a complacer. Bianca es incre\u00edblemente sexy desde su hermosa cabeza hasta sus gr\u00e1ciles pies que seguramente complacer\u00e1n a los entusiastas del fetichismo de pies.<\/p>\n<p>Con sus 165 cm de altura, Bianca est\u00e1 segura de cumplir todas tus fantas\u00edas con sus ojos intrincados, labios flexibles, vagina realista, articulaciones posables y dedos de los pies realistas.<\/p>\n<p>Su cuerpo entero est\u00e1 apoyado por un esqueleto de acero inoxidable s\u00faper fuerte que presenta articulaciones m\u00f3viles y flexibles como una mujer real.<\/p>\n<p>Col\u00f3cala en cualquier posici\u00f3n que puedas imaginar, v\u00edstela con tu lencer\u00eda o bikini favorito y roc\u00eda tu perfume favorito sobre ella. \u00a1Bianca es toda tuya para disfrutar y est\u00e1 lista para cumplir todas tus fantas\u00edas!<\/p>\n<p>A continuaci\u00f3n hay una lista de todos los accesorios incluidos con tu mu\u00f1eca:<\/p>\n<p>(1) 118 ml &#8211; Loci\u00f3n corporal h\u00fameda<br \/>\n(1) 118 ml &#8211; Limpiador de juguetes<br \/>\n(2) 30 gr &#8211; Fanta Flesh Revive Renewal Powder<br \/>\n(1) Limpiador Irrigante<br \/>\n(1) Varita de calentamiento recargable con USB<br \/>\n(1) Conjunto de lencer\u00eda<br \/>\n(1) Par de guantes de algod\u00f3n blanco<br \/>\n(2) Inserciones vaginales de TPE \/ mangas de masturbaci\u00f3n<br \/>\n(1) Juego de clavos de presi\u00f3n de reemplazo<br \/>\n(1) Gu\u00eda de uso y cuidado disponible en ingl\u00e9s, franc\u00e9s, italiano, alem\u00e1n, espa\u00f1ol, holand\u00e9s y ruso\n <\/p>\n<p>Caracter\u00edsticas:<\/p>\n<ul>\n<li>Altura: 163 cm<\/li>\n<li>Longitud de inserci\u00f3n anal: 13 cm<\/li>\n<li>Longitud de inserci\u00f3n oral: 13 cm<\/li>\n<li>Peso: 38.55 kgs<\/li>\n<\/ul>\n","protected":false},"excerpt":{"rendered":"<p>BIANCA &#8211; FLESH Movibles de pies a cabeza hasta las puntas de sus dedos, las mu\u00f1ecas de la colecci\u00f3n ULTIMATE<\/p>\n","protected":false},"featured_media":59877,"comment_status":"open","ping_status":"open","template":"","meta":[],"product_cat":[472],"product_tag":[259,774],"class_list":["post-59876","product","type-product","status-publish","has-post-thumbnail","hentry","product_cat-realisticas","product_tag-pipedream","product_tag-ultimate-fantasy-dolls"],"bundled_by":[],"bundle_stock_status":"instock","bundle_stock_quantity":1,"bundle_virtual":false,"bundle_layout":"","bundle_add_to_cart_form_location":"","bundle_editable_in_cart":false,"bundle_sold_individually_context":"","bundle_item_grouping":"","bundle_min_size":"","bundle_max_size":"","bundled_items":[],"yoast_head":"<!-- This site is optimized with the Yoast SEO plugin v20.6 - https:\/\/yoast.com\/wordpress\/plugins\/seo\/ -->\n<title>BIANCA - MU\u00d1ECA REAL\u00cdSTICA - Tienda Er\u00f3tica<\/title>\n<meta name=\"robots\" content=\"noindex, follow, max-snippet:-1, max-image-preview:large, max-video-preview:-1\" \/>\n<meta property=\"og:locale\" content=\"es_ES\" \/>\n<meta property=\"og:type\" content=\"article\" \/>\n<meta property=\"og:title\" content=\"BIANCA - MU\u00d1ECA REAL\u00cdSTICA - Tienda Er\u00f3tica\" \/>\n<meta property=\"og:description\" content=\"BIANCA &#8211; FLESH Movibles de pies a cabeza hasta las puntas de sus dedos, las mu\u00f1ecas de la colecci\u00f3n ULTIMATE\" \/>\n<meta property=\"og:url\" content=\"https:\/\/demoweb.info\/sexshop001\/producto\/bianca-muneca-realistica\/\" \/>\n<meta property=\"og:site_name\" content=\"Tienda Er\u00f3tica\" \/>\n<meta property=\"article:modified_time\" content=\"2022-01-22T16:55:34+00:00\" \/>\n<meta property=\"og:image\" content=\"https:\/\/demoweb.info\/sexshop001\/wp-content\/uploads\/2022\/01\/BIANCA-MUNECA-REALISTICA.jpg\" \/>\n\t<meta property=\"og:image:width\" content=\"550\" \/>\n\t<meta property=\"og:image:height\" content=\"550\" \/>\n\t<meta property=\"og:image:type\" content=\"image\/jpeg\" \/>\n<meta name=\"twitter:card\" content=\"summary_large_image\" \/>\n<meta name=\"twitter:label1\" content=\"Tiempo de lectura\" \/>\n\t<meta name=\"twitter:data1\" content=\"2 minutos\" \/>\n<script type=\"application\/ld+json\" class=\"yoast-schema-graph\">{\"@context\":\"https:\/\/schema.org\",\"@graph\":[{\"@type\":\"WebPage\",\"@id\":\"https:\/\/demoweb.info\/sexshop001\/producto\/bianca-muneca-realistica\/\",\"url\":\"https:\/\/demoweb.info\/sexshop001\/producto\/bianca-muneca-realistica\/\",\"name\":\"BIANCA - MU\u00d1ECA REAL\u00cdSTICA - Tienda Er\u00f3tica\",\"isPartOf\":{\"@id\":\"https:\/\/demoweb.info\/sexshop001\/#website\"},\"datePublished\":\"2022-01-22T16:55:30+00:00\",\"dateModified\":\"2022-01-22T16:55:34+00:00\",\"breadcrumb\":{\"@id\":\"https:\/\/demoweb.info\/sexshop001\/producto\/bianca-muneca-realistica\/#breadcrumb\"},\"inLanguage\":\"es\",\"potentialAction\":[{\"@type\":\"ReadAction\",\"target\":[\"https:\/\/demoweb.info\/sexshop001\/producto\/bianca-muneca-realistica\/\"]}]},{\"@type\":\"BreadcrumbList\",\"@id\":\"https:\/\/demoweb.info\/sexshop001\/producto\/bianca-muneca-realistica\/#breadcrumb\",\"itemListElement\":[{\"@type\":\"ListItem\",\"position\":1,\"name\":\"Portada\",\"item\":\"https:\/\/demoweb.info\/sexshop001\/\"},{\"@type\":\"ListItem\",\"position\":2,\"name\":\"Tienda\",\"item\":\"https:\/\/demoweb.info\/sexshop001\/tienda\/\"},{\"@type\":\"ListItem\",\"position\":3,\"name\":\"BIANCA &#8211; MU\u00d1ECA REAL\u00cdSTICA\"}]},{\"@type\":\"WebSite\",\"@id\":\"https:\/\/demoweb.info\/sexshop001\/#website\",\"url\":\"https:\/\/demoweb.info\/sexshop001\/\",\"name\":\"Tienda Er\u00f3tica\",\"description\":\"DEMOWEB SL\",\"potentialAction\":[{\"@type\":\"SearchAction\",\"target\":{\"@type\":\"EntryPoint\",\"urlTemplate\":\"https:\/\/demoweb.info\/sexshop001\/?s={search_term_string}\"},\"query-input\":\"required name=search_term_string\"}],\"inLanguage\":\"es\"}]}<\/script>\n<!-- \/ Yoast SEO plugin. -->","yoast_head_json":{"title":"BIANCA - MU\u00d1ECA REAL\u00cdSTICA - Tienda Er\u00f3tica","robots":{"index":"noindex","follow":"follow","max-snippet":"max-snippet:-1","max-image-preview":"max-image-preview:large","max-video-preview":"max-video-preview:-1"},"og_locale":"es_ES","og_type":"article","og_title":"BIANCA - MU\u00d1ECA REAL\u00cdSTICA - Tienda Er\u00f3tica","og_description":"BIANCA &#8211; FLESH Movibles de pies a cabeza hasta las puntas de sus dedos, las mu\u00f1ecas de la colecci\u00f3n ULTIMATE","og_url":"https:\/\/demoweb.info\/sexshop001\/producto\/bianca-muneca-realistica\/","og_site_name":"Tienda Er\u00f3tica","article_modified_time":"2022-01-22T16:55:34+00:00","og_image":[{"width":550,"height":550,"url":"https:\/\/demoweb.info\/sexshop001\/wp-content\/uploads\/2022\/01\/BIANCA-MUNECA-REALISTICA.jpg","type":"image\/jpeg"}],"twitter_card":"summary_large_image","twitter_misc":{"Tiempo de lectura":"2 minutos"},"schema":{"@context":"https:\/\/schema.org","@graph":[{"@type":"WebPage","@id":"https:\/\/demoweb.info\/sexshop001\/producto\/bianca-muneca-realistica\/","url":"https:\/\/demoweb.info\/sexshop001\/producto\/bianca-muneca-realistica\/","name":"BIANCA - MU\u00d1ECA REAL\u00cdSTICA - Tienda Er\u00f3tica","isPartOf":{"@id":"https:\/\/demoweb.info\/sexshop001\/#website"},"datePublished":"2022-01-22T16:55:30+00:00","dateModified":"2022-01-22T16:55:34+00:00","breadcrumb":{"@id":"https:\/\/demoweb.info\/sexshop001\/producto\/bianca-muneca-realistica\/#breadcrumb"},"inLanguage":"es","potentialAction":[{"@type":"ReadAction","target":["https:\/\/demoweb.info\/sexshop001\/producto\/bianca-muneca-realistica\/"]}]},{"@type":"BreadcrumbList","@id":"https:\/\/demoweb.info\/sexshop001\/producto\/bianca-muneca-realistica\/#breadcrumb","itemListElement":[{"@type":"ListItem","position":1,"name":"Portada","item":"https:\/\/demoweb.info\/sexshop001\/"},{"@type":"ListItem","position":2,"name":"Tienda","item":"https:\/\/demoweb.info\/sexshop001\/tienda\/"},{"@type":"ListItem","position":3,"name":"BIANCA &#8211; MU\u00d1ECA REAL\u00cdSTICA"}]},{"@type":"WebSite","@id":"https:\/\/demoweb.info\/sexshop001\/#website","url":"https:\/\/demoweb.info\/sexshop001\/","name":"Tienda Er\u00f3tica","description":"DEMOWEB SL","potentialAction":[{"@type":"SearchAction","target":{"@type":"EntryPoint","urlTemplate":"https:\/\/demoweb.info\/sexshop001\/?s={search_term_string}"},"query-input":"required name=search_term_string"}],"inLanguage":"es"}]}},"_links":{"self":[{"href":"https:\/\/demoweb.info\/sexshop001\/wp-json\/wp\/v3\/product\/59876","targetHints":{"allow":["GET"]}}],"collection":[{"href":"https:\/\/demoweb.info\/sexshop001\/wp-json\/wp\/v3\/product"}],"about":[{"href":"https:\/\/demoweb.info\/sexshop001\/wp-json\/wp\/v2\/types\/product"}],"replies":[{"embeddable":true,"href":"https:\/\/demoweb.info\/sexshop001\/wp-json\/wp\/v2\/comments?post=59876"}],"wp:featuredmedia":[{"embeddable":true,"href":"https:\/\/demoweb.info\/sexshop001\/wp-json\/wp\/v2\/media\/59877"}],"wp:attachment":[{"href":"https:\/\/demoweb.info\/sexshop001\/wp-json\/wp\/v2\/media?parent=59876"}],"wp:term":[{"taxonomy":"product_cat","embeddable":true,"href":"https:\/\/demoweb.info\/sexshop001\/wp-json\/wp\/v2\/product_cat?post=59876"},{"taxonomy":"product_tag","embeddable":true,"href":"https:\/\/demoweb.info\/sexshop001\/wp-json\/wp\/v2\/product_tag?post=59876"}],"curies":[{"name":"wp","href":"https:\/\/api.w.org\/{rel}","templated":true}]}}