{"id":58568,"date":"2022-01-22T17:39:34","date_gmt":"2022-01-22T16:39:34","guid":{"rendered":"https:\/\/demoweb.info\/sexshop001\/producto\/dlb-isabelle-set-de-dildos-de-silicona-morado\/"},"modified":"2022-01-22T17:39:35","modified_gmt":"2022-01-22T16:39:35","slug":"dlb-isabelle-set-de-dildos-de-silicona-morado","status":"publish","type":"product","link":"https:\/\/demoweb.info\/sexshop001\/producto\/dlb-isabelle-set-de-dildos-de-silicona-morado\/","title":{"rendered":"DLB ISABELLE SET DE DILDOS DE SILICONA &#8211; MORADO"},"content":{"rendered":"<p><strong>DLB ISABELLE SET <\/strong><\/p>\n<p>La Dra. Laura Berman es una investigadora sexual, educadora de relaciones y autora de gran \u00e9xito mundialmente reconocida. Ha ayudado a innumerables parejas a mejorar sus vidas sexuales y construir relaciones m\u00e1s s\u00f3lidas.<\/p>\n<p>Revitaliza y fortalece los m\u00fasculos vaginales con el kit Isabelle\u2122 contorneado, con 2 dilatadores vaginales vibrantes. Los dilatadores de dise\u00f1o \u00fanico tienen una curva ergon\u00f3mica y un tama\u00f1o gradual para aumentar suavemente el confort de inserci\u00f3n, mejorar la elasticidad vaginal y revitalizar la excitaci\u00f3n sexual.<\/p>\n<p>Las sondas de silicona premium tienen un bucle de dedo duradero para una inserci\u00f3n suave y una c\u00e1mara hueca para sostener el poderoso vibrador de bala. El conjunto graduado ha sido creado para rejuvenecer los m\u00fasculos vaginales y reducir las molestias de inserci\u00f3n con cada uso.<\/p>\n<p>Comb\u00ednalo con la bala compacta para una estimulaci\u00f3n intensificada y un aumento de la excitaci\u00f3n. Enciende el mini vibrador apasionado con una sola bater\u00eda AAA. Usa el peque\u00f1o dilatador para comenzar y, a medida que ejercites suavemente y aumentes la elasticidad de los m\u00fasculos, avanza hacia las sondas m\u00e1s grandes.<\/p>\n<p>La silicona hipoalerg\u00e9nica de primera calidad es segura para el cuerpo, sin olor y libre de ftalatos para mantenerte m\u00e1s sensible, feliz y saludable.<\/p>\n<p>Medidas:<\/p>\n<ul>\n<li>El ejercitador mediano mide 12.75 cm x 2.5 cm,<\/li>\n<li>El ejercitador m\u00e1s grande mide 14 cm x 3.25 cm<\/li>\n<li>y la bala del estimulador mide 9 cm x 2 cm.<\/li>\n<\/ul>\n<p>La silicona hipoalerg\u00e9nica de primera calidad es segura para el cuerpo, sin olor y libre de ftalatos para mantenerte m\u00e1s sensible, feliz y saludable.<\/p>\n","protected":false},"excerpt":{"rendered":"<p>DLB ISABELLE SET La Dra. Laura Berman es una investigadora sexual, educadora de relaciones y autora de gran \u00e9xito mundialmente<\/p>\n","protected":false},"featured_media":58569,"comment_status":"open","ping_status":"open","template":"","meta":[],"product_cat":[340],"product_tag":[660,982],"class_list":["post-58568","product","type-product","status-publish","has-post-thumbnail","hentry","product_cat-silicona-dildos","product_tag-calexotics","product_tag-dra-laura-berman"],"bundled_by":[],"bundle_stock_status":"outofstock","bundle_stock_quantity":0,"bundle_virtual":false,"bundle_layout":"","bundle_add_to_cart_form_location":"","bundle_editable_in_cart":false,"bundle_sold_individually_context":"","bundle_item_grouping":"","bundle_min_size":"","bundle_max_size":"","bundled_items":[],"yoast_head":"<!-- This site is optimized with the Yoast SEO plugin v20.6 - https:\/\/yoast.com\/wordpress\/plugins\/seo\/ -->\n<title>DLB ISABELLE SET DE DILDOS DE SILICONA - MORADO - Tienda Er\u00f3tica<\/title>\n<meta name=\"robots\" content=\"noindex, follow, max-snippet:-1, max-image-preview:large, max-video-preview:-1\" \/>\n<meta property=\"og:locale\" content=\"es_ES\" \/>\n<meta property=\"og:type\" content=\"article\" \/>\n<meta property=\"og:title\" content=\"DLB ISABELLE SET DE DILDOS DE SILICONA - MORADO - Tienda Er\u00f3tica\" \/>\n<meta property=\"og:description\" content=\"DLB ISABELLE SET La Dra. Laura Berman es una investigadora sexual, educadora de relaciones y autora de gran \u00e9xito mundialmente\" \/>\n<meta property=\"og:url\" content=\"https:\/\/demoweb.info\/sexshop001\/producto\/dlb-isabelle-set-de-dildos-de-silicona-morado\/\" \/>\n<meta property=\"og:site_name\" content=\"Tienda Er\u00f3tica\" \/>\n<meta property=\"article:modified_time\" content=\"2022-01-22T16:39:35+00:00\" \/>\n<meta property=\"og:image\" content=\"https:\/\/demoweb.info\/sexshop001\/wp-content\/uploads\/2022\/01\/DLB-ISABELLE-SET-DE-DILDOS-DE-SILICONA-MORADO.jpg\" \/>\n\t<meta property=\"og:image:width\" content=\"550\" \/>\n\t<meta property=\"og:image:height\" content=\"550\" \/>\n\t<meta property=\"og:image:type\" content=\"image\/jpeg\" \/>\n<meta name=\"twitter:card\" content=\"summary_large_image\" \/>\n<meta name=\"twitter:label1\" content=\"Tiempo de lectura\" \/>\n\t<meta name=\"twitter:data1\" content=\"1 minuto\" \/>\n<script type=\"application\/ld+json\" class=\"yoast-schema-graph\">{\"@context\":\"https:\/\/schema.org\",\"@graph\":[{\"@type\":\"WebPage\",\"@id\":\"https:\/\/demoweb.info\/sexshop001\/producto\/dlb-isabelle-set-de-dildos-de-silicona-morado\/\",\"url\":\"https:\/\/demoweb.info\/sexshop001\/producto\/dlb-isabelle-set-de-dildos-de-silicona-morado\/\",\"name\":\"DLB ISABELLE SET DE DILDOS DE SILICONA - MORADO - Tienda Er\u00f3tica\",\"isPartOf\":{\"@id\":\"https:\/\/demoweb.info\/sexshop001\/#website\"},\"datePublished\":\"2022-01-22T16:39:34+00:00\",\"dateModified\":\"2022-01-22T16:39:35+00:00\",\"breadcrumb\":{\"@id\":\"https:\/\/demoweb.info\/sexshop001\/producto\/dlb-isabelle-set-de-dildos-de-silicona-morado\/#breadcrumb\"},\"inLanguage\":\"es\",\"potentialAction\":[{\"@type\":\"ReadAction\",\"target\":[\"https:\/\/demoweb.info\/sexshop001\/producto\/dlb-isabelle-set-de-dildos-de-silicona-morado\/\"]}]},{\"@type\":\"BreadcrumbList\",\"@id\":\"https:\/\/demoweb.info\/sexshop001\/producto\/dlb-isabelle-set-de-dildos-de-silicona-morado\/#breadcrumb\",\"itemListElement\":[{\"@type\":\"ListItem\",\"position\":1,\"name\":\"Portada\",\"item\":\"https:\/\/demoweb.info\/sexshop001\/\"},{\"@type\":\"ListItem\",\"position\":2,\"name\":\"Tienda\",\"item\":\"https:\/\/demoweb.info\/sexshop001\/tienda\/\"},{\"@type\":\"ListItem\",\"position\":3,\"name\":\"DLB ISABELLE SET DE DILDOS DE SILICONA &#8211; MORADO\"}]},{\"@type\":\"WebSite\",\"@id\":\"https:\/\/demoweb.info\/sexshop001\/#website\",\"url\":\"https:\/\/demoweb.info\/sexshop001\/\",\"name\":\"Tienda Er\u00f3tica\",\"description\":\"DEMOWEB SL\",\"potentialAction\":[{\"@type\":\"SearchAction\",\"target\":{\"@type\":\"EntryPoint\",\"urlTemplate\":\"https:\/\/demoweb.info\/sexshop001\/?s={search_term_string}\"},\"query-input\":\"required name=search_term_string\"}],\"inLanguage\":\"es\"}]}<\/script>\n<!-- \/ Yoast SEO plugin. -->","yoast_head_json":{"title":"DLB ISABELLE SET DE DILDOS DE SILICONA - MORADO - Tienda Er\u00f3tica","robots":{"index":"noindex","follow":"follow","max-snippet":"max-snippet:-1","max-image-preview":"max-image-preview:large","max-video-preview":"max-video-preview:-1"},"og_locale":"es_ES","og_type":"article","og_title":"DLB ISABELLE SET DE DILDOS DE SILICONA - MORADO - Tienda Er\u00f3tica","og_description":"DLB ISABELLE SET La Dra. Laura Berman es una investigadora sexual, educadora de relaciones y autora de gran \u00e9xito mundialmente","og_url":"https:\/\/demoweb.info\/sexshop001\/producto\/dlb-isabelle-set-de-dildos-de-silicona-morado\/","og_site_name":"Tienda Er\u00f3tica","article_modified_time":"2022-01-22T16:39:35+00:00","og_image":[{"width":550,"height":550,"url":"https:\/\/demoweb.info\/sexshop001\/wp-content\/uploads\/2022\/01\/DLB-ISABELLE-SET-DE-DILDOS-DE-SILICONA-MORADO.jpg","type":"image\/jpeg"}],"twitter_card":"summary_large_image","twitter_misc":{"Tiempo de lectura":"1 minuto"},"schema":{"@context":"https:\/\/schema.org","@graph":[{"@type":"WebPage","@id":"https:\/\/demoweb.info\/sexshop001\/producto\/dlb-isabelle-set-de-dildos-de-silicona-morado\/","url":"https:\/\/demoweb.info\/sexshop001\/producto\/dlb-isabelle-set-de-dildos-de-silicona-morado\/","name":"DLB ISABELLE SET DE DILDOS DE SILICONA - MORADO - Tienda Er\u00f3tica","isPartOf":{"@id":"https:\/\/demoweb.info\/sexshop001\/#website"},"datePublished":"2022-01-22T16:39:34+00:00","dateModified":"2022-01-22T16:39:35+00:00","breadcrumb":{"@id":"https:\/\/demoweb.info\/sexshop001\/producto\/dlb-isabelle-set-de-dildos-de-silicona-morado\/#breadcrumb"},"inLanguage":"es","potentialAction":[{"@type":"ReadAction","target":["https:\/\/demoweb.info\/sexshop001\/producto\/dlb-isabelle-set-de-dildos-de-silicona-morado\/"]}]},{"@type":"BreadcrumbList","@id":"https:\/\/demoweb.info\/sexshop001\/producto\/dlb-isabelle-set-de-dildos-de-silicona-morado\/#breadcrumb","itemListElement":[{"@type":"ListItem","position":1,"name":"Portada","item":"https:\/\/demoweb.info\/sexshop001\/"},{"@type":"ListItem","position":2,"name":"Tienda","item":"https:\/\/demoweb.info\/sexshop001\/tienda\/"},{"@type":"ListItem","position":3,"name":"DLB ISABELLE SET DE DILDOS DE SILICONA &#8211; MORADO"}]},{"@type":"WebSite","@id":"https:\/\/demoweb.info\/sexshop001\/#website","url":"https:\/\/demoweb.info\/sexshop001\/","name":"Tienda Er\u00f3tica","description":"DEMOWEB SL","potentialAction":[{"@type":"SearchAction","target":{"@type":"EntryPoint","urlTemplate":"https:\/\/demoweb.info\/sexshop001\/?s={search_term_string}"},"query-input":"required name=search_term_string"}],"inLanguage":"es"}]}},"_links":{"self":[{"href":"https:\/\/demoweb.info\/sexshop001\/wp-json\/wp\/v3\/product\/58568","targetHints":{"allow":["GET"]}}],"collection":[{"href":"https:\/\/demoweb.info\/sexshop001\/wp-json\/wp\/v3\/product"}],"about":[{"href":"https:\/\/demoweb.info\/sexshop001\/wp-json\/wp\/v2\/types\/product"}],"replies":[{"embeddable":true,"href":"https:\/\/demoweb.info\/sexshop001\/wp-json\/wp\/v2\/comments?post=58568"}],"wp:featuredmedia":[{"embeddable":true,"href":"https:\/\/demoweb.info\/sexshop001\/wp-json\/wp\/v2\/media\/58569"}],"wp:attachment":[{"href":"https:\/\/demoweb.info\/sexshop001\/wp-json\/wp\/v2\/media?parent=58568"}],"wp:term":[{"taxonomy":"product_cat","embeddable":true,"href":"https:\/\/demoweb.info\/sexshop001\/wp-json\/wp\/v2\/product_cat?post=58568"},{"taxonomy":"product_tag","embeddable":true,"href":"https:\/\/demoweb.info\/sexshop001\/wp-json\/wp\/v2\/product_tag?post=58568"}],"curies":[{"name":"wp","href":"https:\/\/api.w.org\/{rel}","templated":true}]}}