{"id":58360,"date":"2022-01-22T17:37:03","date_gmt":"2022-01-22T16:37:03","guid":{"rendered":"https:\/\/demoweb.info\/sexshop001\/producto\/booty-call-booty-teaser-rosa\/"},"modified":"2022-01-22T17:37:06","modified_gmt":"2022-01-22T16:37:06","slug":"booty-call-booty-teaser-rosa","status":"publish","type":"product","link":"https:\/\/demoweb.info\/sexshop001\/producto\/booty-call-booty-teaser-rosa\/","title":{"rendered":"BOOTY CALL BOOTY TEASER &#8211; ROSA"},"content":{"rendered":"<p><strong>BOOTY CALL BOOTY TEASER <\/strong><\/p>\n<p>Divi\u00e9rtete y tienta tus sentidos con el Booty Call Booty Teaser de esta colecci\u00f3n sensual y estimulante.<\/p>\n<p>Este producto \u00fanico combina los movimientos suaves y er\u00f3ticos del Booty Rocker\u2122 con un avanzado tap\u00f3n de doble ranura que puede proporcionar una acci\u00f3n mayor y m\u00e1s profunda para el placer de la pr\u00f3stata. \u00c1brete camino hacia un mayor nivel de \u00e9xtasis y deja que la cabeza del tap\u00f3n suave y flexible estimule tus sentidos y vuelva a encender tu pasi\u00f3n en el dormitorio.<\/p>\n<p>Ya sea que uses este producto placentero por tu cuenta en la privacidad de tu propio hogar o que lo compartas con un compa\u00f1ero en el juego previo, la sonda ranurada no te decepcionar\u00e1.<\/p>\n<p>Hecho con un material de silicona pura, este juguete es lo suficientemente seguro como para usarlo incluso en las \u00e1reas m\u00e1s sensibles, dentro o fuera del cuerpo. Junto con su asa de tiro EZ para una recuperaci\u00f3n simple, podemos garantizar que este producto es f\u00e1cil de usar para todos.<\/p>\n<p>El enchufe de doble ranura de forma \u00fanica enviar\u00e1 ondas de placer a trav\u00e9s de tu cuerpo y te brindar\u00e1 una sensaci\u00f3n m\u00e1s profunda y satisfactoria. Es altamente recomendable para uso individual o como un nuevo juguete de inicio para condimentar tu vida amorosa.<\/p>\n<p>La sonda no solo es ideal para compartir, sino que es extremadamente f\u00e1cil de limpiar despu\u00e9s de su uso, por lo que es una elecci\u00f3n higi\u00e9nica de juguete.<\/p>\n<p>Ideal para guardar en cualquier lugar y se ve maravillosamente discreto.<\/p>\n<p>Medidas: 9 x 2 cm<\/p>\n<p>Disponible en distintos colores.<\/p>\n","protected":false},"excerpt":{"rendered":"<p>BOOTY CALL BOOTY TEASER Divi\u00e9rtete y tienta tus sentidos con el Booty Call Booty Teaser de esta colecci\u00f3n sensual y<\/p>\n","protected":false},"featured_media":58361,"comment_status":"open","ping_status":"open","template":"","meta":[],"product_cat":[338],"product_tag":[956,660],"class_list":["post-58360","product","type-product","status-publish","has-post-thumbnail","hentry","product_cat-silicona-plugs","product_tag-booty-call","product_tag-calexotics"],"bundled_by":[],"bundle_stock_status":"outofstock","bundle_stock_quantity":0,"bundle_virtual":false,"bundle_layout":"","bundle_add_to_cart_form_location":"","bundle_editable_in_cart":false,"bundle_sold_individually_context":"","bundle_item_grouping":"","bundle_min_size":"","bundle_max_size":"","bundled_items":[],"yoast_head":"<!-- This site is optimized with the Yoast SEO plugin v20.6 - https:\/\/yoast.com\/wordpress\/plugins\/seo\/ -->\n<title>BOOTY CALL BOOTY TEASER - ROSA - Tienda Er\u00f3tica<\/title>\n<meta name=\"robots\" content=\"noindex, follow, max-snippet:-1, max-image-preview:large, max-video-preview:-1\" \/>\n<meta property=\"og:locale\" content=\"es_ES\" \/>\n<meta property=\"og:type\" content=\"article\" \/>\n<meta property=\"og:title\" content=\"BOOTY CALL BOOTY TEASER - ROSA - Tienda Er\u00f3tica\" \/>\n<meta property=\"og:description\" content=\"BOOTY CALL BOOTY TEASER Divi\u00e9rtete y tienta tus sentidos con el Booty Call Booty Teaser de esta colecci\u00f3n sensual y\" \/>\n<meta property=\"og:url\" content=\"https:\/\/demoweb.info\/sexshop001\/producto\/booty-call-booty-teaser-rosa\/\" \/>\n<meta property=\"og:site_name\" content=\"Tienda Er\u00f3tica\" \/>\n<meta property=\"article:modified_time\" content=\"2022-01-22T16:37:06+00:00\" \/>\n<meta property=\"og:image\" content=\"https:\/\/demoweb.info\/sexshop001\/wp-content\/uploads\/2022\/01\/BOOTY-CALL-BOOTY-TEASER-ROSA.jpg\" \/>\n\t<meta property=\"og:image:width\" content=\"550\" \/>\n\t<meta property=\"og:image:height\" content=\"550\" \/>\n\t<meta property=\"og:image:type\" content=\"image\/jpeg\" \/>\n<meta name=\"twitter:card\" content=\"summary_large_image\" \/>\n<meta name=\"twitter:label1\" content=\"Tiempo de lectura\" \/>\n\t<meta name=\"twitter:data1\" content=\"1 minuto\" \/>\n<script type=\"application\/ld+json\" class=\"yoast-schema-graph\">{\"@context\":\"https:\/\/schema.org\",\"@graph\":[{\"@type\":\"WebPage\",\"@id\":\"https:\/\/demoweb.info\/sexshop001\/producto\/booty-call-booty-teaser-rosa\/\",\"url\":\"https:\/\/demoweb.info\/sexshop001\/producto\/booty-call-booty-teaser-rosa\/\",\"name\":\"BOOTY CALL BOOTY TEASER - ROSA - Tienda Er\u00f3tica\",\"isPartOf\":{\"@id\":\"https:\/\/demoweb.info\/sexshop001\/#website\"},\"datePublished\":\"2022-01-22T16:37:03+00:00\",\"dateModified\":\"2022-01-22T16:37:06+00:00\",\"breadcrumb\":{\"@id\":\"https:\/\/demoweb.info\/sexshop001\/producto\/booty-call-booty-teaser-rosa\/#breadcrumb\"},\"inLanguage\":\"es\",\"potentialAction\":[{\"@type\":\"ReadAction\",\"target\":[\"https:\/\/demoweb.info\/sexshop001\/producto\/booty-call-booty-teaser-rosa\/\"]}]},{\"@type\":\"BreadcrumbList\",\"@id\":\"https:\/\/demoweb.info\/sexshop001\/producto\/booty-call-booty-teaser-rosa\/#breadcrumb\",\"itemListElement\":[{\"@type\":\"ListItem\",\"position\":1,\"name\":\"Portada\",\"item\":\"https:\/\/demoweb.info\/sexshop001\/\"},{\"@type\":\"ListItem\",\"position\":2,\"name\":\"Tienda\",\"item\":\"https:\/\/demoweb.info\/sexshop001\/tienda\/\"},{\"@type\":\"ListItem\",\"position\":3,\"name\":\"BOOTY CALL BOOTY TEASER &#8211; ROSA\"}]},{\"@type\":\"WebSite\",\"@id\":\"https:\/\/demoweb.info\/sexshop001\/#website\",\"url\":\"https:\/\/demoweb.info\/sexshop001\/\",\"name\":\"Tienda Er\u00f3tica\",\"description\":\"DEMOWEB SL\",\"potentialAction\":[{\"@type\":\"SearchAction\",\"target\":{\"@type\":\"EntryPoint\",\"urlTemplate\":\"https:\/\/demoweb.info\/sexshop001\/?s={search_term_string}\"},\"query-input\":\"required name=search_term_string\"}],\"inLanguage\":\"es\"}]}<\/script>\n<!-- \/ Yoast SEO plugin. -->","yoast_head_json":{"title":"BOOTY CALL BOOTY TEASER - ROSA - Tienda Er\u00f3tica","robots":{"index":"noindex","follow":"follow","max-snippet":"max-snippet:-1","max-image-preview":"max-image-preview:large","max-video-preview":"max-video-preview:-1"},"og_locale":"es_ES","og_type":"article","og_title":"BOOTY CALL BOOTY TEASER - ROSA - Tienda Er\u00f3tica","og_description":"BOOTY CALL BOOTY TEASER Divi\u00e9rtete y tienta tus sentidos con el Booty Call Booty Teaser de esta colecci\u00f3n sensual y","og_url":"https:\/\/demoweb.info\/sexshop001\/producto\/booty-call-booty-teaser-rosa\/","og_site_name":"Tienda Er\u00f3tica","article_modified_time":"2022-01-22T16:37:06+00:00","og_image":[{"width":550,"height":550,"url":"https:\/\/demoweb.info\/sexshop001\/wp-content\/uploads\/2022\/01\/BOOTY-CALL-BOOTY-TEASER-ROSA.jpg","type":"image\/jpeg"}],"twitter_card":"summary_large_image","twitter_misc":{"Tiempo de lectura":"1 minuto"},"schema":{"@context":"https:\/\/schema.org","@graph":[{"@type":"WebPage","@id":"https:\/\/demoweb.info\/sexshop001\/producto\/booty-call-booty-teaser-rosa\/","url":"https:\/\/demoweb.info\/sexshop001\/producto\/booty-call-booty-teaser-rosa\/","name":"BOOTY CALL BOOTY TEASER - ROSA - Tienda Er\u00f3tica","isPartOf":{"@id":"https:\/\/demoweb.info\/sexshop001\/#website"},"datePublished":"2022-01-22T16:37:03+00:00","dateModified":"2022-01-22T16:37:06+00:00","breadcrumb":{"@id":"https:\/\/demoweb.info\/sexshop001\/producto\/booty-call-booty-teaser-rosa\/#breadcrumb"},"inLanguage":"es","potentialAction":[{"@type":"ReadAction","target":["https:\/\/demoweb.info\/sexshop001\/producto\/booty-call-booty-teaser-rosa\/"]}]},{"@type":"BreadcrumbList","@id":"https:\/\/demoweb.info\/sexshop001\/producto\/booty-call-booty-teaser-rosa\/#breadcrumb","itemListElement":[{"@type":"ListItem","position":1,"name":"Portada","item":"https:\/\/demoweb.info\/sexshop001\/"},{"@type":"ListItem","position":2,"name":"Tienda","item":"https:\/\/demoweb.info\/sexshop001\/tienda\/"},{"@type":"ListItem","position":3,"name":"BOOTY CALL BOOTY TEASER &#8211; ROSA"}]},{"@type":"WebSite","@id":"https:\/\/demoweb.info\/sexshop001\/#website","url":"https:\/\/demoweb.info\/sexshop001\/","name":"Tienda Er\u00f3tica","description":"DEMOWEB SL","potentialAction":[{"@type":"SearchAction","target":{"@type":"EntryPoint","urlTemplate":"https:\/\/demoweb.info\/sexshop001\/?s={search_term_string}"},"query-input":"required name=search_term_string"}],"inLanguage":"es"}]}},"_links":{"self":[{"href":"https:\/\/demoweb.info\/sexshop001\/wp-json\/wp\/v3\/product\/58360","targetHints":{"allow":["GET"]}}],"collection":[{"href":"https:\/\/demoweb.info\/sexshop001\/wp-json\/wp\/v3\/product"}],"about":[{"href":"https:\/\/demoweb.info\/sexshop001\/wp-json\/wp\/v2\/types\/product"}],"replies":[{"embeddable":true,"href":"https:\/\/demoweb.info\/sexshop001\/wp-json\/wp\/v2\/comments?post=58360"}],"wp:featuredmedia":[{"embeddable":true,"href":"https:\/\/demoweb.info\/sexshop001\/wp-json\/wp\/v2\/media\/58361"}],"wp:attachment":[{"href":"https:\/\/demoweb.info\/sexshop001\/wp-json\/wp\/v2\/media?parent=58360"}],"wp:term":[{"taxonomy":"product_cat","embeddable":true,"href":"https:\/\/demoweb.info\/sexshop001\/wp-json\/wp\/v2\/product_cat?post=58360"},{"taxonomy":"product_tag","embeddable":true,"href":"https:\/\/demoweb.info\/sexshop001\/wp-json\/wp\/v2\/product_tag?post=58360"}],"curies":[{"name":"wp","href":"https:\/\/api.w.org\/{rel}","templated":true}]}}