{"id":57855,"date":"2022-01-22T17:31:04","date_gmt":"2022-01-22T16:31:04","guid":{"rendered":"https:\/\/demoweb.info\/sexshop001\/producto\/anillo-donut-adicional-blanco\/"},"modified":"2022-01-22T17:31:18","modified_gmt":"2022-01-22T16:31:18","slug":"anillo-donut-adicional-blanco","status":"publish","type":"product","link":"https:\/\/demoweb.info\/sexshop001\/producto\/anillo-donut-adicional-blanco\/","title":{"rendered":"ANILLO DONUT ADICIONAL &#8211; BLANCO"},"content":{"rendered":"<p><strong>ADDITIONAL DONUT CUSHION FOR THE BUMPER <\/strong><\/p>\n<p>El Bumper Donut es parte de la l\u00ednea de Bumper Thrust Buffer. Dise\u00f1ado para reducir la profundidad de penetraci\u00f3n del pene, tambi\u00e9n se puede utilizar solo en varias aplicaciones. Cuando se utiliza, seg\u00fan lo previsto, como un coj\u00edn adicional para el pene, se puede apilar para crear un mayor efecto de reducci\u00f3n de la longitud del pene.<\/p>\n<p>Hecho de nuestro material SilaSkin\u00ae incre\u00edblemente suave y el\u00e1stico, una mezcla de TPR y silicona, proporciona una gran \u00e1rea de superficie para golpear a tu compa\u00f1ero.<\/p>\n<p>Tambi\u00e9n se puede usar en las correas para proporcionar una amortiguaci\u00f3n sobre el punto de sujeci\u00f3n del arn\u00e9s del consolador, o una almohadilla en el eje de los consoladores de silicona.<\/p>\n<p>Limpieza: Lavar abundantemente con agua y jab\u00f3n suave.<\/p>\n<ul>\n<li>Medidas: 1,91 x 8,89 cm<\/li>\n<li>Peso: 114 gr<\/li>\n<\/ul>\n","protected":false},"excerpt":{"rendered":"<p>ADDITIONAL DONUT CUSHION FOR THE BUMPER El Bumper Donut es parte de la l\u00ednea de Bumper Thrust Buffer. Dise\u00f1ado para<\/p>\n","protected":false},"featured_media":57856,"comment_status":"open","ping_status":"open","template":"","meta":[],"product_cat":[323],"product_tag":[1323],"class_list":["post-57855","product","type-product","status-publish","has-post-thumbnail","hentry","product_cat-silicona-anillos","product_tag-perfect-fit"],"bundled_by":[],"bundle_stock_status":"outofstock","bundle_stock_quantity":0,"bundle_virtual":false,"bundle_layout":"","bundle_add_to_cart_form_location":"","bundle_editable_in_cart":false,"bundle_sold_individually_context":"","bundle_item_grouping":"","bundle_min_size":"","bundle_max_size":"","bundled_items":[],"yoast_head":"<!-- This site is optimized with the Yoast SEO plugin v20.6 - https:\/\/yoast.com\/wordpress\/plugins\/seo\/ -->\n<title>ANILLO DONUT ADICIONAL - BLANCO - Tienda Er\u00f3tica<\/title>\n<meta name=\"robots\" content=\"noindex, follow, max-snippet:-1, max-image-preview:large, max-video-preview:-1\" \/>\n<meta property=\"og:locale\" content=\"es_ES\" \/>\n<meta property=\"og:type\" content=\"article\" \/>\n<meta property=\"og:title\" content=\"ANILLO DONUT ADICIONAL - BLANCO - Tienda Er\u00f3tica\" \/>\n<meta property=\"og:description\" content=\"ADDITIONAL DONUT CUSHION FOR THE BUMPER El Bumper Donut es parte de la l\u00ednea de Bumper Thrust Buffer. Dise\u00f1ado para\" \/>\n<meta property=\"og:url\" content=\"https:\/\/demoweb.info\/sexshop001\/producto\/anillo-donut-adicional-blanco\/\" \/>\n<meta property=\"og:site_name\" content=\"Tienda Er\u00f3tica\" \/>\n<meta property=\"article:modified_time\" content=\"2022-01-22T16:31:18+00:00\" \/>\n<meta property=\"og:image\" content=\"https:\/\/demoweb.info\/sexshop001\/wp-content\/uploads\/2022\/01\/ANILLO-DONUT-ADICIONAL-BLANCO.jpg\" \/>\n\t<meta property=\"og:image:width\" content=\"550\" \/>\n\t<meta property=\"og:image:height\" content=\"550\" \/>\n\t<meta property=\"og:image:type\" content=\"image\/jpeg\" \/>\n<meta name=\"twitter:card\" content=\"summary_large_image\" \/>\n<meta name=\"twitter:label1\" content=\"Tiempo de lectura\" \/>\n\t<meta name=\"twitter:data1\" content=\"1 minuto\" \/>\n<script type=\"application\/ld+json\" class=\"yoast-schema-graph\">{\"@context\":\"https:\/\/schema.org\",\"@graph\":[{\"@type\":\"WebPage\",\"@id\":\"https:\/\/demoweb.info\/sexshop001\/producto\/anillo-donut-adicional-blanco\/\",\"url\":\"https:\/\/demoweb.info\/sexshop001\/producto\/anillo-donut-adicional-blanco\/\",\"name\":\"ANILLO DONUT ADICIONAL - BLANCO - Tienda Er\u00f3tica\",\"isPartOf\":{\"@id\":\"https:\/\/demoweb.info\/sexshop001\/#website\"},\"datePublished\":\"2022-01-22T16:31:04+00:00\",\"dateModified\":\"2022-01-22T16:31:18+00:00\",\"breadcrumb\":{\"@id\":\"https:\/\/demoweb.info\/sexshop001\/producto\/anillo-donut-adicional-blanco\/#breadcrumb\"},\"inLanguage\":\"es\",\"potentialAction\":[{\"@type\":\"ReadAction\",\"target\":[\"https:\/\/demoweb.info\/sexshop001\/producto\/anillo-donut-adicional-blanco\/\"]}]},{\"@type\":\"BreadcrumbList\",\"@id\":\"https:\/\/demoweb.info\/sexshop001\/producto\/anillo-donut-adicional-blanco\/#breadcrumb\",\"itemListElement\":[{\"@type\":\"ListItem\",\"position\":1,\"name\":\"Portada\",\"item\":\"https:\/\/demoweb.info\/sexshop001\/\"},{\"@type\":\"ListItem\",\"position\":2,\"name\":\"Tienda\",\"item\":\"https:\/\/demoweb.info\/sexshop001\/tienda\/\"},{\"@type\":\"ListItem\",\"position\":3,\"name\":\"ANILLO DONUT ADICIONAL &#8211; BLANCO\"}]},{\"@type\":\"WebSite\",\"@id\":\"https:\/\/demoweb.info\/sexshop001\/#website\",\"url\":\"https:\/\/demoweb.info\/sexshop001\/\",\"name\":\"Tienda Er\u00f3tica\",\"description\":\"DEMOWEB SL\",\"potentialAction\":[{\"@type\":\"SearchAction\",\"target\":{\"@type\":\"EntryPoint\",\"urlTemplate\":\"https:\/\/demoweb.info\/sexshop001\/?s={search_term_string}\"},\"query-input\":\"required name=search_term_string\"}],\"inLanguage\":\"es\"}]}<\/script>\n<!-- \/ Yoast SEO plugin. -->","yoast_head_json":{"title":"ANILLO DONUT ADICIONAL - BLANCO - Tienda Er\u00f3tica","robots":{"index":"noindex","follow":"follow","max-snippet":"max-snippet:-1","max-image-preview":"max-image-preview:large","max-video-preview":"max-video-preview:-1"},"og_locale":"es_ES","og_type":"article","og_title":"ANILLO DONUT ADICIONAL - BLANCO - Tienda Er\u00f3tica","og_description":"ADDITIONAL DONUT CUSHION FOR THE BUMPER El Bumper Donut es parte de la l\u00ednea de Bumper Thrust Buffer. Dise\u00f1ado para","og_url":"https:\/\/demoweb.info\/sexshop001\/producto\/anillo-donut-adicional-blanco\/","og_site_name":"Tienda Er\u00f3tica","article_modified_time":"2022-01-22T16:31:18+00:00","og_image":[{"width":550,"height":550,"url":"https:\/\/demoweb.info\/sexshop001\/wp-content\/uploads\/2022\/01\/ANILLO-DONUT-ADICIONAL-BLANCO.jpg","type":"image\/jpeg"}],"twitter_card":"summary_large_image","twitter_misc":{"Tiempo de lectura":"1 minuto"},"schema":{"@context":"https:\/\/schema.org","@graph":[{"@type":"WebPage","@id":"https:\/\/demoweb.info\/sexshop001\/producto\/anillo-donut-adicional-blanco\/","url":"https:\/\/demoweb.info\/sexshop001\/producto\/anillo-donut-adicional-blanco\/","name":"ANILLO DONUT ADICIONAL - BLANCO - Tienda Er\u00f3tica","isPartOf":{"@id":"https:\/\/demoweb.info\/sexshop001\/#website"},"datePublished":"2022-01-22T16:31:04+00:00","dateModified":"2022-01-22T16:31:18+00:00","breadcrumb":{"@id":"https:\/\/demoweb.info\/sexshop001\/producto\/anillo-donut-adicional-blanco\/#breadcrumb"},"inLanguage":"es","potentialAction":[{"@type":"ReadAction","target":["https:\/\/demoweb.info\/sexshop001\/producto\/anillo-donut-adicional-blanco\/"]}]},{"@type":"BreadcrumbList","@id":"https:\/\/demoweb.info\/sexshop001\/producto\/anillo-donut-adicional-blanco\/#breadcrumb","itemListElement":[{"@type":"ListItem","position":1,"name":"Portada","item":"https:\/\/demoweb.info\/sexshop001\/"},{"@type":"ListItem","position":2,"name":"Tienda","item":"https:\/\/demoweb.info\/sexshop001\/tienda\/"},{"@type":"ListItem","position":3,"name":"ANILLO DONUT ADICIONAL &#8211; BLANCO"}]},{"@type":"WebSite","@id":"https:\/\/demoweb.info\/sexshop001\/#website","url":"https:\/\/demoweb.info\/sexshop001\/","name":"Tienda Er\u00f3tica","description":"DEMOWEB SL","potentialAction":[{"@type":"SearchAction","target":{"@type":"EntryPoint","urlTemplate":"https:\/\/demoweb.info\/sexshop001\/?s={search_term_string}"},"query-input":"required name=search_term_string"}],"inLanguage":"es"}]}},"_links":{"self":[{"href":"https:\/\/demoweb.info\/sexshop001\/wp-json\/wp\/v3\/product\/57855","targetHints":{"allow":["GET"]}}],"collection":[{"href":"https:\/\/demoweb.info\/sexshop001\/wp-json\/wp\/v3\/product"}],"about":[{"href":"https:\/\/demoweb.info\/sexshop001\/wp-json\/wp\/v2\/types\/product"}],"replies":[{"embeddable":true,"href":"https:\/\/demoweb.info\/sexshop001\/wp-json\/wp\/v2\/comments?post=57855"}],"wp:featuredmedia":[{"embeddable":true,"href":"https:\/\/demoweb.info\/sexshop001\/wp-json\/wp\/v2\/media\/57856"}],"wp:attachment":[{"href":"https:\/\/demoweb.info\/sexshop001\/wp-json\/wp\/v2\/media?parent=57855"}],"wp:term":[{"taxonomy":"product_cat","embeddable":true,"href":"https:\/\/demoweb.info\/sexshop001\/wp-json\/wp\/v2\/product_cat?post=57855"},{"taxonomy":"product_tag","embeddable":true,"href":"https:\/\/demoweb.info\/sexshop001\/wp-json\/wp\/v2\/product_tag?post=57855"}],"curies":[{"name":"wp","href":"https:\/\/api.w.org\/{rel}","templated":true}]}}