{"id":57507,"date":"2022-01-22T17:26:54","date_gmt":"2022-01-22T16:26:54","guid":{"rendered":"https:\/\/demoweb.info\/sexshop001\/producto\/fleshjack-boys-boomer-banks-sonic-boom\/"},"modified":"2022-01-22T17:27:03","modified_gmt":"2022-01-22T16:27:03","slug":"fleshjack-boys-boomer-banks-sonic-boom","status":"publish","type":"product","link":"https:\/\/demoweb.info\/sexshop001\/producto\/fleshjack-boys-boomer-banks-sonic-boom\/","title":{"rendered":"FLESHJACK BOYS BOOMER BANKS SONIC BOOM"},"content":{"rendered":"<p><strong>FLESHJACK BOYS BOOMER BANKS SONIC BOOM<\/strong><\/p>\n<p>La palabra perfecci\u00f3n puede ser usada en exceso, pero cuando se describe a Boomer Banks, la perfecci\u00f3n es casi demasiado simple. Desde un cuerpo ondulado perfecto, movimientos estimulantes en sus tomas de pornograf\u00eda y un impulso para hacer que el mundo acepte m\u00e1s, Banks es el sue\u00f1o.<\/p>\n<p>Boomer Banks adorna su cuerpo con tatuajes que lo desgastan como un mural. Su cuerpo es una obra de arte art\u00edstica y f\u00edsica. Su pene mide 23 cm y, mientras que en las entrevistas, humildemente niega que su consolador Fleshjack sea su longitud exacta, una mirada a su espada sin cortar y es obvio que es demasiado humilde. \u00c9l es cada parte de la piel que representa su eje de modelo Fleshjack. Cuando sientes que primero se desliza profundamente dentro de ti, tu respiraci\u00f3n puede ser tomada.<\/p>\n<p>En sus pel\u00edculas porno, est\u00e1 abierto a cualquier posici\u00f3n sexual, pero el topping es un favorito personal. Sus pel\u00edculas son variadas, mostrando sexo gay acoplado apasionado y tr\u00edos salvajes. <\/p>\n<p>LLEGUE A LO MISMO POR EL BOOMER&#39;S FLESHJACK SONIC BOOM<br \/>\nImagina que has tenido una conversaci\u00f3n con Boomer sobre una cerveza y eres tan duro que es inc\u00f3modo estar quieto. Est\u00e1s excitado por estar tan cerca de su aura e inteligencia, y luego \u00e9l te alcanza con esas manos fuertes para llevarte a nuevas alturas de \u00e9xtasis. La fantas\u00eda comienza all\u00ed, pero si no tienes cuidado, terminar\u00e1 demasiado r\u00e1pido. La manga Boomer Banks Fleshjack Sonic Boom es divina. Al ingresar al Boomer&#39;s Sonic Boom, con 21,5 cm para deslizarte, sentir\u00e1s una sensaci\u00f3n de remolino de inmediato que se lame la punta. Rel\u00e1jate un poco m\u00e1s profundo y su piel se ver\u00e1 envuelta por tersos y tiernos movimientos de pura euforia.<\/p>\n<p>Agregua un poco de pulido extra con Fleshjack Lubricant, facilitando el camino mientras empuja el Sonic Boom. Imagina a ese hombre musculoso y tatuado que se entrega a ti y trata de no terminar demasiado pronto.<\/p>\n<p>\u00a1Prep\u00e1rate! Te espera una onda expansiva de placer cuando pruebes el Flesh Jack Sleeve personalizado de Boomer. Est\u00e1 dise\u00f1ado para hacer que el orgasmo sea m\u00e1s r\u00e1pido que la velocidad del sonido. Su textura exclusiva es m\u00e1s intensa que casi cualquier otra aventura que hayas experimentado.<\/p>\n","protected":false},"excerpt":{"rendered":"<p>FLESHJACK BOYS BOOMER BANKS SONIC BOOM La palabra perfecci\u00f3n puede ser usada en exceso, pero cuando se describe a Boomer<\/p>\n","protected":false},"featured_media":57508,"comment_status":"open","ping_status":"open","template":"","meta":[],"product_cat":[468],"product_tag":[1080,576],"class_list":["post-57507","product","type-product","status-publish","has-post-thumbnail","hentry","product_cat-anos","product_tag-fleshjack-boys","product_tag-fleshlight"],"bundled_by":[],"bundle_stock_status":"instock","bundle_stock_quantity":5,"bundle_virtual":false,"bundle_layout":"","bundle_add_to_cart_form_location":"","bundle_editable_in_cart":false,"bundle_sold_individually_context":"","bundle_item_grouping":"","bundle_min_size":"","bundle_max_size":"","bundled_items":[],"yoast_head":"<!-- This site is optimized with the Yoast SEO plugin v20.6 - https:\/\/yoast.com\/wordpress\/plugins\/seo\/ -->\n<title>FLESHJACK BOYS BOOMER BANKS SONIC BOOM - Tienda Er\u00f3tica<\/title>\n<meta name=\"robots\" content=\"noindex, follow, max-snippet:-1, max-image-preview:large, max-video-preview:-1\" \/>\n<meta property=\"og:locale\" content=\"es_ES\" \/>\n<meta property=\"og:type\" content=\"article\" \/>\n<meta property=\"og:title\" content=\"FLESHJACK BOYS BOOMER BANKS SONIC BOOM - Tienda Er\u00f3tica\" \/>\n<meta property=\"og:description\" content=\"FLESHJACK BOYS BOOMER BANKS SONIC BOOM La palabra perfecci\u00f3n puede ser usada en exceso, pero cuando se describe a Boomer\" \/>\n<meta property=\"og:url\" content=\"https:\/\/demoweb.info\/sexshop001\/producto\/fleshjack-boys-boomer-banks-sonic-boom\/\" \/>\n<meta property=\"og:site_name\" content=\"Tienda Er\u00f3tica\" \/>\n<meta property=\"article:modified_time\" content=\"2022-01-22T16:27:03+00:00\" \/>\n<meta property=\"og:image\" content=\"https:\/\/demoweb.info\/sexshop001\/wp-content\/uploads\/2022\/01\/FLESHJACK-BOYS-BOOMER-BANKS-SONIC-BOOM.jpg\" \/>\n\t<meta property=\"og:image:width\" content=\"550\" \/>\n\t<meta property=\"og:image:height\" content=\"550\" \/>\n\t<meta property=\"og:image:type\" content=\"image\/jpeg\" \/>\n<meta name=\"twitter:card\" content=\"summary_large_image\" \/>\n<meta name=\"twitter:label1\" content=\"Tiempo de lectura\" \/>\n\t<meta name=\"twitter:data1\" content=\"2 minutos\" \/>\n<script type=\"application\/ld+json\" class=\"yoast-schema-graph\">{\"@context\":\"https:\/\/schema.org\",\"@graph\":[{\"@type\":\"WebPage\",\"@id\":\"https:\/\/demoweb.info\/sexshop001\/producto\/fleshjack-boys-boomer-banks-sonic-boom\/\",\"url\":\"https:\/\/demoweb.info\/sexshop001\/producto\/fleshjack-boys-boomer-banks-sonic-boom\/\",\"name\":\"FLESHJACK BOYS BOOMER BANKS SONIC BOOM - Tienda Er\u00f3tica\",\"isPartOf\":{\"@id\":\"https:\/\/demoweb.info\/sexshop001\/#website\"},\"datePublished\":\"2022-01-22T16:26:54+00:00\",\"dateModified\":\"2022-01-22T16:27:03+00:00\",\"breadcrumb\":{\"@id\":\"https:\/\/demoweb.info\/sexshop001\/producto\/fleshjack-boys-boomer-banks-sonic-boom\/#breadcrumb\"},\"inLanguage\":\"es\",\"potentialAction\":[{\"@type\":\"ReadAction\",\"target\":[\"https:\/\/demoweb.info\/sexshop001\/producto\/fleshjack-boys-boomer-banks-sonic-boom\/\"]}]},{\"@type\":\"BreadcrumbList\",\"@id\":\"https:\/\/demoweb.info\/sexshop001\/producto\/fleshjack-boys-boomer-banks-sonic-boom\/#breadcrumb\",\"itemListElement\":[{\"@type\":\"ListItem\",\"position\":1,\"name\":\"Portada\",\"item\":\"https:\/\/demoweb.info\/sexshop001\/\"},{\"@type\":\"ListItem\",\"position\":2,\"name\":\"Tienda\",\"item\":\"https:\/\/demoweb.info\/sexshop001\/tienda\/\"},{\"@type\":\"ListItem\",\"position\":3,\"name\":\"FLESHJACK BOYS BOOMER BANKS SONIC BOOM\"}]},{\"@type\":\"WebSite\",\"@id\":\"https:\/\/demoweb.info\/sexshop001\/#website\",\"url\":\"https:\/\/demoweb.info\/sexshop001\/\",\"name\":\"Tienda Er\u00f3tica\",\"description\":\"DEMOWEB SL\",\"potentialAction\":[{\"@type\":\"SearchAction\",\"target\":{\"@type\":\"EntryPoint\",\"urlTemplate\":\"https:\/\/demoweb.info\/sexshop001\/?s={search_term_string}\"},\"query-input\":\"required name=search_term_string\"}],\"inLanguage\":\"es\"}]}<\/script>\n<!-- \/ Yoast SEO plugin. -->","yoast_head_json":{"title":"FLESHJACK BOYS BOOMER BANKS SONIC BOOM - Tienda Er\u00f3tica","robots":{"index":"noindex","follow":"follow","max-snippet":"max-snippet:-1","max-image-preview":"max-image-preview:large","max-video-preview":"max-video-preview:-1"},"og_locale":"es_ES","og_type":"article","og_title":"FLESHJACK BOYS BOOMER BANKS SONIC BOOM - Tienda Er\u00f3tica","og_description":"FLESHJACK BOYS BOOMER BANKS SONIC BOOM La palabra perfecci\u00f3n puede ser usada en exceso, pero cuando se describe a Boomer","og_url":"https:\/\/demoweb.info\/sexshop001\/producto\/fleshjack-boys-boomer-banks-sonic-boom\/","og_site_name":"Tienda Er\u00f3tica","article_modified_time":"2022-01-22T16:27:03+00:00","og_image":[{"width":550,"height":550,"url":"https:\/\/demoweb.info\/sexshop001\/wp-content\/uploads\/2022\/01\/FLESHJACK-BOYS-BOOMER-BANKS-SONIC-BOOM.jpg","type":"image\/jpeg"}],"twitter_card":"summary_large_image","twitter_misc":{"Tiempo de lectura":"2 minutos"},"schema":{"@context":"https:\/\/schema.org","@graph":[{"@type":"WebPage","@id":"https:\/\/demoweb.info\/sexshop001\/producto\/fleshjack-boys-boomer-banks-sonic-boom\/","url":"https:\/\/demoweb.info\/sexshop001\/producto\/fleshjack-boys-boomer-banks-sonic-boom\/","name":"FLESHJACK BOYS BOOMER BANKS SONIC BOOM - Tienda Er\u00f3tica","isPartOf":{"@id":"https:\/\/demoweb.info\/sexshop001\/#website"},"datePublished":"2022-01-22T16:26:54+00:00","dateModified":"2022-01-22T16:27:03+00:00","breadcrumb":{"@id":"https:\/\/demoweb.info\/sexshop001\/producto\/fleshjack-boys-boomer-banks-sonic-boom\/#breadcrumb"},"inLanguage":"es","potentialAction":[{"@type":"ReadAction","target":["https:\/\/demoweb.info\/sexshop001\/producto\/fleshjack-boys-boomer-banks-sonic-boom\/"]}]},{"@type":"BreadcrumbList","@id":"https:\/\/demoweb.info\/sexshop001\/producto\/fleshjack-boys-boomer-banks-sonic-boom\/#breadcrumb","itemListElement":[{"@type":"ListItem","position":1,"name":"Portada","item":"https:\/\/demoweb.info\/sexshop001\/"},{"@type":"ListItem","position":2,"name":"Tienda","item":"https:\/\/demoweb.info\/sexshop001\/tienda\/"},{"@type":"ListItem","position":3,"name":"FLESHJACK BOYS BOOMER BANKS SONIC BOOM"}]},{"@type":"WebSite","@id":"https:\/\/demoweb.info\/sexshop001\/#website","url":"https:\/\/demoweb.info\/sexshop001\/","name":"Tienda Er\u00f3tica","description":"DEMOWEB SL","potentialAction":[{"@type":"SearchAction","target":{"@type":"EntryPoint","urlTemplate":"https:\/\/demoweb.info\/sexshop001\/?s={search_term_string}"},"query-input":"required name=search_term_string"}],"inLanguage":"es"}]}},"_links":{"self":[{"href":"https:\/\/demoweb.info\/sexshop001\/wp-json\/wp\/v3\/product\/57507","targetHints":{"allow":["GET"]}}],"collection":[{"href":"https:\/\/demoweb.info\/sexshop001\/wp-json\/wp\/v3\/product"}],"about":[{"href":"https:\/\/demoweb.info\/sexshop001\/wp-json\/wp\/v2\/types\/product"}],"replies":[{"embeddable":true,"href":"https:\/\/demoweb.info\/sexshop001\/wp-json\/wp\/v2\/comments?post=57507"}],"wp:featuredmedia":[{"embeddable":true,"href":"https:\/\/demoweb.info\/sexshop001\/wp-json\/wp\/v2\/media\/57508"}],"wp:attachment":[{"href":"https:\/\/demoweb.info\/sexshop001\/wp-json\/wp\/v2\/media?parent=57507"}],"wp:term":[{"taxonomy":"product_cat","embeddable":true,"href":"https:\/\/demoweb.info\/sexshop001\/wp-json\/wp\/v2\/product_cat?post=57507"},{"taxonomy":"product_tag","embeddable":true,"href":"https:\/\/demoweb.info\/sexshop001\/wp-json\/wp\/v2\/product_tag?post=57507"}],"curies":[{"name":"wp","href":"https:\/\/api.w.org\/{rel}","templated":true}]}}