{"id":57394,"date":"2022-01-22T17:25:27","date_gmt":"2022-01-22T16:25:27","guid":{"rendered":"https:\/\/demoweb.info\/sexshop001\/producto\/succionador-automatico-con-vibracion\/"},"modified":"2022-01-22T17:25:37","modified_gmt":"2022-01-22T16:25:37","slug":"succionador-automatico-con-vibracion","status":"publish","type":"product","link":"https:\/\/demoweb.info\/sexshop001\/producto\/succionador-automatico-con-vibracion\/","title":{"rendered":"SUCCIONADOR AUTOM\u00c1TICO CON VIBRACI\u00d3N"},"content":{"rendered":"<p><strong>AUTOMATIC VIBRATING RECHARGEABLE PUSSY PUMP<\/strong><\/p>\n<p>Las curvas suaves de esta bomba succionadora para la vagina abrazan tus \u00e1reas sensibles, hecha con silicona suave para una experiencia sensual de alta gama.<\/p>\n<p>Cuenta con tres velocidades de bombeo y 7 modos de vibraci\u00f3n que te permiten personalizar tu placer en todo momento, mientras que la potente succi\u00f3n mantiene tus manos libres para jugar una vez que se forma un sellado \u00f3ptimo.<\/p>\n<p>Disfruta de orgasmos m\u00e1s fuertes con la mayor sensibilidad y excitaci\u00f3n que inspira el bombeo, y observa los incre\u00edbles resultados visuales en tiempo real a trav\u00e9s del vaso transparente de la bomba.<\/p>\n<p>Las caracter\u00edsticas adicionales que incluyen un bot\u00f3n de liberaci\u00f3n de aire instant\u00e1nea, funci\u00f3n de bloqueo de energ\u00eda y carga con USB aseguran que el juego de bombeo sea siempre seguro y sin preocupaciones.<\/p>\n<p>Se incluyen instrucciones completas para el disfrute y el mantenimiento de tu bomba.<\/p>\n<p>Caracter\u00edsticas:<\/p>\n<ul>\n<li>Succi\u00f3n autom\u00e1tica con manos libres.<\/li>\n<li>Efectos de succi\u00f3n y vibraci\u00f3n controlados individualmente.<\/li>\n<li>7 funciones \u00fanicas, 3 velocidades de bombeo.<\/li>\n<li>USB recargable. (Tiempo de carga 90 minutos, tiempo de uso 60 minutos).<\/li>\n<li>Bot\u00f3n de liberaci\u00f3n de aire para una extracci\u00f3n r\u00e1pida y segura.<\/li>\n<li>Bloqueos de control de potencia para almacenamiento y viajes.<\/li>\n<li>Copa transparente ergon\u00f3micamente dise\u00f1ada con borde de silicona suave.<\/li>\n<li>Mango Grip Comfort suave aterciopelado.<\/li>\n<li>Libre de ftalatos.<\/li>\n<li>Incluye instrucciones completas de uso.<\/li>\n<\/ul>\n<p>Medidas:<\/p>\n<ul>\n<li>Longitud total: 23,5 cm<\/li>\n<li>Longitud de la bomba: 7,62 cm<\/li>\n<li>Di\u00e1metro de la bomba: 5,08 cm<\/li>\n<\/ul>\n","protected":false},"excerpt":{"rendered":"<p>AUTOMATIC VIBRATING RECHARGEABLE PUSSY PUMP Las curvas suaves de esta bomba succionadora para la vagina abrazan tus \u00e1reas sensibles, hecha<\/p>\n","protected":false},"featured_media":57395,"comment_status":"open","ping_status":"open","template":"","meta":[],"product_cat":[405],"product_tag":[460],"class_list":["post-57394","product","type-product","status-publish","has-post-thumbnail","hentry","product_cat-succionadores","product_tag-doc-johnson"],"bundled_by":[],"bundle_stock_status":"instock","bundle_stock_quantity":4,"bundle_virtual":false,"bundle_layout":"","bundle_add_to_cart_form_location":"","bundle_editable_in_cart":false,"bundle_sold_individually_context":"","bundle_item_grouping":"","bundle_min_size":"","bundle_max_size":"","bundled_items":[],"yoast_head":"<!-- This site is optimized with the Yoast SEO plugin v20.6 - https:\/\/yoast.com\/wordpress\/plugins\/seo\/ -->\n<title>SUCCIONADOR AUTOM\u00c1TICO CON VIBRACI\u00d3N - Tienda Er\u00f3tica<\/title>\n<meta name=\"robots\" content=\"noindex, follow, max-snippet:-1, max-image-preview:large, max-video-preview:-1\" \/>\n<meta property=\"og:locale\" content=\"es_ES\" \/>\n<meta property=\"og:type\" content=\"article\" \/>\n<meta property=\"og:title\" content=\"SUCCIONADOR AUTOM\u00c1TICO CON VIBRACI\u00d3N - Tienda Er\u00f3tica\" \/>\n<meta property=\"og:description\" content=\"AUTOMATIC VIBRATING RECHARGEABLE PUSSY PUMP Las curvas suaves de esta bomba succionadora para la vagina abrazan tus \u00e1reas sensibles, hecha\" \/>\n<meta property=\"og:url\" content=\"https:\/\/demoweb.info\/sexshop001\/producto\/succionador-automatico-con-vibracion\/\" \/>\n<meta property=\"og:site_name\" content=\"Tienda Er\u00f3tica\" \/>\n<meta property=\"article:modified_time\" content=\"2022-01-22T16:25:37+00:00\" \/>\n<meta property=\"og:image\" content=\"https:\/\/demoweb.info\/sexshop001\/wp-content\/uploads\/2022\/01\/SUCCIONADOR-AUTOMATICO-CON-VIBRACION.jpg\" \/>\n\t<meta property=\"og:image:width\" content=\"550\" \/>\n\t<meta property=\"og:image:height\" content=\"550\" \/>\n\t<meta property=\"og:image:type\" content=\"image\/jpeg\" \/>\n<meta name=\"twitter:card\" content=\"summary_large_image\" \/>\n<meta name=\"twitter:label1\" content=\"Tiempo de lectura\" \/>\n\t<meta name=\"twitter:data1\" content=\"1 minuto\" \/>\n<script type=\"application\/ld+json\" class=\"yoast-schema-graph\">{\"@context\":\"https:\/\/schema.org\",\"@graph\":[{\"@type\":\"WebPage\",\"@id\":\"https:\/\/demoweb.info\/sexshop001\/producto\/succionador-automatico-con-vibracion\/\",\"url\":\"https:\/\/demoweb.info\/sexshop001\/producto\/succionador-automatico-con-vibracion\/\",\"name\":\"SUCCIONADOR AUTOM\u00c1TICO CON VIBRACI\u00d3N - Tienda Er\u00f3tica\",\"isPartOf\":{\"@id\":\"https:\/\/demoweb.info\/sexshop001\/#website\"},\"datePublished\":\"2022-01-22T16:25:27+00:00\",\"dateModified\":\"2022-01-22T16:25:37+00:00\",\"breadcrumb\":{\"@id\":\"https:\/\/demoweb.info\/sexshop001\/producto\/succionador-automatico-con-vibracion\/#breadcrumb\"},\"inLanguage\":\"es\",\"potentialAction\":[{\"@type\":\"ReadAction\",\"target\":[\"https:\/\/demoweb.info\/sexshop001\/producto\/succionador-automatico-con-vibracion\/\"]}]},{\"@type\":\"BreadcrumbList\",\"@id\":\"https:\/\/demoweb.info\/sexshop001\/producto\/succionador-automatico-con-vibracion\/#breadcrumb\",\"itemListElement\":[{\"@type\":\"ListItem\",\"position\":1,\"name\":\"Portada\",\"item\":\"https:\/\/demoweb.info\/sexshop001\/\"},{\"@type\":\"ListItem\",\"position\":2,\"name\":\"Tienda\",\"item\":\"https:\/\/demoweb.info\/sexshop001\/tienda\/\"},{\"@type\":\"ListItem\",\"position\":3,\"name\":\"SUCCIONADOR AUTOM\u00c1TICO CON VIBRACI\u00d3N\"}]},{\"@type\":\"WebSite\",\"@id\":\"https:\/\/demoweb.info\/sexshop001\/#website\",\"url\":\"https:\/\/demoweb.info\/sexshop001\/\",\"name\":\"Tienda Er\u00f3tica\",\"description\":\"DEMOWEB SL\",\"potentialAction\":[{\"@type\":\"SearchAction\",\"target\":{\"@type\":\"EntryPoint\",\"urlTemplate\":\"https:\/\/demoweb.info\/sexshop001\/?s={search_term_string}\"},\"query-input\":\"required name=search_term_string\"}],\"inLanguage\":\"es\"}]}<\/script>\n<!-- \/ Yoast SEO plugin. -->","yoast_head_json":{"title":"SUCCIONADOR AUTOM\u00c1TICO CON VIBRACI\u00d3N - Tienda Er\u00f3tica","robots":{"index":"noindex","follow":"follow","max-snippet":"max-snippet:-1","max-image-preview":"max-image-preview:large","max-video-preview":"max-video-preview:-1"},"og_locale":"es_ES","og_type":"article","og_title":"SUCCIONADOR AUTOM\u00c1TICO CON VIBRACI\u00d3N - Tienda Er\u00f3tica","og_description":"AUTOMATIC VIBRATING RECHARGEABLE PUSSY PUMP Las curvas suaves de esta bomba succionadora para la vagina abrazan tus \u00e1reas sensibles, hecha","og_url":"https:\/\/demoweb.info\/sexshop001\/producto\/succionador-automatico-con-vibracion\/","og_site_name":"Tienda Er\u00f3tica","article_modified_time":"2022-01-22T16:25:37+00:00","og_image":[{"width":550,"height":550,"url":"https:\/\/demoweb.info\/sexshop001\/wp-content\/uploads\/2022\/01\/SUCCIONADOR-AUTOMATICO-CON-VIBRACION.jpg","type":"image\/jpeg"}],"twitter_card":"summary_large_image","twitter_misc":{"Tiempo de lectura":"1 minuto"},"schema":{"@context":"https:\/\/schema.org","@graph":[{"@type":"WebPage","@id":"https:\/\/demoweb.info\/sexshop001\/producto\/succionador-automatico-con-vibracion\/","url":"https:\/\/demoweb.info\/sexshop001\/producto\/succionador-automatico-con-vibracion\/","name":"SUCCIONADOR AUTOM\u00c1TICO CON VIBRACI\u00d3N - Tienda Er\u00f3tica","isPartOf":{"@id":"https:\/\/demoweb.info\/sexshop001\/#website"},"datePublished":"2022-01-22T16:25:27+00:00","dateModified":"2022-01-22T16:25:37+00:00","breadcrumb":{"@id":"https:\/\/demoweb.info\/sexshop001\/producto\/succionador-automatico-con-vibracion\/#breadcrumb"},"inLanguage":"es","potentialAction":[{"@type":"ReadAction","target":["https:\/\/demoweb.info\/sexshop001\/producto\/succionador-automatico-con-vibracion\/"]}]},{"@type":"BreadcrumbList","@id":"https:\/\/demoweb.info\/sexshop001\/producto\/succionador-automatico-con-vibracion\/#breadcrumb","itemListElement":[{"@type":"ListItem","position":1,"name":"Portada","item":"https:\/\/demoweb.info\/sexshop001\/"},{"@type":"ListItem","position":2,"name":"Tienda","item":"https:\/\/demoweb.info\/sexshop001\/tienda\/"},{"@type":"ListItem","position":3,"name":"SUCCIONADOR AUTOM\u00c1TICO CON VIBRACI\u00d3N"}]},{"@type":"WebSite","@id":"https:\/\/demoweb.info\/sexshop001\/#website","url":"https:\/\/demoweb.info\/sexshop001\/","name":"Tienda Er\u00f3tica","description":"DEMOWEB SL","potentialAction":[{"@type":"SearchAction","target":{"@type":"EntryPoint","urlTemplate":"https:\/\/demoweb.info\/sexshop001\/?s={search_term_string}"},"query-input":"required name=search_term_string"}],"inLanguage":"es"}]}},"_links":{"self":[{"href":"https:\/\/demoweb.info\/sexshop001\/wp-json\/wp\/v3\/product\/57394","targetHints":{"allow":["GET"]}}],"collection":[{"href":"https:\/\/demoweb.info\/sexshop001\/wp-json\/wp\/v3\/product"}],"about":[{"href":"https:\/\/demoweb.info\/sexshop001\/wp-json\/wp\/v2\/types\/product"}],"replies":[{"embeddable":true,"href":"https:\/\/demoweb.info\/sexshop001\/wp-json\/wp\/v2\/comments?post=57394"}],"wp:featuredmedia":[{"embeddable":true,"href":"https:\/\/demoweb.info\/sexshop001\/wp-json\/wp\/v2\/media\/57395"}],"wp:attachment":[{"href":"https:\/\/demoweb.info\/sexshop001\/wp-json\/wp\/v2\/media?parent=57394"}],"wp:term":[{"taxonomy":"product_cat","embeddable":true,"href":"https:\/\/demoweb.info\/sexshop001\/wp-json\/wp\/v2\/product_cat?post=57394"},{"taxonomy":"product_tag","embeddable":true,"href":"https:\/\/demoweb.info\/sexshop001\/wp-json\/wp\/v2\/product_tag?post=57394"}],"curies":[{"name":"wp","href":"https:\/\/api.w.org\/{rel}","templated":true}]}}