{"id":57299,"date":"2022-01-22T17:24:05","date_gmt":"2022-01-22T16:24:05","guid":{"rendered":"https:\/\/demoweb.info\/sexshop001\/producto\/bolas-anales-tamano-mediano-rojo\/"},"modified":"2022-01-22T17:24:29","modified_gmt":"2022-01-22T16:24:29","slug":"bolas-anales-tamano-mediano-rojo","status":"publish","type":"product","link":"https:\/\/demoweb.info\/sexshop001\/producto\/bolas-anales-tamano-mediano-rojo\/","title":{"rendered":"BOLAS ANALES TAMA\u00d1O MEDIANO &#8211; ROJO"},"content":{"rendered":"<p><strong>MEDIUM ANAL BEADS<\/strong><\/p>\n<p>Disfruta de tus fantas\u00edas er\u00f3ticas secretas y deseos m\u00e1s ex\u00f3ticos con estas bolas anales f\u00e1ciles de usar.<\/p>\n<p>Las cuentas de tama\u00f1o medio son ideales para interesados por primera vez y aventureros experimentados que desean extender el placer personal y la satisfacci\u00f3n org\u00e1smica. Usa las cuentas lisas durante la exploraci\u00f3n \u00edntima en solitario o como parte de la diversi\u00f3n sensual mutua con tu amante.<\/p>\n<p>Las cuentas de placer est\u00e1n hechas de material  ABS duradero y miden 2 cm de di\u00e1metro. Las 5 cuentas redondas ligeras y contorneadas est\u00e1n unidas por un cord\u00f3n de nylon y se colocan a intervalos medidos para una inserci\u00f3n anal c\u00f3moda y una estimulaci\u00f3n org\u00e1smica m\u00e1xima.<\/p>\n<p>El cable fuerte tiene un anillo de recuperaci\u00f3n para garantizar un juego seguro en todo momento. Para una m\u00e1xima comodidad y placer intensificado, \u00fasalo con un lubricante de calidad.<\/p>\n<p>Las tentadoras cuentas de placer son una gran adici\u00f3n a una colecci\u00f3n de juguetes er\u00f3ticos. Las perlas vers\u00e1tiles est\u00e1n dise\u00f1adas para burlarse, complacer y satisfacer el juego anal, y se pueden usar junto con otros juguetes estimulantes y vibradores.<\/p>\n<p>Para usarlas, simplemente inserta un cord\u00f3n a la vez. Poco a poco agregua cuentas adicionales para una mayor experiencia de \u00e9xtasis. Puedes insertar tantas cuentas como desees. Para retirarlas, tira suavemente del cable de recuperaci\u00f3n.<\/p>\n<p>Antes y despu\u00e9s de cada uso, recuerda limpiar las cuentas anales con agua tibia y jab\u00f3n o con un rociador limpiador de juguetes.<\/p>\n","protected":false},"excerpt":{"rendered":"<p>MEDIUM ANAL BEADS Disfruta de tus fantas\u00edas er\u00f3ticas secretas y deseos m\u00e1s ex\u00f3ticos con estas bolas anales f\u00e1ciles de usar.<\/p>\n","protected":false},"featured_media":57300,"comment_status":"open","ping_status":"open","template":"","meta":[],"product_cat":[440],"product_tag":[1571,660],"class_list":["post-57299","product","type-product","status-publish","has-post-thumbnail","hentry","product_cat-anales","product_tag-beads","product_tag-calexotics"],"bundled_by":[],"bundle_stock_status":"outofstock","bundle_stock_quantity":0,"bundle_virtual":false,"bundle_layout":"","bundle_add_to_cart_form_location":"","bundle_editable_in_cart":false,"bundle_sold_individually_context":"","bundle_item_grouping":"","bundle_min_size":"","bundle_max_size":"","bundled_items":[],"yoast_head":"<!-- This site is optimized with the Yoast SEO plugin v20.6 - https:\/\/yoast.com\/wordpress\/plugins\/seo\/ -->\n<title>BOLAS ANALES TAMA\u00d1O MEDIANO - ROJO - Tienda Er\u00f3tica<\/title>\n<meta name=\"robots\" content=\"noindex, follow, max-snippet:-1, max-image-preview:large, max-video-preview:-1\" \/>\n<meta property=\"og:locale\" content=\"es_ES\" \/>\n<meta property=\"og:type\" content=\"article\" \/>\n<meta property=\"og:title\" content=\"BOLAS ANALES TAMA\u00d1O MEDIANO - ROJO - Tienda Er\u00f3tica\" \/>\n<meta property=\"og:description\" content=\"MEDIUM ANAL BEADS Disfruta de tus fantas\u00edas er\u00f3ticas secretas y deseos m\u00e1s ex\u00f3ticos con estas bolas anales f\u00e1ciles de usar.\" \/>\n<meta property=\"og:url\" content=\"https:\/\/demoweb.info\/sexshop001\/producto\/bolas-anales-tamano-mediano-rojo\/\" \/>\n<meta property=\"og:site_name\" content=\"Tienda Er\u00f3tica\" \/>\n<meta property=\"article:modified_time\" content=\"2022-01-22T16:24:29+00:00\" \/>\n<meta property=\"og:image\" content=\"https:\/\/demoweb.info\/sexshop001\/wp-content\/uploads\/2022\/01\/BOLAS-ANALES-TAMANO-MEDIANO-ROJO.jpg\" \/>\n\t<meta property=\"og:image:width\" content=\"550\" \/>\n\t<meta property=\"og:image:height\" content=\"550\" \/>\n\t<meta property=\"og:image:type\" content=\"image\/jpeg\" \/>\n<meta name=\"twitter:card\" content=\"summary_large_image\" \/>\n<meta name=\"twitter:label1\" content=\"Tiempo de lectura\" \/>\n\t<meta name=\"twitter:data1\" content=\"1 minuto\" \/>\n<script type=\"application\/ld+json\" class=\"yoast-schema-graph\">{\"@context\":\"https:\/\/schema.org\",\"@graph\":[{\"@type\":\"WebPage\",\"@id\":\"https:\/\/demoweb.info\/sexshop001\/producto\/bolas-anales-tamano-mediano-rojo\/\",\"url\":\"https:\/\/demoweb.info\/sexshop001\/producto\/bolas-anales-tamano-mediano-rojo\/\",\"name\":\"BOLAS ANALES TAMA\u00d1O MEDIANO - ROJO - Tienda Er\u00f3tica\",\"isPartOf\":{\"@id\":\"https:\/\/demoweb.info\/sexshop001\/#website\"},\"datePublished\":\"2022-01-22T16:24:05+00:00\",\"dateModified\":\"2022-01-22T16:24:29+00:00\",\"breadcrumb\":{\"@id\":\"https:\/\/demoweb.info\/sexshop001\/producto\/bolas-anales-tamano-mediano-rojo\/#breadcrumb\"},\"inLanguage\":\"es\",\"potentialAction\":[{\"@type\":\"ReadAction\",\"target\":[\"https:\/\/demoweb.info\/sexshop001\/producto\/bolas-anales-tamano-mediano-rojo\/\"]}]},{\"@type\":\"BreadcrumbList\",\"@id\":\"https:\/\/demoweb.info\/sexshop001\/producto\/bolas-anales-tamano-mediano-rojo\/#breadcrumb\",\"itemListElement\":[{\"@type\":\"ListItem\",\"position\":1,\"name\":\"Portada\",\"item\":\"https:\/\/demoweb.info\/sexshop001\/\"},{\"@type\":\"ListItem\",\"position\":2,\"name\":\"Tienda\",\"item\":\"https:\/\/demoweb.info\/sexshop001\/tienda\/\"},{\"@type\":\"ListItem\",\"position\":3,\"name\":\"BOLAS ANALES TAMA\u00d1O MEDIANO &#8211; ROJO\"}]},{\"@type\":\"WebSite\",\"@id\":\"https:\/\/demoweb.info\/sexshop001\/#website\",\"url\":\"https:\/\/demoweb.info\/sexshop001\/\",\"name\":\"Tienda Er\u00f3tica\",\"description\":\"DEMOWEB SL\",\"potentialAction\":[{\"@type\":\"SearchAction\",\"target\":{\"@type\":\"EntryPoint\",\"urlTemplate\":\"https:\/\/demoweb.info\/sexshop001\/?s={search_term_string}\"},\"query-input\":\"required name=search_term_string\"}],\"inLanguage\":\"es\"}]}<\/script>\n<!-- \/ Yoast SEO plugin. -->","yoast_head_json":{"title":"BOLAS ANALES TAMA\u00d1O MEDIANO - ROJO - Tienda Er\u00f3tica","robots":{"index":"noindex","follow":"follow","max-snippet":"max-snippet:-1","max-image-preview":"max-image-preview:large","max-video-preview":"max-video-preview:-1"},"og_locale":"es_ES","og_type":"article","og_title":"BOLAS ANALES TAMA\u00d1O MEDIANO - ROJO - Tienda Er\u00f3tica","og_description":"MEDIUM ANAL BEADS Disfruta de tus fantas\u00edas er\u00f3ticas secretas y deseos m\u00e1s ex\u00f3ticos con estas bolas anales f\u00e1ciles de usar.","og_url":"https:\/\/demoweb.info\/sexshop001\/producto\/bolas-anales-tamano-mediano-rojo\/","og_site_name":"Tienda Er\u00f3tica","article_modified_time":"2022-01-22T16:24:29+00:00","og_image":[{"width":550,"height":550,"url":"https:\/\/demoweb.info\/sexshop001\/wp-content\/uploads\/2022\/01\/BOLAS-ANALES-TAMANO-MEDIANO-ROJO.jpg","type":"image\/jpeg"}],"twitter_card":"summary_large_image","twitter_misc":{"Tiempo de lectura":"1 minuto"},"schema":{"@context":"https:\/\/schema.org","@graph":[{"@type":"WebPage","@id":"https:\/\/demoweb.info\/sexshop001\/producto\/bolas-anales-tamano-mediano-rojo\/","url":"https:\/\/demoweb.info\/sexshop001\/producto\/bolas-anales-tamano-mediano-rojo\/","name":"BOLAS ANALES TAMA\u00d1O MEDIANO - ROJO - Tienda Er\u00f3tica","isPartOf":{"@id":"https:\/\/demoweb.info\/sexshop001\/#website"},"datePublished":"2022-01-22T16:24:05+00:00","dateModified":"2022-01-22T16:24:29+00:00","breadcrumb":{"@id":"https:\/\/demoweb.info\/sexshop001\/producto\/bolas-anales-tamano-mediano-rojo\/#breadcrumb"},"inLanguage":"es","potentialAction":[{"@type":"ReadAction","target":["https:\/\/demoweb.info\/sexshop001\/producto\/bolas-anales-tamano-mediano-rojo\/"]}]},{"@type":"BreadcrumbList","@id":"https:\/\/demoweb.info\/sexshop001\/producto\/bolas-anales-tamano-mediano-rojo\/#breadcrumb","itemListElement":[{"@type":"ListItem","position":1,"name":"Portada","item":"https:\/\/demoweb.info\/sexshop001\/"},{"@type":"ListItem","position":2,"name":"Tienda","item":"https:\/\/demoweb.info\/sexshop001\/tienda\/"},{"@type":"ListItem","position":3,"name":"BOLAS ANALES TAMA\u00d1O MEDIANO &#8211; ROJO"}]},{"@type":"WebSite","@id":"https:\/\/demoweb.info\/sexshop001\/#website","url":"https:\/\/demoweb.info\/sexshop001\/","name":"Tienda Er\u00f3tica","description":"DEMOWEB SL","potentialAction":[{"@type":"SearchAction","target":{"@type":"EntryPoint","urlTemplate":"https:\/\/demoweb.info\/sexshop001\/?s={search_term_string}"},"query-input":"required name=search_term_string"}],"inLanguage":"es"}]}},"_links":{"self":[{"href":"https:\/\/demoweb.info\/sexshop001\/wp-json\/wp\/v3\/product\/57299","targetHints":{"allow":["GET"]}}],"collection":[{"href":"https:\/\/demoweb.info\/sexshop001\/wp-json\/wp\/v3\/product"}],"about":[{"href":"https:\/\/demoweb.info\/sexshop001\/wp-json\/wp\/v2\/types\/product"}],"replies":[{"embeddable":true,"href":"https:\/\/demoweb.info\/sexshop001\/wp-json\/wp\/v2\/comments?post=57299"}],"wp:featuredmedia":[{"embeddable":true,"href":"https:\/\/demoweb.info\/sexshop001\/wp-json\/wp\/v2\/media\/57300"}],"wp:attachment":[{"href":"https:\/\/demoweb.info\/sexshop001\/wp-json\/wp\/v2\/media?parent=57299"}],"wp:term":[{"taxonomy":"product_cat","embeddable":true,"href":"https:\/\/demoweb.info\/sexshop001\/wp-json\/wp\/v2\/product_cat?post=57299"},{"taxonomy":"product_tag","embeddable":true,"href":"https:\/\/demoweb.info\/sexshop001\/wp-json\/wp\/v2\/product_tag?post=57299"}],"curies":[{"name":"wp","href":"https:\/\/api.w.org\/{rel}","templated":true}]}}