{"id":56894,"date":"2022-01-22T17:19:31","date_gmt":"2022-01-22T16:19:31","guid":{"rendered":"https:\/\/demoweb.info\/sexshop001\/producto\/rueda-de-estimulacion-de-plastico-pequena\/"},"modified":"2022-01-22T17:19:45","modified_gmt":"2022-01-22T16:19:45","slug":"rueda-de-estimulacion-de-plastico-pequena","status":"publish","type":"product","link":"https:\/\/demoweb.info\/sexshop001\/producto\/rueda-de-estimulacion-de-plastico-pequena\/","title":{"rendered":"RUEDA DE ESTIMULACI\u00d3N DE PL\u00c1STICO PEQUE\u00d1A"},"content":{"rendered":"<p><strong>PLASTIC SMALL PINWHEEL<\/strong><\/p>\n<p>Este molinillo de viento es perfecto cuando quieres un dolor agradable.<\/p>\n<p>Ejecuta el molinete sobre el cuerpo para una sensaci\u00f3n \u00fanica.<\/p>\n<p>Rueda afilada, Rueda giratoria continua, Compacta y ligera, juego de sensaciones emocionantes.<\/p>\n<p>Caracter\u00edsticas:<br \/>\n&#8211; Longitud: 8,2 cm<br \/>\n&#8211; Ancho: 3,2 cm<br \/>\n&#8211; Alto: 2 cm<br \/>\n&#8211; Material: Pl\u00e1stico<\/p>\n","protected":false},"excerpt":{"rendered":"<p>PLASTIC SMALL PINWHEEL Este molinillo de viento es perfecto cuando quieres un dolor agradable. Ejecuta el molinete sobre el cuerpo<\/p>\n","protected":false},"featured_media":56895,"comment_status":"open","ping_status":"open","template":"","meta":[],"product_cat":[649],"product_tag":[283],"class_list":["post-56894","product","type-product","status-publish","has-post-thumbnail","hentry","product_cat-ruedas-estimulacion","product_tag-triune"],"bundled_by":[],"bundle_stock_status":"outofstock","bundle_stock_quantity":0,"bundle_virtual":false,"bundle_layout":"","bundle_add_to_cart_form_location":"","bundle_editable_in_cart":false,"bundle_sold_individually_context":"","bundle_item_grouping":"","bundle_min_size":"","bundle_max_size":"","bundled_items":[],"yoast_head":"<!-- This site is optimized with the Yoast SEO plugin v20.6 - https:\/\/yoast.com\/wordpress\/plugins\/seo\/ -->\n<title>RUEDA DE ESTIMULACI\u00d3N DE PL\u00c1STICO PEQUE\u00d1A - Tienda Er\u00f3tica<\/title>\n<meta name=\"robots\" content=\"noindex, follow, max-snippet:-1, max-image-preview:large, max-video-preview:-1\" \/>\n<meta property=\"og:locale\" content=\"es_ES\" \/>\n<meta property=\"og:type\" content=\"article\" \/>\n<meta property=\"og:title\" content=\"RUEDA DE ESTIMULACI\u00d3N DE PL\u00c1STICO PEQUE\u00d1A - Tienda Er\u00f3tica\" \/>\n<meta property=\"og:description\" content=\"PLASTIC SMALL PINWHEEL Este molinillo de viento es perfecto cuando quieres un dolor agradable. Ejecuta el molinete sobre el cuerpo\" \/>\n<meta property=\"og:url\" content=\"https:\/\/demoweb.info\/sexshop001\/producto\/rueda-de-estimulacion-de-plastico-pequena\/\" \/>\n<meta property=\"og:site_name\" content=\"Tienda Er\u00f3tica\" \/>\n<meta property=\"article:modified_time\" content=\"2022-01-22T16:19:45+00:00\" \/>\n<meta property=\"og:image\" content=\"https:\/\/demoweb.info\/sexshop001\/wp-content\/uploads\/2022\/01\/RUEDA-DE-ESTIMULACION-DE-PLASTICO-PEQUENA.jpg\" \/>\n\t<meta property=\"og:image:width\" content=\"550\" \/>\n\t<meta property=\"og:image:height\" content=\"550\" \/>\n\t<meta property=\"og:image:type\" content=\"image\/jpeg\" \/>\n<meta name=\"twitter:card\" content=\"summary_large_image\" \/>\n<script type=\"application\/ld+json\" class=\"yoast-schema-graph\">{\"@context\":\"https:\/\/schema.org\",\"@graph\":[{\"@type\":\"WebPage\",\"@id\":\"https:\/\/demoweb.info\/sexshop001\/producto\/rueda-de-estimulacion-de-plastico-pequena\/\",\"url\":\"https:\/\/demoweb.info\/sexshop001\/producto\/rueda-de-estimulacion-de-plastico-pequena\/\",\"name\":\"RUEDA DE ESTIMULACI\u00d3N DE PL\u00c1STICO PEQUE\u00d1A - Tienda Er\u00f3tica\",\"isPartOf\":{\"@id\":\"https:\/\/demoweb.info\/sexshop001\/#website\"},\"datePublished\":\"2022-01-22T16:19:31+00:00\",\"dateModified\":\"2022-01-22T16:19:45+00:00\",\"breadcrumb\":{\"@id\":\"https:\/\/demoweb.info\/sexshop001\/producto\/rueda-de-estimulacion-de-plastico-pequena\/#breadcrumb\"},\"inLanguage\":\"es\",\"potentialAction\":[{\"@type\":\"ReadAction\",\"target\":[\"https:\/\/demoweb.info\/sexshop001\/producto\/rueda-de-estimulacion-de-plastico-pequena\/\"]}]},{\"@type\":\"BreadcrumbList\",\"@id\":\"https:\/\/demoweb.info\/sexshop001\/producto\/rueda-de-estimulacion-de-plastico-pequena\/#breadcrumb\",\"itemListElement\":[{\"@type\":\"ListItem\",\"position\":1,\"name\":\"Portada\",\"item\":\"https:\/\/demoweb.info\/sexshop001\/\"},{\"@type\":\"ListItem\",\"position\":2,\"name\":\"Tienda\",\"item\":\"https:\/\/demoweb.info\/sexshop001\/tienda\/\"},{\"@type\":\"ListItem\",\"position\":3,\"name\":\"RUEDA DE ESTIMULACI\u00d3N DE PL\u00c1STICO PEQUE\u00d1A\"}]},{\"@type\":\"WebSite\",\"@id\":\"https:\/\/demoweb.info\/sexshop001\/#website\",\"url\":\"https:\/\/demoweb.info\/sexshop001\/\",\"name\":\"Tienda Er\u00f3tica\",\"description\":\"DEMOWEB SL\",\"potentialAction\":[{\"@type\":\"SearchAction\",\"target\":{\"@type\":\"EntryPoint\",\"urlTemplate\":\"https:\/\/demoweb.info\/sexshop001\/?s={search_term_string}\"},\"query-input\":\"required name=search_term_string\"}],\"inLanguage\":\"es\"}]}<\/script>\n<!-- \/ Yoast SEO plugin. -->","yoast_head_json":{"title":"RUEDA DE ESTIMULACI\u00d3N DE PL\u00c1STICO PEQUE\u00d1A - Tienda Er\u00f3tica","robots":{"index":"noindex","follow":"follow","max-snippet":"max-snippet:-1","max-image-preview":"max-image-preview:large","max-video-preview":"max-video-preview:-1"},"og_locale":"es_ES","og_type":"article","og_title":"RUEDA DE ESTIMULACI\u00d3N DE PL\u00c1STICO PEQUE\u00d1A - Tienda Er\u00f3tica","og_description":"PLASTIC SMALL PINWHEEL Este molinillo de viento es perfecto cuando quieres un dolor agradable. Ejecuta el molinete sobre el cuerpo","og_url":"https:\/\/demoweb.info\/sexshop001\/producto\/rueda-de-estimulacion-de-plastico-pequena\/","og_site_name":"Tienda Er\u00f3tica","article_modified_time":"2022-01-22T16:19:45+00:00","og_image":[{"width":550,"height":550,"url":"https:\/\/demoweb.info\/sexshop001\/wp-content\/uploads\/2022\/01\/RUEDA-DE-ESTIMULACION-DE-PLASTICO-PEQUENA.jpg","type":"image\/jpeg"}],"twitter_card":"summary_large_image","schema":{"@context":"https:\/\/schema.org","@graph":[{"@type":"WebPage","@id":"https:\/\/demoweb.info\/sexshop001\/producto\/rueda-de-estimulacion-de-plastico-pequena\/","url":"https:\/\/demoweb.info\/sexshop001\/producto\/rueda-de-estimulacion-de-plastico-pequena\/","name":"RUEDA DE ESTIMULACI\u00d3N DE PL\u00c1STICO PEQUE\u00d1A - Tienda Er\u00f3tica","isPartOf":{"@id":"https:\/\/demoweb.info\/sexshop001\/#website"},"datePublished":"2022-01-22T16:19:31+00:00","dateModified":"2022-01-22T16:19:45+00:00","breadcrumb":{"@id":"https:\/\/demoweb.info\/sexshop001\/producto\/rueda-de-estimulacion-de-plastico-pequena\/#breadcrumb"},"inLanguage":"es","potentialAction":[{"@type":"ReadAction","target":["https:\/\/demoweb.info\/sexshop001\/producto\/rueda-de-estimulacion-de-plastico-pequena\/"]}]},{"@type":"BreadcrumbList","@id":"https:\/\/demoweb.info\/sexshop001\/producto\/rueda-de-estimulacion-de-plastico-pequena\/#breadcrumb","itemListElement":[{"@type":"ListItem","position":1,"name":"Portada","item":"https:\/\/demoweb.info\/sexshop001\/"},{"@type":"ListItem","position":2,"name":"Tienda","item":"https:\/\/demoweb.info\/sexshop001\/tienda\/"},{"@type":"ListItem","position":3,"name":"RUEDA DE ESTIMULACI\u00d3N DE PL\u00c1STICO PEQUE\u00d1A"}]},{"@type":"WebSite","@id":"https:\/\/demoweb.info\/sexshop001\/#website","url":"https:\/\/demoweb.info\/sexshop001\/","name":"Tienda Er\u00f3tica","description":"DEMOWEB SL","potentialAction":[{"@type":"SearchAction","target":{"@type":"EntryPoint","urlTemplate":"https:\/\/demoweb.info\/sexshop001\/?s={search_term_string}"},"query-input":"required name=search_term_string"}],"inLanguage":"es"}]}},"_links":{"self":[{"href":"https:\/\/demoweb.info\/sexshop001\/wp-json\/wp\/v3\/product\/56894","targetHints":{"allow":["GET"]}}],"collection":[{"href":"https:\/\/demoweb.info\/sexshop001\/wp-json\/wp\/v3\/product"}],"about":[{"href":"https:\/\/demoweb.info\/sexshop001\/wp-json\/wp\/v2\/types\/product"}],"replies":[{"embeddable":true,"href":"https:\/\/demoweb.info\/sexshop001\/wp-json\/wp\/v2\/comments?post=56894"}],"wp:featuredmedia":[{"embeddable":true,"href":"https:\/\/demoweb.info\/sexshop001\/wp-json\/wp\/v2\/media\/56895"}],"wp:attachment":[{"href":"https:\/\/demoweb.info\/sexshop001\/wp-json\/wp\/v2\/media?parent=56894"}],"wp:term":[{"taxonomy":"product_cat","embeddable":true,"href":"https:\/\/demoweb.info\/sexshop001\/wp-json\/wp\/v2\/product_cat?post=56894"},{"taxonomy":"product_tag","embeddable":true,"href":"https:\/\/demoweb.info\/sexshop001\/wp-json\/wp\/v2\/product_tag?post=56894"}],"curies":[{"name":"wp","href":"https:\/\/api.w.org\/{rel}","templated":true}]}}