{"id":56863,"date":"2022-01-22T17:19:08","date_gmt":"2022-01-22T16:19:08","guid":{"rendered":"https:\/\/demoweb.info\/sexshop001\/producto\/set-3-piezas-de-dilatadores-anales-de-silicona\/"},"modified":"2022-01-22T17:19:22","modified_gmt":"2022-01-22T16:19:22","slug":"set-3-piezas-de-dilatadores-anales-de-silicona","status":"publish","type":"product","link":"https:\/\/demoweb.info\/sexshop001\/producto\/set-3-piezas-de-dilatadores-anales-de-silicona\/","title":{"rendered":"SET 3 PIEZAS DE DILATADORES ANALES DE SILICONA"},"content":{"rendered":"<p><strong>ASS ANCHOR 3 PIECE SILICONE ANAL ANCHOR<\/strong><\/p>\n<p>Cumple el deseo de una gran inserci\u00f3n anal, sin la incomodidad de un estiramiento masivo.<\/p>\n<p>Este conjunto de anclajes de silicona premium incluye tres tama\u00f1os para que puedas experimentar con la expansi\u00f3n a tu propio ritmo. Su forma \u00fanica, flexible y abombada permite juntar los extremos para una inserci\u00f3n suave y f\u00e1cil. Sin embargo, una vez que est\u00e9 dentro, el ancla se abrir\u00e1 para crear una sensaci\u00f3n \u00fanica al aplicar presi\u00f3n en las paredes del ano.<\/p>\n<p>Crea una incre\u00edble sensaci\u00f3n de plenitud cuando tu t\u00fanel se extienda por toda la extensi\u00f3n. La base est\u00e1 dise\u00f1ada para sentarse entre tus nalgas y se mantendr\u00e1 c\u00f3modamente en su lugar a largo plazo o incluso durante el juego m\u00e1s riguroso. \u00a1\u00c1brete camino hasta una enorme experiencia anal!<\/p>\n<p>Medidas:<\/p>\n<ul>\n<li>Peque\u00f1o: 9 cm de longitud total, 8,3 cm de inserci\u00f3n, 4,5 cm de di\u00e1metro m\u00ednimo, 8 cm de di\u00e1metro m\u00e1ximo.<\/li>\n<li>Medio: 12 cm de longitud total, 10 cm insertables, 5,7 cm de di\u00e1metro m\u00ednimo, 10 cm de di\u00e1metro m\u00e1ximo.<\/li>\n<li>Grande: 14 cm de longitud total, 12 cm de longitud insertable, 7 cm de di\u00e1metro m\u00ednimo, se expande hasta 11,4 cm de di\u00e1metro m\u00e1ximo.<\/li>\n<\/ul>\n","protected":false},"excerpt":{"rendered":"<p>ASS ANCHOR 3 PIECE SILICONE ANAL ANCHOR Cumple el deseo de una gran inserci\u00f3n anal, sin la incomodidad de un<\/p>\n","protected":false},"featured_media":56864,"comment_status":"open","ping_status":"open","template":"","meta":[],"product_cat":[853],"product_tag":[463,274],"class_list":["post-56863","product","type-product","status-publish","has-post-thumbnail","hentry","product_cat-dilatadores","product_tag-master-series","product_tag-xr-brands"],"bundled_by":[],"bundle_stock_status":"instock","bundle_stock_quantity":1,"bundle_virtual":false,"bundle_layout":"","bundle_add_to_cart_form_location":"","bundle_editable_in_cart":false,"bundle_sold_individually_context":"","bundle_item_grouping":"","bundle_min_size":"","bundle_max_size":"","bundled_items":[],"yoast_head":"<!-- This site is optimized with the Yoast SEO plugin v20.6 - https:\/\/yoast.com\/wordpress\/plugins\/seo\/ -->\n<title>SET 3 PIEZAS DE DILATADORES ANALES DE SILICONA - Tienda Er\u00f3tica<\/title>\n<meta name=\"robots\" content=\"noindex, follow, max-snippet:-1, max-image-preview:large, max-video-preview:-1\" \/>\n<meta property=\"og:locale\" content=\"es_ES\" \/>\n<meta property=\"og:type\" content=\"article\" \/>\n<meta property=\"og:title\" content=\"SET 3 PIEZAS DE DILATADORES ANALES DE SILICONA - Tienda Er\u00f3tica\" \/>\n<meta property=\"og:description\" content=\"ASS ANCHOR 3 PIECE SILICONE ANAL ANCHOR Cumple el deseo de una gran inserci\u00f3n anal, sin la incomodidad de un\" \/>\n<meta property=\"og:url\" content=\"https:\/\/demoweb.info\/sexshop001\/producto\/set-3-piezas-de-dilatadores-anales-de-silicona\/\" \/>\n<meta property=\"og:site_name\" content=\"Tienda Er\u00f3tica\" \/>\n<meta property=\"article:modified_time\" content=\"2022-01-22T16:19:22+00:00\" \/>\n<meta property=\"og:image\" content=\"https:\/\/demoweb.info\/sexshop001\/wp-content\/uploads\/2022\/01\/SET-3-PIEZAS-DE-DILATADORES-ANALES-DE-SILICONA.jpg\" \/>\n\t<meta property=\"og:image:width\" content=\"550\" \/>\n\t<meta property=\"og:image:height\" content=\"550\" \/>\n\t<meta property=\"og:image:type\" content=\"image\/jpeg\" \/>\n<meta name=\"twitter:card\" content=\"summary_large_image\" \/>\n<meta name=\"twitter:label1\" content=\"Tiempo de lectura\" \/>\n\t<meta name=\"twitter:data1\" content=\"1 minuto\" \/>\n<script type=\"application\/ld+json\" class=\"yoast-schema-graph\">{\"@context\":\"https:\/\/schema.org\",\"@graph\":[{\"@type\":\"WebPage\",\"@id\":\"https:\/\/demoweb.info\/sexshop001\/producto\/set-3-piezas-de-dilatadores-anales-de-silicona\/\",\"url\":\"https:\/\/demoweb.info\/sexshop001\/producto\/set-3-piezas-de-dilatadores-anales-de-silicona\/\",\"name\":\"SET 3 PIEZAS DE DILATADORES ANALES DE SILICONA - Tienda Er\u00f3tica\",\"isPartOf\":{\"@id\":\"https:\/\/demoweb.info\/sexshop001\/#website\"},\"datePublished\":\"2022-01-22T16:19:08+00:00\",\"dateModified\":\"2022-01-22T16:19:22+00:00\",\"breadcrumb\":{\"@id\":\"https:\/\/demoweb.info\/sexshop001\/producto\/set-3-piezas-de-dilatadores-anales-de-silicona\/#breadcrumb\"},\"inLanguage\":\"es\",\"potentialAction\":[{\"@type\":\"ReadAction\",\"target\":[\"https:\/\/demoweb.info\/sexshop001\/producto\/set-3-piezas-de-dilatadores-anales-de-silicona\/\"]}]},{\"@type\":\"BreadcrumbList\",\"@id\":\"https:\/\/demoweb.info\/sexshop001\/producto\/set-3-piezas-de-dilatadores-anales-de-silicona\/#breadcrumb\",\"itemListElement\":[{\"@type\":\"ListItem\",\"position\":1,\"name\":\"Portada\",\"item\":\"https:\/\/demoweb.info\/sexshop001\/\"},{\"@type\":\"ListItem\",\"position\":2,\"name\":\"Tienda\",\"item\":\"https:\/\/demoweb.info\/sexshop001\/tienda\/\"},{\"@type\":\"ListItem\",\"position\":3,\"name\":\"SET 3 PIEZAS DE DILATADORES ANALES DE SILICONA\"}]},{\"@type\":\"WebSite\",\"@id\":\"https:\/\/demoweb.info\/sexshop001\/#website\",\"url\":\"https:\/\/demoweb.info\/sexshop001\/\",\"name\":\"Tienda Er\u00f3tica\",\"description\":\"DEMOWEB SL\",\"potentialAction\":[{\"@type\":\"SearchAction\",\"target\":{\"@type\":\"EntryPoint\",\"urlTemplate\":\"https:\/\/demoweb.info\/sexshop001\/?s={search_term_string}\"},\"query-input\":\"required name=search_term_string\"}],\"inLanguage\":\"es\"}]}<\/script>\n<!-- \/ Yoast SEO plugin. -->","yoast_head_json":{"title":"SET 3 PIEZAS DE DILATADORES ANALES DE SILICONA - Tienda Er\u00f3tica","robots":{"index":"noindex","follow":"follow","max-snippet":"max-snippet:-1","max-image-preview":"max-image-preview:large","max-video-preview":"max-video-preview:-1"},"og_locale":"es_ES","og_type":"article","og_title":"SET 3 PIEZAS DE DILATADORES ANALES DE SILICONA - Tienda Er\u00f3tica","og_description":"ASS ANCHOR 3 PIECE SILICONE ANAL ANCHOR Cumple el deseo de una gran inserci\u00f3n anal, sin la incomodidad de un","og_url":"https:\/\/demoweb.info\/sexshop001\/producto\/set-3-piezas-de-dilatadores-anales-de-silicona\/","og_site_name":"Tienda Er\u00f3tica","article_modified_time":"2022-01-22T16:19:22+00:00","og_image":[{"width":550,"height":550,"url":"https:\/\/demoweb.info\/sexshop001\/wp-content\/uploads\/2022\/01\/SET-3-PIEZAS-DE-DILATADORES-ANALES-DE-SILICONA.jpg","type":"image\/jpeg"}],"twitter_card":"summary_large_image","twitter_misc":{"Tiempo de lectura":"1 minuto"},"schema":{"@context":"https:\/\/schema.org","@graph":[{"@type":"WebPage","@id":"https:\/\/demoweb.info\/sexshop001\/producto\/set-3-piezas-de-dilatadores-anales-de-silicona\/","url":"https:\/\/demoweb.info\/sexshop001\/producto\/set-3-piezas-de-dilatadores-anales-de-silicona\/","name":"SET 3 PIEZAS DE DILATADORES ANALES DE SILICONA - Tienda Er\u00f3tica","isPartOf":{"@id":"https:\/\/demoweb.info\/sexshop001\/#website"},"datePublished":"2022-01-22T16:19:08+00:00","dateModified":"2022-01-22T16:19:22+00:00","breadcrumb":{"@id":"https:\/\/demoweb.info\/sexshop001\/producto\/set-3-piezas-de-dilatadores-anales-de-silicona\/#breadcrumb"},"inLanguage":"es","potentialAction":[{"@type":"ReadAction","target":["https:\/\/demoweb.info\/sexshop001\/producto\/set-3-piezas-de-dilatadores-anales-de-silicona\/"]}]},{"@type":"BreadcrumbList","@id":"https:\/\/demoweb.info\/sexshop001\/producto\/set-3-piezas-de-dilatadores-anales-de-silicona\/#breadcrumb","itemListElement":[{"@type":"ListItem","position":1,"name":"Portada","item":"https:\/\/demoweb.info\/sexshop001\/"},{"@type":"ListItem","position":2,"name":"Tienda","item":"https:\/\/demoweb.info\/sexshop001\/tienda\/"},{"@type":"ListItem","position":3,"name":"SET 3 PIEZAS DE DILATADORES ANALES DE SILICONA"}]},{"@type":"WebSite","@id":"https:\/\/demoweb.info\/sexshop001\/#website","url":"https:\/\/demoweb.info\/sexshop001\/","name":"Tienda Er\u00f3tica","description":"DEMOWEB SL","potentialAction":[{"@type":"SearchAction","target":{"@type":"EntryPoint","urlTemplate":"https:\/\/demoweb.info\/sexshop001\/?s={search_term_string}"},"query-input":"required name=search_term_string"}],"inLanguage":"es"}]}},"_links":{"self":[{"href":"https:\/\/demoweb.info\/sexshop001\/wp-json\/wp\/v3\/product\/56863","targetHints":{"allow":["GET"]}}],"collection":[{"href":"https:\/\/demoweb.info\/sexshop001\/wp-json\/wp\/v3\/product"}],"about":[{"href":"https:\/\/demoweb.info\/sexshop001\/wp-json\/wp\/v2\/types\/product"}],"replies":[{"embeddable":true,"href":"https:\/\/demoweb.info\/sexshop001\/wp-json\/wp\/v2\/comments?post=56863"}],"wp:featuredmedia":[{"embeddable":true,"href":"https:\/\/demoweb.info\/sexshop001\/wp-json\/wp\/v2\/media\/56864"}],"wp:attachment":[{"href":"https:\/\/demoweb.info\/sexshop001\/wp-json\/wp\/v2\/media?parent=56863"}],"wp:term":[{"taxonomy":"product_cat","embeddable":true,"href":"https:\/\/demoweb.info\/sexshop001\/wp-json\/wp\/v2\/product_cat?post=56863"},{"taxonomy":"product_tag","embeddable":true,"href":"https:\/\/demoweb.info\/sexshop001\/wp-json\/wp\/v2\/product_tag?post=56863"}],"curies":[{"name":"wp","href":"https:\/\/api.w.org\/{rel}","templated":true}]}}