{"id":56845,"date":"2022-01-22T17:19:08","date_gmt":"2022-01-22T16:19:08","guid":{"rendered":"https:\/\/demoweb.info\/sexshop001\/producto\/plug-ensanchador-anal\/"},"modified":"2022-01-22T17:19:10","modified_gmt":"2022-01-22T16:19:10","slug":"plug-ensanchador-anal","status":"publish","type":"product","link":"https:\/\/demoweb.info\/sexshop001\/producto\/plug-ensanchador-anal\/","title":{"rendered":"PLUG ENSANCHADOR ANAL"},"content":{"rendered":"<p><strong>ANCHORED CLEAR ANAL PLUG<\/strong><\/p>\n<p>\u00a1\u00c1brete para que tu compa\u00f1ero pueda echar un vistazo dentro de tu agujero!<\/p>\n<p>Este tap\u00f3n de expansi\u00f3n tiene una forma \u00fanica, flexible y acampanada para una sensaci\u00f3n intensa y una presi\u00f3n deliciosa. Dise\u00f1ado para la m\u00e1xima estimulaci\u00f3n anal, este tap\u00f3n con forma de anclaje tiene extremos abocardados que se enganchan en un tap\u00f3n c\u00f3nico para una inserci\u00f3n f\u00e1cil.<\/p>\n<p>Una vez dentro, las dos mitades se extender\u00e1n, llen\u00e1ndote y presionando contra las paredes de tu trasero. \u00a1Esto asegurar\u00e1 un ajuste perfecto que mantendr\u00e1 el enchufe en su lugar incluso durante el juego m\u00e1s riguroso! El material blando es flexible pero lo suficientemente r\u00edgido para sensaciones intensas. Debido a que este tap\u00f3n es transparente, tu compa\u00f1ero podr\u00e1 ver directamente tu agujero estirado. <\/p>\n<p>\u00dasalo con silicona o lubricante a base de agua y l\u00edmpialo con un jab\u00f3n suave y agua tibia.<\/p>\n<p>Medidas: 9,5 cm de longitud total, 7,6 cm insertables, di\u00e1metro m\u00ednimo de 4,8 cm, di\u00e1metro m\u00e1ximo de 10 cm.<\/p>\n","protected":false},"excerpt":{"rendered":"<p>ANCHORED CLEAR ANAL PLUG \u00a1\u00c1brete para que tu compa\u00f1ero pueda echar un vistazo dentro de tu agujero! Este tap\u00f3n de<\/p>\n","protected":false},"featured_media":56846,"comment_status":"open","ping_status":"open","template":"","meta":[],"product_cat":[853],"product_tag":[463,274],"class_list":["post-56845","product","type-product","status-publish","has-post-thumbnail","hentry","product_cat-dilatadores","product_tag-master-series","product_tag-xr-brands"],"bundled_by":[],"bundle_stock_status":"instock","bundle_stock_quantity":1,"bundle_virtual":false,"bundle_layout":"","bundle_add_to_cart_form_location":"","bundle_editable_in_cart":false,"bundle_sold_individually_context":"","bundle_item_grouping":"","bundle_min_size":"","bundle_max_size":"","bundled_items":[],"yoast_head":"<!-- This site is optimized with the Yoast SEO plugin v20.6 - https:\/\/yoast.com\/wordpress\/plugins\/seo\/ -->\n<title>PLUG ENSANCHADOR ANAL - Tienda Er\u00f3tica<\/title>\n<meta name=\"robots\" content=\"noindex, follow, max-snippet:-1, max-image-preview:large, max-video-preview:-1\" \/>\n<meta property=\"og:locale\" content=\"es_ES\" \/>\n<meta property=\"og:type\" content=\"article\" \/>\n<meta property=\"og:title\" content=\"PLUG ENSANCHADOR ANAL - Tienda Er\u00f3tica\" \/>\n<meta property=\"og:description\" content=\"ANCHORED CLEAR ANAL PLUG \u00a1\u00c1brete para que tu compa\u00f1ero pueda echar un vistazo dentro de tu agujero! Este tap\u00f3n de\" \/>\n<meta property=\"og:url\" content=\"https:\/\/demoweb.info\/sexshop001\/producto\/plug-ensanchador-anal\/\" \/>\n<meta property=\"og:site_name\" content=\"Tienda Er\u00f3tica\" \/>\n<meta property=\"article:modified_time\" content=\"2022-01-22T16:19:10+00:00\" \/>\n<meta property=\"og:image\" content=\"https:\/\/demoweb.info\/sexshop001\/wp-content\/uploads\/2022\/01\/PLUG-ENSANCHADOR-ANAL.jpg\" \/>\n\t<meta property=\"og:image:width\" content=\"550\" \/>\n\t<meta property=\"og:image:height\" content=\"550\" \/>\n\t<meta property=\"og:image:type\" content=\"image\/jpeg\" \/>\n<meta name=\"twitter:card\" content=\"summary_large_image\" \/>\n<meta name=\"twitter:label1\" content=\"Tiempo de lectura\" \/>\n\t<meta name=\"twitter:data1\" content=\"1 minuto\" \/>\n<script type=\"application\/ld+json\" class=\"yoast-schema-graph\">{\"@context\":\"https:\/\/schema.org\",\"@graph\":[{\"@type\":\"WebPage\",\"@id\":\"https:\/\/demoweb.info\/sexshop001\/producto\/plug-ensanchador-anal\/\",\"url\":\"https:\/\/demoweb.info\/sexshop001\/producto\/plug-ensanchador-anal\/\",\"name\":\"PLUG ENSANCHADOR ANAL - Tienda Er\u00f3tica\",\"isPartOf\":{\"@id\":\"https:\/\/demoweb.info\/sexshop001\/#website\"},\"datePublished\":\"2022-01-22T16:19:08+00:00\",\"dateModified\":\"2022-01-22T16:19:10+00:00\",\"breadcrumb\":{\"@id\":\"https:\/\/demoweb.info\/sexshop001\/producto\/plug-ensanchador-anal\/#breadcrumb\"},\"inLanguage\":\"es\",\"potentialAction\":[{\"@type\":\"ReadAction\",\"target\":[\"https:\/\/demoweb.info\/sexshop001\/producto\/plug-ensanchador-anal\/\"]}]},{\"@type\":\"BreadcrumbList\",\"@id\":\"https:\/\/demoweb.info\/sexshop001\/producto\/plug-ensanchador-anal\/#breadcrumb\",\"itemListElement\":[{\"@type\":\"ListItem\",\"position\":1,\"name\":\"Portada\",\"item\":\"https:\/\/demoweb.info\/sexshop001\/\"},{\"@type\":\"ListItem\",\"position\":2,\"name\":\"Tienda\",\"item\":\"https:\/\/demoweb.info\/sexshop001\/tienda\/\"},{\"@type\":\"ListItem\",\"position\":3,\"name\":\"PLUG ENSANCHADOR ANAL\"}]},{\"@type\":\"WebSite\",\"@id\":\"https:\/\/demoweb.info\/sexshop001\/#website\",\"url\":\"https:\/\/demoweb.info\/sexshop001\/\",\"name\":\"Tienda Er\u00f3tica\",\"description\":\"DEMOWEB SL\",\"potentialAction\":[{\"@type\":\"SearchAction\",\"target\":{\"@type\":\"EntryPoint\",\"urlTemplate\":\"https:\/\/demoweb.info\/sexshop001\/?s={search_term_string}\"},\"query-input\":\"required name=search_term_string\"}],\"inLanguage\":\"es\"}]}<\/script>\n<!-- \/ Yoast SEO plugin. -->","yoast_head_json":{"title":"PLUG ENSANCHADOR ANAL - Tienda Er\u00f3tica","robots":{"index":"noindex","follow":"follow","max-snippet":"max-snippet:-1","max-image-preview":"max-image-preview:large","max-video-preview":"max-video-preview:-1"},"og_locale":"es_ES","og_type":"article","og_title":"PLUG ENSANCHADOR ANAL - Tienda Er\u00f3tica","og_description":"ANCHORED CLEAR ANAL PLUG \u00a1\u00c1brete para que tu compa\u00f1ero pueda echar un vistazo dentro de tu agujero! Este tap\u00f3n de","og_url":"https:\/\/demoweb.info\/sexshop001\/producto\/plug-ensanchador-anal\/","og_site_name":"Tienda Er\u00f3tica","article_modified_time":"2022-01-22T16:19:10+00:00","og_image":[{"width":550,"height":550,"url":"https:\/\/demoweb.info\/sexshop001\/wp-content\/uploads\/2022\/01\/PLUG-ENSANCHADOR-ANAL.jpg","type":"image\/jpeg"}],"twitter_card":"summary_large_image","twitter_misc":{"Tiempo de lectura":"1 minuto"},"schema":{"@context":"https:\/\/schema.org","@graph":[{"@type":"WebPage","@id":"https:\/\/demoweb.info\/sexshop001\/producto\/plug-ensanchador-anal\/","url":"https:\/\/demoweb.info\/sexshop001\/producto\/plug-ensanchador-anal\/","name":"PLUG ENSANCHADOR ANAL - Tienda Er\u00f3tica","isPartOf":{"@id":"https:\/\/demoweb.info\/sexshop001\/#website"},"datePublished":"2022-01-22T16:19:08+00:00","dateModified":"2022-01-22T16:19:10+00:00","breadcrumb":{"@id":"https:\/\/demoweb.info\/sexshop001\/producto\/plug-ensanchador-anal\/#breadcrumb"},"inLanguage":"es","potentialAction":[{"@type":"ReadAction","target":["https:\/\/demoweb.info\/sexshop001\/producto\/plug-ensanchador-anal\/"]}]},{"@type":"BreadcrumbList","@id":"https:\/\/demoweb.info\/sexshop001\/producto\/plug-ensanchador-anal\/#breadcrumb","itemListElement":[{"@type":"ListItem","position":1,"name":"Portada","item":"https:\/\/demoweb.info\/sexshop001\/"},{"@type":"ListItem","position":2,"name":"Tienda","item":"https:\/\/demoweb.info\/sexshop001\/tienda\/"},{"@type":"ListItem","position":3,"name":"PLUG ENSANCHADOR ANAL"}]},{"@type":"WebSite","@id":"https:\/\/demoweb.info\/sexshop001\/#website","url":"https:\/\/demoweb.info\/sexshop001\/","name":"Tienda Er\u00f3tica","description":"DEMOWEB SL","potentialAction":[{"@type":"SearchAction","target":{"@type":"EntryPoint","urlTemplate":"https:\/\/demoweb.info\/sexshop001\/?s={search_term_string}"},"query-input":"required name=search_term_string"}],"inLanguage":"es"}]}},"_links":{"self":[{"href":"https:\/\/demoweb.info\/sexshop001\/wp-json\/wp\/v3\/product\/56845","targetHints":{"allow":["GET"]}}],"collection":[{"href":"https:\/\/demoweb.info\/sexshop001\/wp-json\/wp\/v3\/product"}],"about":[{"href":"https:\/\/demoweb.info\/sexshop001\/wp-json\/wp\/v2\/types\/product"}],"replies":[{"embeddable":true,"href":"https:\/\/demoweb.info\/sexshop001\/wp-json\/wp\/v2\/comments?post=56845"}],"wp:featuredmedia":[{"embeddable":true,"href":"https:\/\/demoweb.info\/sexshop001\/wp-json\/wp\/v2\/media\/56846"}],"wp:attachment":[{"href":"https:\/\/demoweb.info\/sexshop001\/wp-json\/wp\/v2\/media?parent=56845"}],"wp:term":[{"taxonomy":"product_cat","embeddable":true,"href":"https:\/\/demoweb.info\/sexshop001\/wp-json\/wp\/v2\/product_cat?post=56845"},{"taxonomy":"product_tag","embeddable":true,"href":"https:\/\/demoweb.info\/sexshop001\/wp-json\/wp\/v2\/product_tag?post=56845"}],"curies":[{"name":"wp","href":"https:\/\/api.w.org\/{rel}","templated":true}]}}