{"id":56824,"date":"2022-01-22T17:18:52","date_gmt":"2022-01-22T16:18:52","guid":{"rendered":"https:\/\/demoweb.info\/sexshop001\/producto\/sonda-uretral-con-vibracion-pequena\/"},"modified":"2022-01-22T17:18:55","modified_gmt":"2022-01-22T16:18:55","slug":"sonda-uretral-con-vibracion-pequena","status":"publish","type":"product","link":"https:\/\/demoweb.info\/sexshop001\/producto\/sonda-uretral-con-vibracion-pequena\/","title":{"rendered":"SONDA URETRAL CON VIBRACI\u00d3N &#8211; PEQUE\u00d1A"},"content":{"rendered":"<p><strong>VIBRATING URETHRAL SOUND &#8211; SMALL<\/strong><\/p>\n<p>Sonda uretral vibratoria de acero inoxidable con un acabado pulido liso. Sus botones de encendido\/apagado y el interruptor de control de velocidades de vibraci\u00f3n se ubica en la parte superior. Embalado en una hermosa caja.<\/p>\n<p>Caracter\u00edsticas:<br \/>\n&#8211; Longitud: 22,2 cm<br \/>\n&#8211; Di\u00e1metro: 0,8 &#8211; 0,7 &#8211; 1,3 cm<br \/>\n&#8211; Material: Acero Inox.<\/p>\n<p>Funciona con 1 pila AAA, incluida.<\/p>\n","protected":false},"excerpt":{"rendered":"<p>VIBRATING URETHRAL SOUND &#8211; SMALL Sonda uretral vibratoria de acero inoxidable con un acabado pulido liso. Sus botones de encendido\/apagado<\/p>\n","protected":false},"featured_media":56825,"comment_status":"open","ping_status":"open","template":"","meta":[],"product_cat":[304],"product_tag":[283],"class_list":["post-56824","product","type-product","status-publish","has-post-thumbnail","hentry","product_cat-vibradores-penis-plug","product_tag-triune"],"bundled_by":[],"bundle_stock_status":"instock","bundle_stock_quantity":1,"bundle_virtual":false,"bundle_layout":"","bundle_add_to_cart_form_location":"","bundle_editable_in_cart":false,"bundle_sold_individually_context":"","bundle_item_grouping":"","bundle_min_size":"","bundle_max_size":"","bundled_items":[],"yoast_head":"<!-- This site is optimized with the Yoast SEO plugin v20.6 - https:\/\/yoast.com\/wordpress\/plugins\/seo\/ -->\n<title>SONDA URETRAL CON VIBRACI\u00d3N - PEQUE\u00d1A - Tienda Er\u00f3tica<\/title>\n<meta name=\"robots\" content=\"noindex, follow, max-snippet:-1, max-image-preview:large, max-video-preview:-1\" \/>\n<meta property=\"og:locale\" content=\"es_ES\" \/>\n<meta property=\"og:type\" content=\"article\" \/>\n<meta property=\"og:title\" content=\"SONDA URETRAL CON VIBRACI\u00d3N - PEQUE\u00d1A - Tienda Er\u00f3tica\" \/>\n<meta property=\"og:description\" content=\"VIBRATING URETHRAL SOUND &#8211; SMALL Sonda uretral vibratoria de acero inoxidable con un acabado pulido liso. Sus botones de encendido\/apagado\" \/>\n<meta property=\"og:url\" content=\"https:\/\/demoweb.info\/sexshop001\/producto\/sonda-uretral-con-vibracion-pequena\/\" \/>\n<meta property=\"og:site_name\" content=\"Tienda Er\u00f3tica\" \/>\n<meta property=\"article:modified_time\" content=\"2022-01-22T16:18:55+00:00\" \/>\n<meta property=\"og:image\" content=\"https:\/\/demoweb.info\/sexshop001\/wp-content\/uploads\/2022\/01\/SONDA-URETRAL-CON-VIBRACION-PEQUENA.jpg\" \/>\n\t<meta property=\"og:image:width\" content=\"550\" \/>\n\t<meta property=\"og:image:height\" content=\"550\" \/>\n\t<meta property=\"og:image:type\" content=\"image\/jpeg\" \/>\n<meta name=\"twitter:card\" content=\"summary_large_image\" \/>\n<script type=\"application\/ld+json\" class=\"yoast-schema-graph\">{\"@context\":\"https:\/\/schema.org\",\"@graph\":[{\"@type\":\"WebPage\",\"@id\":\"https:\/\/demoweb.info\/sexshop001\/producto\/sonda-uretral-con-vibracion-pequena\/\",\"url\":\"https:\/\/demoweb.info\/sexshop001\/producto\/sonda-uretral-con-vibracion-pequena\/\",\"name\":\"SONDA URETRAL CON VIBRACI\u00d3N - PEQUE\u00d1A - Tienda Er\u00f3tica\",\"isPartOf\":{\"@id\":\"https:\/\/demoweb.info\/sexshop001\/#website\"},\"datePublished\":\"2022-01-22T16:18:52+00:00\",\"dateModified\":\"2022-01-22T16:18:55+00:00\",\"breadcrumb\":{\"@id\":\"https:\/\/demoweb.info\/sexshop001\/producto\/sonda-uretral-con-vibracion-pequena\/#breadcrumb\"},\"inLanguage\":\"es\",\"potentialAction\":[{\"@type\":\"ReadAction\",\"target\":[\"https:\/\/demoweb.info\/sexshop001\/producto\/sonda-uretral-con-vibracion-pequena\/\"]}]},{\"@type\":\"BreadcrumbList\",\"@id\":\"https:\/\/demoweb.info\/sexshop001\/producto\/sonda-uretral-con-vibracion-pequena\/#breadcrumb\",\"itemListElement\":[{\"@type\":\"ListItem\",\"position\":1,\"name\":\"Portada\",\"item\":\"https:\/\/demoweb.info\/sexshop001\/\"},{\"@type\":\"ListItem\",\"position\":2,\"name\":\"Tienda\",\"item\":\"https:\/\/demoweb.info\/sexshop001\/tienda\/\"},{\"@type\":\"ListItem\",\"position\":3,\"name\":\"SONDA URETRAL CON VIBRACI\u00d3N &#8211; PEQUE\u00d1A\"}]},{\"@type\":\"WebSite\",\"@id\":\"https:\/\/demoweb.info\/sexshop001\/#website\",\"url\":\"https:\/\/demoweb.info\/sexshop001\/\",\"name\":\"Tienda Er\u00f3tica\",\"description\":\"DEMOWEB SL\",\"potentialAction\":[{\"@type\":\"SearchAction\",\"target\":{\"@type\":\"EntryPoint\",\"urlTemplate\":\"https:\/\/demoweb.info\/sexshop001\/?s={search_term_string}\"},\"query-input\":\"required name=search_term_string\"}],\"inLanguage\":\"es\"}]}<\/script>\n<!-- \/ Yoast SEO plugin. -->","yoast_head_json":{"title":"SONDA URETRAL CON VIBRACI\u00d3N - PEQUE\u00d1A - Tienda Er\u00f3tica","robots":{"index":"noindex","follow":"follow","max-snippet":"max-snippet:-1","max-image-preview":"max-image-preview:large","max-video-preview":"max-video-preview:-1"},"og_locale":"es_ES","og_type":"article","og_title":"SONDA URETRAL CON VIBRACI\u00d3N - PEQUE\u00d1A - Tienda Er\u00f3tica","og_description":"VIBRATING URETHRAL SOUND &#8211; SMALL Sonda uretral vibratoria de acero inoxidable con un acabado pulido liso. Sus botones de encendido\/apagado","og_url":"https:\/\/demoweb.info\/sexshop001\/producto\/sonda-uretral-con-vibracion-pequena\/","og_site_name":"Tienda Er\u00f3tica","article_modified_time":"2022-01-22T16:18:55+00:00","og_image":[{"width":550,"height":550,"url":"https:\/\/demoweb.info\/sexshop001\/wp-content\/uploads\/2022\/01\/SONDA-URETRAL-CON-VIBRACION-PEQUENA.jpg","type":"image\/jpeg"}],"twitter_card":"summary_large_image","schema":{"@context":"https:\/\/schema.org","@graph":[{"@type":"WebPage","@id":"https:\/\/demoweb.info\/sexshop001\/producto\/sonda-uretral-con-vibracion-pequena\/","url":"https:\/\/demoweb.info\/sexshop001\/producto\/sonda-uretral-con-vibracion-pequena\/","name":"SONDA URETRAL CON VIBRACI\u00d3N - PEQUE\u00d1A - Tienda Er\u00f3tica","isPartOf":{"@id":"https:\/\/demoweb.info\/sexshop001\/#website"},"datePublished":"2022-01-22T16:18:52+00:00","dateModified":"2022-01-22T16:18:55+00:00","breadcrumb":{"@id":"https:\/\/demoweb.info\/sexshop001\/producto\/sonda-uretral-con-vibracion-pequena\/#breadcrumb"},"inLanguage":"es","potentialAction":[{"@type":"ReadAction","target":["https:\/\/demoweb.info\/sexshop001\/producto\/sonda-uretral-con-vibracion-pequena\/"]}]},{"@type":"BreadcrumbList","@id":"https:\/\/demoweb.info\/sexshop001\/producto\/sonda-uretral-con-vibracion-pequena\/#breadcrumb","itemListElement":[{"@type":"ListItem","position":1,"name":"Portada","item":"https:\/\/demoweb.info\/sexshop001\/"},{"@type":"ListItem","position":2,"name":"Tienda","item":"https:\/\/demoweb.info\/sexshop001\/tienda\/"},{"@type":"ListItem","position":3,"name":"SONDA URETRAL CON VIBRACI\u00d3N &#8211; PEQUE\u00d1A"}]},{"@type":"WebSite","@id":"https:\/\/demoweb.info\/sexshop001\/#website","url":"https:\/\/demoweb.info\/sexshop001\/","name":"Tienda Er\u00f3tica","description":"DEMOWEB SL","potentialAction":[{"@type":"SearchAction","target":{"@type":"EntryPoint","urlTemplate":"https:\/\/demoweb.info\/sexshop001\/?s={search_term_string}"},"query-input":"required name=search_term_string"}],"inLanguage":"es"}]}},"_links":{"self":[{"href":"https:\/\/demoweb.info\/sexshop001\/wp-json\/wp\/v3\/product\/56824","targetHints":{"allow":["GET"]}}],"collection":[{"href":"https:\/\/demoweb.info\/sexshop001\/wp-json\/wp\/v3\/product"}],"about":[{"href":"https:\/\/demoweb.info\/sexshop001\/wp-json\/wp\/v2\/types\/product"}],"replies":[{"embeddable":true,"href":"https:\/\/demoweb.info\/sexshop001\/wp-json\/wp\/v2\/comments?post=56824"}],"wp:featuredmedia":[{"embeddable":true,"href":"https:\/\/demoweb.info\/sexshop001\/wp-json\/wp\/v2\/media\/56825"}],"wp:attachment":[{"href":"https:\/\/demoweb.info\/sexshop001\/wp-json\/wp\/v2\/media?parent=56824"}],"wp:term":[{"taxonomy":"product_cat","embeddable":true,"href":"https:\/\/demoweb.info\/sexshop001\/wp-json\/wp\/v2\/product_cat?post=56824"},{"taxonomy":"product_tag","embeddable":true,"href":"https:\/\/demoweb.info\/sexshop001\/wp-json\/wp\/v2\/product_tag?post=56824"}],"curies":[{"name":"wp","href":"https:\/\/api.w.org\/{rel}","templated":true}]}}