{"id":56743,"date":"2022-01-22T17:17:34","date_gmt":"2022-01-22T16:17:34","guid":{"rendered":"https:\/\/demoweb.info\/sexshop001\/producto\/deviant-monarch-pinzas-pezones-con-peso\/"},"modified":"2022-01-22T17:17:55","modified_gmt":"2022-01-22T16:17:55","slug":"deviant-monarch-pinzas-pezones-con-peso","status":"publish","type":"product","link":"https:\/\/demoweb.info\/sexshop001\/producto\/deviant-monarch-pinzas-pezones-con-peso\/","title":{"rendered":"DEVIANT MONARCH PINZAS PEZONES CON PESO"},"content":{"rendered":"<p><strong>DEVIANT MONARCH WEIGHTED NIPPLE CLAMPS<\/strong><\/p>\n<p>Estas ingeniosas abrazaderas est\u00e1n especialmente dise\u00f1adas para apretar su agarre a medida que se tiran hacia abajo.<\/p>\n<p>Los extremos est\u00e1n inclinados con caucho acanalado, para ayudar a retener su agarre y aumentar la sensaci\u00f3n. Cada peso se engancha f\u00e1cilmente al final, suministrando 28 gramos de tracci\u00f3n cada uno, para una libra completa de presi\u00f3n total.<\/p>\n<p>Incluye dos pinzas.<\/p>\n","protected":false},"excerpt":{"rendered":"<p>DEVIANT MONARCH WEIGHTED NIPPLE CLAMPS Estas ingeniosas abrazaderas est\u00e1n especialmente dise\u00f1adas para apretar su agarre a medida que se tiran<\/p>\n","protected":false},"featured_media":56744,"comment_status":"open","ping_status":"open","template":"","meta":[],"product_cat":[282],"product_tag":[463,274],"class_list":["post-56743","product","type-product","status-publish","has-post-thumbnail","hentry","product_cat-pinzas-pezones","product_tag-master-series","product_tag-xr-brands"],"bundled_by":[],"bundle_stock_status":"instock","bundle_stock_quantity":1,"bundle_virtual":false,"bundle_layout":"","bundle_add_to_cart_form_location":"","bundle_editable_in_cart":false,"bundle_sold_individually_context":"","bundle_item_grouping":"","bundle_min_size":"","bundle_max_size":"","bundled_items":[],"yoast_head":"<!-- This site is optimized with the Yoast SEO plugin v20.6 - https:\/\/yoast.com\/wordpress\/plugins\/seo\/ -->\n<title>DEVIANT MONARCH PINZAS PEZONES CON PESO - Tienda Er\u00f3tica<\/title>\n<meta name=\"robots\" content=\"noindex, follow, max-snippet:-1, max-image-preview:large, max-video-preview:-1\" \/>\n<meta property=\"og:locale\" content=\"es_ES\" \/>\n<meta property=\"og:type\" content=\"article\" \/>\n<meta property=\"og:title\" content=\"DEVIANT MONARCH PINZAS PEZONES CON PESO - Tienda Er\u00f3tica\" \/>\n<meta property=\"og:description\" content=\"DEVIANT MONARCH WEIGHTED NIPPLE CLAMPS Estas ingeniosas abrazaderas est\u00e1n especialmente dise\u00f1adas para apretar su agarre a medida que se tiran\" \/>\n<meta property=\"og:url\" content=\"https:\/\/demoweb.info\/sexshop001\/producto\/deviant-monarch-pinzas-pezones-con-peso\/\" \/>\n<meta property=\"og:site_name\" content=\"Tienda Er\u00f3tica\" \/>\n<meta property=\"article:modified_time\" content=\"2022-01-22T16:17:55+00:00\" \/>\n<meta property=\"og:image\" content=\"https:\/\/demoweb.info\/sexshop001\/wp-content\/uploads\/2022\/01\/DEVIANT-MONARCH-PINZAS-PEZONES-CON-PESO.jpg\" \/>\n\t<meta property=\"og:image:width\" content=\"550\" \/>\n\t<meta property=\"og:image:height\" content=\"550\" \/>\n\t<meta property=\"og:image:type\" content=\"image\/jpeg\" \/>\n<meta name=\"twitter:card\" content=\"summary_large_image\" \/>\n<script type=\"application\/ld+json\" class=\"yoast-schema-graph\">{\"@context\":\"https:\/\/schema.org\",\"@graph\":[{\"@type\":\"WebPage\",\"@id\":\"https:\/\/demoweb.info\/sexshop001\/producto\/deviant-monarch-pinzas-pezones-con-peso\/\",\"url\":\"https:\/\/demoweb.info\/sexshop001\/producto\/deviant-monarch-pinzas-pezones-con-peso\/\",\"name\":\"DEVIANT MONARCH PINZAS PEZONES CON PESO - Tienda Er\u00f3tica\",\"isPartOf\":{\"@id\":\"https:\/\/demoweb.info\/sexshop001\/#website\"},\"datePublished\":\"2022-01-22T16:17:34+00:00\",\"dateModified\":\"2022-01-22T16:17:55+00:00\",\"breadcrumb\":{\"@id\":\"https:\/\/demoweb.info\/sexshop001\/producto\/deviant-monarch-pinzas-pezones-con-peso\/#breadcrumb\"},\"inLanguage\":\"es\",\"potentialAction\":[{\"@type\":\"ReadAction\",\"target\":[\"https:\/\/demoweb.info\/sexshop001\/producto\/deviant-monarch-pinzas-pezones-con-peso\/\"]}]},{\"@type\":\"BreadcrumbList\",\"@id\":\"https:\/\/demoweb.info\/sexshop001\/producto\/deviant-monarch-pinzas-pezones-con-peso\/#breadcrumb\",\"itemListElement\":[{\"@type\":\"ListItem\",\"position\":1,\"name\":\"Portada\",\"item\":\"https:\/\/demoweb.info\/sexshop001\/\"},{\"@type\":\"ListItem\",\"position\":2,\"name\":\"Tienda\",\"item\":\"https:\/\/demoweb.info\/sexshop001\/tienda\/\"},{\"@type\":\"ListItem\",\"position\":3,\"name\":\"DEVIANT MONARCH PINZAS PEZONES CON PESO\"}]},{\"@type\":\"WebSite\",\"@id\":\"https:\/\/demoweb.info\/sexshop001\/#website\",\"url\":\"https:\/\/demoweb.info\/sexshop001\/\",\"name\":\"Tienda Er\u00f3tica\",\"description\":\"DEMOWEB SL\",\"potentialAction\":[{\"@type\":\"SearchAction\",\"target\":{\"@type\":\"EntryPoint\",\"urlTemplate\":\"https:\/\/demoweb.info\/sexshop001\/?s={search_term_string}\"},\"query-input\":\"required name=search_term_string\"}],\"inLanguage\":\"es\"}]}<\/script>\n<!-- \/ Yoast SEO plugin. -->","yoast_head_json":{"title":"DEVIANT MONARCH PINZAS PEZONES CON PESO - Tienda Er\u00f3tica","robots":{"index":"noindex","follow":"follow","max-snippet":"max-snippet:-1","max-image-preview":"max-image-preview:large","max-video-preview":"max-video-preview:-1"},"og_locale":"es_ES","og_type":"article","og_title":"DEVIANT MONARCH PINZAS PEZONES CON PESO - Tienda Er\u00f3tica","og_description":"DEVIANT MONARCH WEIGHTED NIPPLE CLAMPS Estas ingeniosas abrazaderas est\u00e1n especialmente dise\u00f1adas para apretar su agarre a medida que se tiran","og_url":"https:\/\/demoweb.info\/sexshop001\/producto\/deviant-monarch-pinzas-pezones-con-peso\/","og_site_name":"Tienda Er\u00f3tica","article_modified_time":"2022-01-22T16:17:55+00:00","og_image":[{"width":550,"height":550,"url":"https:\/\/demoweb.info\/sexshop001\/wp-content\/uploads\/2022\/01\/DEVIANT-MONARCH-PINZAS-PEZONES-CON-PESO.jpg","type":"image\/jpeg"}],"twitter_card":"summary_large_image","schema":{"@context":"https:\/\/schema.org","@graph":[{"@type":"WebPage","@id":"https:\/\/demoweb.info\/sexshop001\/producto\/deviant-monarch-pinzas-pezones-con-peso\/","url":"https:\/\/demoweb.info\/sexshop001\/producto\/deviant-monarch-pinzas-pezones-con-peso\/","name":"DEVIANT MONARCH PINZAS PEZONES CON PESO - Tienda Er\u00f3tica","isPartOf":{"@id":"https:\/\/demoweb.info\/sexshop001\/#website"},"datePublished":"2022-01-22T16:17:34+00:00","dateModified":"2022-01-22T16:17:55+00:00","breadcrumb":{"@id":"https:\/\/demoweb.info\/sexshop001\/producto\/deviant-monarch-pinzas-pezones-con-peso\/#breadcrumb"},"inLanguage":"es","potentialAction":[{"@type":"ReadAction","target":["https:\/\/demoweb.info\/sexshop001\/producto\/deviant-monarch-pinzas-pezones-con-peso\/"]}]},{"@type":"BreadcrumbList","@id":"https:\/\/demoweb.info\/sexshop001\/producto\/deviant-monarch-pinzas-pezones-con-peso\/#breadcrumb","itemListElement":[{"@type":"ListItem","position":1,"name":"Portada","item":"https:\/\/demoweb.info\/sexshop001\/"},{"@type":"ListItem","position":2,"name":"Tienda","item":"https:\/\/demoweb.info\/sexshop001\/tienda\/"},{"@type":"ListItem","position":3,"name":"DEVIANT MONARCH PINZAS PEZONES CON PESO"}]},{"@type":"WebSite","@id":"https:\/\/demoweb.info\/sexshop001\/#website","url":"https:\/\/demoweb.info\/sexshop001\/","name":"Tienda Er\u00f3tica","description":"DEMOWEB SL","potentialAction":[{"@type":"SearchAction","target":{"@type":"EntryPoint","urlTemplate":"https:\/\/demoweb.info\/sexshop001\/?s={search_term_string}"},"query-input":"required name=search_term_string"}],"inLanguage":"es"}]}},"_links":{"self":[{"href":"https:\/\/demoweb.info\/sexshop001\/wp-json\/wp\/v3\/product\/56743","targetHints":{"allow":["GET"]}}],"collection":[{"href":"https:\/\/demoweb.info\/sexshop001\/wp-json\/wp\/v3\/product"}],"about":[{"href":"https:\/\/demoweb.info\/sexshop001\/wp-json\/wp\/v2\/types\/product"}],"replies":[{"embeddable":true,"href":"https:\/\/demoweb.info\/sexshop001\/wp-json\/wp\/v2\/comments?post=56743"}],"wp:featuredmedia":[{"embeddable":true,"href":"https:\/\/demoweb.info\/sexshop001\/wp-json\/wp\/v2\/media\/56744"}],"wp:attachment":[{"href":"https:\/\/demoweb.info\/sexshop001\/wp-json\/wp\/v2\/media?parent=56743"}],"wp:term":[{"taxonomy":"product_cat","embeddable":true,"href":"https:\/\/demoweb.info\/sexshop001\/wp-json\/wp\/v2\/product_cat?post=56743"},{"taxonomy":"product_tag","embeddable":true,"href":"https:\/\/demoweb.info\/sexshop001\/wp-json\/wp\/v2\/product_tag?post=56743"}],"curies":[{"name":"wp","href":"https:\/\/api.w.org\/{rel}","templated":true}]}}