{"id":56728,"date":"2022-01-22T17:17:34","date_gmt":"2022-01-22T16:17:34","guid":{"rendered":"https:\/\/demoweb.info\/sexshop001\/producto\/expander-plug-anal-inflable-con-bomba\/"},"modified":"2022-01-22T17:17:44","modified_gmt":"2022-01-22T16:17:44","slug":"expander-plug-anal-inflable-con-bomba","status":"publish","type":"product","link":"https:\/\/demoweb.info\/sexshop001\/producto\/expander-plug-anal-inflable-con-bomba\/","title":{"rendered":"EXPANDER PLUG ANAL INFLABLE CON BOMBA"},"content":{"rendered":"<p><strong>EXPANDER INFLATABLE ANAL PLUG WITH PUMP<\/strong><\/p>\n<p>Eleva el juego anal al siguiente nivel con el enchufe inflable Expander.<\/p>\n<p>Este dise\u00f1o innovador consiste en un cl\u00e1sico tap\u00f3n de extensi\u00f3n con una bomba de mano de estilo m\u00e9dico integrada, que se puede quitar una vez que haya alcanzado el tama\u00f1o deseado.<\/p>\n<p>Una vez retirado, el tap\u00f3n est\u00e1 dise\u00f1ado para mantener su tama\u00f1o hasta que est\u00e9s satisfecho.<\/p>\n<p>Cuenta con una v\u00e1lvula de f\u00e1cil liberaci\u00f3n para una r\u00e1pida deflaci\u00f3n. Este conjunto de expansores todo en uno es ideal para acompa\u00f1arte en tus viajes y no contiene ftalatos.<\/p>\n<p>Material: L\u00e1tex, caucho y metal.<\/p>\n","protected":false},"excerpt":{"rendered":"<p>EXPANDER INFLATABLE ANAL PLUG WITH PUMP Eleva el juego anal al siguiente nivel con el enchufe inflable Expander. Este dise\u00f1o<\/p>\n","protected":false},"featured_media":56729,"comment_status":"open","ping_status":"open","template":"","meta":[],"product_cat":[280],"product_tag":[463,274],"class_list":["post-56728","product","type-product","status-publish","has-post-thumbnail","hentry","product_cat-hinchables","product_tag-master-series","product_tag-xr-brands"],"bundled_by":[],"bundle_stock_status":"instock","bundle_stock_quantity":1,"bundle_virtual":false,"bundle_layout":"","bundle_add_to_cart_form_location":"","bundle_editable_in_cart":false,"bundle_sold_individually_context":"","bundle_item_grouping":"","bundle_min_size":"","bundle_max_size":"","bundled_items":[],"yoast_head":"<!-- This site is optimized with the Yoast SEO plugin v20.6 - https:\/\/yoast.com\/wordpress\/plugins\/seo\/ -->\n<title>EXPANDER PLUG ANAL INFLABLE CON BOMBA - Tienda Er\u00f3tica<\/title>\n<meta name=\"robots\" content=\"noindex, follow, max-snippet:-1, max-image-preview:large, max-video-preview:-1\" \/>\n<meta property=\"og:locale\" content=\"es_ES\" \/>\n<meta property=\"og:type\" content=\"article\" \/>\n<meta property=\"og:title\" content=\"EXPANDER PLUG ANAL INFLABLE CON BOMBA - Tienda Er\u00f3tica\" \/>\n<meta property=\"og:description\" content=\"EXPANDER INFLATABLE ANAL PLUG WITH PUMP Eleva el juego anal al siguiente nivel con el enchufe inflable Expander. Este dise\u00f1o\" \/>\n<meta property=\"og:url\" content=\"https:\/\/demoweb.info\/sexshop001\/producto\/expander-plug-anal-inflable-con-bomba\/\" \/>\n<meta property=\"og:site_name\" content=\"Tienda Er\u00f3tica\" \/>\n<meta property=\"article:modified_time\" content=\"2022-01-22T16:17:44+00:00\" \/>\n<meta property=\"og:image\" content=\"https:\/\/demoweb.info\/sexshop001\/wp-content\/uploads\/2022\/01\/EXPANDER-PLUG-ANAL-INFLABLE-CON-BOMBA.jpg\" \/>\n\t<meta property=\"og:image:width\" content=\"550\" \/>\n\t<meta property=\"og:image:height\" content=\"550\" \/>\n\t<meta property=\"og:image:type\" content=\"image\/jpeg\" \/>\n<meta name=\"twitter:card\" content=\"summary_large_image\" \/>\n<meta name=\"twitter:label1\" content=\"Tiempo de lectura\" \/>\n\t<meta name=\"twitter:data1\" content=\"1 minuto\" \/>\n<script type=\"application\/ld+json\" class=\"yoast-schema-graph\">{\"@context\":\"https:\/\/schema.org\",\"@graph\":[{\"@type\":\"WebPage\",\"@id\":\"https:\/\/demoweb.info\/sexshop001\/producto\/expander-plug-anal-inflable-con-bomba\/\",\"url\":\"https:\/\/demoweb.info\/sexshop001\/producto\/expander-plug-anal-inflable-con-bomba\/\",\"name\":\"EXPANDER PLUG ANAL INFLABLE CON BOMBA - Tienda Er\u00f3tica\",\"isPartOf\":{\"@id\":\"https:\/\/demoweb.info\/sexshop001\/#website\"},\"datePublished\":\"2022-01-22T16:17:34+00:00\",\"dateModified\":\"2022-01-22T16:17:44+00:00\",\"breadcrumb\":{\"@id\":\"https:\/\/demoweb.info\/sexshop001\/producto\/expander-plug-anal-inflable-con-bomba\/#breadcrumb\"},\"inLanguage\":\"es\",\"potentialAction\":[{\"@type\":\"ReadAction\",\"target\":[\"https:\/\/demoweb.info\/sexshop001\/producto\/expander-plug-anal-inflable-con-bomba\/\"]}]},{\"@type\":\"BreadcrumbList\",\"@id\":\"https:\/\/demoweb.info\/sexshop001\/producto\/expander-plug-anal-inflable-con-bomba\/#breadcrumb\",\"itemListElement\":[{\"@type\":\"ListItem\",\"position\":1,\"name\":\"Portada\",\"item\":\"https:\/\/demoweb.info\/sexshop001\/\"},{\"@type\":\"ListItem\",\"position\":2,\"name\":\"Tienda\",\"item\":\"https:\/\/demoweb.info\/sexshop001\/tienda\/\"},{\"@type\":\"ListItem\",\"position\":3,\"name\":\"EXPANDER PLUG ANAL INFLABLE CON BOMBA\"}]},{\"@type\":\"WebSite\",\"@id\":\"https:\/\/demoweb.info\/sexshop001\/#website\",\"url\":\"https:\/\/demoweb.info\/sexshop001\/\",\"name\":\"Tienda Er\u00f3tica\",\"description\":\"DEMOWEB SL\",\"potentialAction\":[{\"@type\":\"SearchAction\",\"target\":{\"@type\":\"EntryPoint\",\"urlTemplate\":\"https:\/\/demoweb.info\/sexshop001\/?s={search_term_string}\"},\"query-input\":\"required name=search_term_string\"}],\"inLanguage\":\"es\"}]}<\/script>\n<!-- \/ Yoast SEO plugin. -->","yoast_head_json":{"title":"EXPANDER PLUG ANAL INFLABLE CON BOMBA - Tienda Er\u00f3tica","robots":{"index":"noindex","follow":"follow","max-snippet":"max-snippet:-1","max-image-preview":"max-image-preview:large","max-video-preview":"max-video-preview:-1"},"og_locale":"es_ES","og_type":"article","og_title":"EXPANDER PLUG ANAL INFLABLE CON BOMBA - Tienda Er\u00f3tica","og_description":"EXPANDER INFLATABLE ANAL PLUG WITH PUMP Eleva el juego anal al siguiente nivel con el enchufe inflable Expander. Este dise\u00f1o","og_url":"https:\/\/demoweb.info\/sexshop001\/producto\/expander-plug-anal-inflable-con-bomba\/","og_site_name":"Tienda Er\u00f3tica","article_modified_time":"2022-01-22T16:17:44+00:00","og_image":[{"width":550,"height":550,"url":"https:\/\/demoweb.info\/sexshop001\/wp-content\/uploads\/2022\/01\/EXPANDER-PLUG-ANAL-INFLABLE-CON-BOMBA.jpg","type":"image\/jpeg"}],"twitter_card":"summary_large_image","twitter_misc":{"Tiempo de lectura":"1 minuto"},"schema":{"@context":"https:\/\/schema.org","@graph":[{"@type":"WebPage","@id":"https:\/\/demoweb.info\/sexshop001\/producto\/expander-plug-anal-inflable-con-bomba\/","url":"https:\/\/demoweb.info\/sexshop001\/producto\/expander-plug-anal-inflable-con-bomba\/","name":"EXPANDER PLUG ANAL INFLABLE CON BOMBA - Tienda Er\u00f3tica","isPartOf":{"@id":"https:\/\/demoweb.info\/sexshop001\/#website"},"datePublished":"2022-01-22T16:17:34+00:00","dateModified":"2022-01-22T16:17:44+00:00","breadcrumb":{"@id":"https:\/\/demoweb.info\/sexshop001\/producto\/expander-plug-anal-inflable-con-bomba\/#breadcrumb"},"inLanguage":"es","potentialAction":[{"@type":"ReadAction","target":["https:\/\/demoweb.info\/sexshop001\/producto\/expander-plug-anal-inflable-con-bomba\/"]}]},{"@type":"BreadcrumbList","@id":"https:\/\/demoweb.info\/sexshop001\/producto\/expander-plug-anal-inflable-con-bomba\/#breadcrumb","itemListElement":[{"@type":"ListItem","position":1,"name":"Portada","item":"https:\/\/demoweb.info\/sexshop001\/"},{"@type":"ListItem","position":2,"name":"Tienda","item":"https:\/\/demoweb.info\/sexshop001\/tienda\/"},{"@type":"ListItem","position":3,"name":"EXPANDER PLUG ANAL INFLABLE CON BOMBA"}]},{"@type":"WebSite","@id":"https:\/\/demoweb.info\/sexshop001\/#website","url":"https:\/\/demoweb.info\/sexshop001\/","name":"Tienda Er\u00f3tica","description":"DEMOWEB SL","potentialAction":[{"@type":"SearchAction","target":{"@type":"EntryPoint","urlTemplate":"https:\/\/demoweb.info\/sexshop001\/?s={search_term_string}"},"query-input":"required name=search_term_string"}],"inLanguage":"es"}]}},"_links":{"self":[{"href":"https:\/\/demoweb.info\/sexshop001\/wp-json\/wp\/v3\/product\/56728","targetHints":{"allow":["GET"]}}],"collection":[{"href":"https:\/\/demoweb.info\/sexshop001\/wp-json\/wp\/v3\/product"}],"about":[{"href":"https:\/\/demoweb.info\/sexshop001\/wp-json\/wp\/v2\/types\/product"}],"replies":[{"embeddable":true,"href":"https:\/\/demoweb.info\/sexshop001\/wp-json\/wp\/v2\/comments?post=56728"}],"wp:featuredmedia":[{"embeddable":true,"href":"https:\/\/demoweb.info\/sexshop001\/wp-json\/wp\/v2\/media\/56729"}],"wp:attachment":[{"href":"https:\/\/demoweb.info\/sexshop001\/wp-json\/wp\/v2\/media?parent=56728"}],"wp:term":[{"taxonomy":"product_cat","embeddable":true,"href":"https:\/\/demoweb.info\/sexshop001\/wp-json\/wp\/v2\/product_cat?post=56728"},{"taxonomy":"product_tag","embeddable":true,"href":"https:\/\/demoweb.info\/sexshop001\/wp-json\/wp\/v2\/product_tag?post=56728"}],"curies":[{"name":"wp","href":"https:\/\/api.w.org\/{rel}","templated":true}]}}