{"id":56704,"date":"2022-01-22T17:17:11","date_gmt":"2022-01-22T16:17:11","guid":{"rendered":"https:\/\/demoweb.info\/sexshop001\/producto\/expand-xl-plug-anal-inflable\/"},"modified":"2022-01-22T17:17:26","modified_gmt":"2022-01-22T16:17:26","slug":"expand-xl-plug-anal-inflable","status":"publish","type":"product","link":"https:\/\/demoweb.info\/sexshop001\/producto\/expand-xl-plug-anal-inflable\/","title":{"rendered":"EXPAND XL PLUG ANAL INFLABLE"},"content":{"rendered":"<p><strong>EXPAND XL INFLATABLE ANAL PLUG<\/strong><\/p>\n<p>Eleva el juego al siguiente nivel con el Plug anal inflable Expand XL.<\/p>\n<p>Este impresionante tap\u00f3n se expande dentro del ano, proporcionando una sensaci\u00f3n completa con un estiramiento incre\u00edble.<\/p>\n<p>El tap\u00f3n liso llega a una punta redonda c\u00f3nica para una inserci\u00f3n f\u00e1cil, mientras que la base acampanada asegura una recuperaci\u00f3n y comodidad sencillas.<\/p>\n<p>Puedes desinflar r\u00e1pidamente el tap\u00f3n presionando el bot\u00f3n de liberaci\u00f3n en la parte superior de la v\u00e1lvula.<\/p>\n<p>Este tap\u00f3n inflable de gran tama\u00f1o est\u00e1 dise\u00f1ado para brindar placer personalizado para que pueda disfrutar de sesiones en solitario o turnarse con su juego &#8230;<\/p>\n<p>Material: Pl\u00e1stico ABS.<\/p>\n","protected":false},"excerpt":{"rendered":"<p>EXPAND XL INFLATABLE ANAL PLUG Eleva el juego al siguiente nivel con el Plug anal inflable Expand XL. Este impresionante<\/p>\n","protected":false},"featured_media":56705,"comment_status":"open","ping_status":"open","template":"","meta":[],"product_cat":[280],"product_tag":[463,274],"class_list":["post-56704","product","type-product","status-publish","has-post-thumbnail","hentry","product_cat-hinchables","product_tag-master-series","product_tag-xr-brands"],"bundled_by":[],"bundle_stock_status":"outofstock","bundle_stock_quantity":0,"bundle_virtual":false,"bundle_layout":"","bundle_add_to_cart_form_location":"","bundle_editable_in_cart":false,"bundle_sold_individually_context":"","bundle_item_grouping":"","bundle_min_size":"","bundle_max_size":"","bundled_items":[],"yoast_head":"<!-- This site is optimized with the Yoast SEO plugin v20.6 - https:\/\/yoast.com\/wordpress\/plugins\/seo\/ -->\n<title>EXPAND XL PLUG ANAL INFLABLE - Tienda Er\u00f3tica<\/title>\n<meta name=\"robots\" content=\"noindex, follow, max-snippet:-1, max-image-preview:large, max-video-preview:-1\" \/>\n<meta property=\"og:locale\" content=\"es_ES\" \/>\n<meta property=\"og:type\" content=\"article\" \/>\n<meta property=\"og:title\" content=\"EXPAND XL PLUG ANAL INFLABLE - Tienda Er\u00f3tica\" \/>\n<meta property=\"og:description\" content=\"EXPAND XL INFLATABLE ANAL PLUG Eleva el juego al siguiente nivel con el Plug anal inflable Expand XL. Este impresionante\" \/>\n<meta property=\"og:url\" content=\"https:\/\/demoweb.info\/sexshop001\/producto\/expand-xl-plug-anal-inflable\/\" \/>\n<meta property=\"og:site_name\" content=\"Tienda Er\u00f3tica\" \/>\n<meta property=\"article:modified_time\" content=\"2022-01-22T16:17:26+00:00\" \/>\n<meta property=\"og:image\" content=\"https:\/\/demoweb.info\/sexshop001\/wp-content\/uploads\/2022\/01\/EXPAND-XL-PLUG-ANAL-INFLABLE.jpg\" \/>\n\t<meta property=\"og:image:width\" content=\"550\" \/>\n\t<meta property=\"og:image:height\" content=\"550\" \/>\n\t<meta property=\"og:image:type\" content=\"image\/jpeg\" \/>\n<meta name=\"twitter:card\" content=\"summary_large_image\" \/>\n<meta name=\"twitter:label1\" content=\"Tiempo de lectura\" \/>\n\t<meta name=\"twitter:data1\" content=\"1 minuto\" \/>\n<script type=\"application\/ld+json\" class=\"yoast-schema-graph\">{\"@context\":\"https:\/\/schema.org\",\"@graph\":[{\"@type\":\"WebPage\",\"@id\":\"https:\/\/demoweb.info\/sexshop001\/producto\/expand-xl-plug-anal-inflable\/\",\"url\":\"https:\/\/demoweb.info\/sexshop001\/producto\/expand-xl-plug-anal-inflable\/\",\"name\":\"EXPAND XL PLUG ANAL INFLABLE - Tienda Er\u00f3tica\",\"isPartOf\":{\"@id\":\"https:\/\/demoweb.info\/sexshop001\/#website\"},\"datePublished\":\"2022-01-22T16:17:11+00:00\",\"dateModified\":\"2022-01-22T16:17:26+00:00\",\"breadcrumb\":{\"@id\":\"https:\/\/demoweb.info\/sexshop001\/producto\/expand-xl-plug-anal-inflable\/#breadcrumb\"},\"inLanguage\":\"es\",\"potentialAction\":[{\"@type\":\"ReadAction\",\"target\":[\"https:\/\/demoweb.info\/sexshop001\/producto\/expand-xl-plug-anal-inflable\/\"]}]},{\"@type\":\"BreadcrumbList\",\"@id\":\"https:\/\/demoweb.info\/sexshop001\/producto\/expand-xl-plug-anal-inflable\/#breadcrumb\",\"itemListElement\":[{\"@type\":\"ListItem\",\"position\":1,\"name\":\"Portada\",\"item\":\"https:\/\/demoweb.info\/sexshop001\/\"},{\"@type\":\"ListItem\",\"position\":2,\"name\":\"Tienda\",\"item\":\"https:\/\/demoweb.info\/sexshop001\/tienda\/\"},{\"@type\":\"ListItem\",\"position\":3,\"name\":\"EXPAND XL PLUG ANAL INFLABLE\"}]},{\"@type\":\"WebSite\",\"@id\":\"https:\/\/demoweb.info\/sexshop001\/#website\",\"url\":\"https:\/\/demoweb.info\/sexshop001\/\",\"name\":\"Tienda Er\u00f3tica\",\"description\":\"DEMOWEB SL\",\"potentialAction\":[{\"@type\":\"SearchAction\",\"target\":{\"@type\":\"EntryPoint\",\"urlTemplate\":\"https:\/\/demoweb.info\/sexshop001\/?s={search_term_string}\"},\"query-input\":\"required name=search_term_string\"}],\"inLanguage\":\"es\"}]}<\/script>\n<!-- \/ Yoast SEO plugin. -->","yoast_head_json":{"title":"EXPAND XL PLUG ANAL INFLABLE - Tienda Er\u00f3tica","robots":{"index":"noindex","follow":"follow","max-snippet":"max-snippet:-1","max-image-preview":"max-image-preview:large","max-video-preview":"max-video-preview:-1"},"og_locale":"es_ES","og_type":"article","og_title":"EXPAND XL PLUG ANAL INFLABLE - Tienda Er\u00f3tica","og_description":"EXPAND XL INFLATABLE ANAL PLUG Eleva el juego al siguiente nivel con el Plug anal inflable Expand XL. Este impresionante","og_url":"https:\/\/demoweb.info\/sexshop001\/producto\/expand-xl-plug-anal-inflable\/","og_site_name":"Tienda Er\u00f3tica","article_modified_time":"2022-01-22T16:17:26+00:00","og_image":[{"width":550,"height":550,"url":"https:\/\/demoweb.info\/sexshop001\/wp-content\/uploads\/2022\/01\/EXPAND-XL-PLUG-ANAL-INFLABLE.jpg","type":"image\/jpeg"}],"twitter_card":"summary_large_image","twitter_misc":{"Tiempo de lectura":"1 minuto"},"schema":{"@context":"https:\/\/schema.org","@graph":[{"@type":"WebPage","@id":"https:\/\/demoweb.info\/sexshop001\/producto\/expand-xl-plug-anal-inflable\/","url":"https:\/\/demoweb.info\/sexshop001\/producto\/expand-xl-plug-anal-inflable\/","name":"EXPAND XL PLUG ANAL INFLABLE - Tienda Er\u00f3tica","isPartOf":{"@id":"https:\/\/demoweb.info\/sexshop001\/#website"},"datePublished":"2022-01-22T16:17:11+00:00","dateModified":"2022-01-22T16:17:26+00:00","breadcrumb":{"@id":"https:\/\/demoweb.info\/sexshop001\/producto\/expand-xl-plug-anal-inflable\/#breadcrumb"},"inLanguage":"es","potentialAction":[{"@type":"ReadAction","target":["https:\/\/demoweb.info\/sexshop001\/producto\/expand-xl-plug-anal-inflable\/"]}]},{"@type":"BreadcrumbList","@id":"https:\/\/demoweb.info\/sexshop001\/producto\/expand-xl-plug-anal-inflable\/#breadcrumb","itemListElement":[{"@type":"ListItem","position":1,"name":"Portada","item":"https:\/\/demoweb.info\/sexshop001\/"},{"@type":"ListItem","position":2,"name":"Tienda","item":"https:\/\/demoweb.info\/sexshop001\/tienda\/"},{"@type":"ListItem","position":3,"name":"EXPAND XL PLUG ANAL INFLABLE"}]},{"@type":"WebSite","@id":"https:\/\/demoweb.info\/sexshop001\/#website","url":"https:\/\/demoweb.info\/sexshop001\/","name":"Tienda Er\u00f3tica","description":"DEMOWEB SL","potentialAction":[{"@type":"SearchAction","target":{"@type":"EntryPoint","urlTemplate":"https:\/\/demoweb.info\/sexshop001\/?s={search_term_string}"},"query-input":"required name=search_term_string"}],"inLanguage":"es"}]}},"_links":{"self":[{"href":"https:\/\/demoweb.info\/sexshop001\/wp-json\/wp\/v3\/product\/56704","targetHints":{"allow":["GET"]}}],"collection":[{"href":"https:\/\/demoweb.info\/sexshop001\/wp-json\/wp\/v3\/product"}],"about":[{"href":"https:\/\/demoweb.info\/sexshop001\/wp-json\/wp\/v2\/types\/product"}],"replies":[{"embeddable":true,"href":"https:\/\/demoweb.info\/sexshop001\/wp-json\/wp\/v2\/comments?post=56704"}],"wp:featuredmedia":[{"embeddable":true,"href":"https:\/\/demoweb.info\/sexshop001\/wp-json\/wp\/v2\/media\/56705"}],"wp:attachment":[{"href":"https:\/\/demoweb.info\/sexshop001\/wp-json\/wp\/v2\/media?parent=56704"}],"wp:term":[{"taxonomy":"product_cat","embeddable":true,"href":"https:\/\/demoweb.info\/sexshop001\/wp-json\/wp\/v2\/product_cat?post=56704"},{"taxonomy":"product_tag","embeddable":true,"href":"https:\/\/demoweb.info\/sexshop001\/wp-json\/wp\/v2\/product_tag?post=56704"}],"curies":[{"name":"wp","href":"https:\/\/api.w.org\/{rel}","templated":true}]}}