{"id":56681,"date":"2022-01-22T17:17:11","date_gmt":"2022-01-22T16:17:11","guid":{"rendered":"https:\/\/demoweb.info\/sexshop001\/producto\/size-matters-bomba-para-el-clitoris-con-cilindro-desechable\/"},"modified":"2022-01-22T17:17:11","modified_gmt":"2022-01-22T16:17:11","slug":"size-matters-bomba-para-el-clitoris-con-cilindro-desechable","status":"publish","type":"product","link":"https:\/\/demoweb.info\/sexshop001\/producto\/size-matters-bomba-para-el-clitoris-con-cilindro-desechable\/","title":{"rendered":"SIZE MATTERS BOMBA PARA EL CL\u00cdTORIS CON CILINDRO DESECHABLE"},"content":{"rendered":"<p><strong>SIZE MATTERS CLITORAL PUMPING SYSTEM WITH DETACHABLE ACRYLIC CYL<\/strong><\/p>\n<p>Usa esta bomba para aumentar la sensaci\u00f3n en tu cl\u00edtoris, o incluso tus pezones, \u00a1mejorando el placer!<\/p>\n<p>Coloca el cilindro sobre la zona er\u00f3gena deseada y aprieta la bomba de mano para extraer sangre hacia el \u00e1rea. Sentir\u00e1s succi\u00f3n a medida que tu cl\u00edtoris aumenta temporalmente en tama\u00f1o y sensibilidad. Puede liberar f\u00e1cilmente la presi\u00f3n en el cilindro presionando la v\u00e1lvula de liberaci\u00f3n f\u00e1cil en la bombilla. Tambi\u00e9n puede separar el cilindro de acr\u00edlico de grado industrial de la bomba con un sistema de clip f\u00e1cil de usar, dejando el cl\u00edtoris aspirado en el cilindro.<\/p>\n<p>Saborea las sensaciones \u00fanicas de succi\u00f3n con este sencillo sistema de bombeo.<\/p>\n","protected":false},"excerpt":{"rendered":"<p>SIZE MATTERS CLITORAL PUMPING SYSTEM WITH DETACHABLE ACRYLIC CYL Usa esta bomba para aumentar la sensaci\u00f3n en tu cl\u00edtoris, o<\/p>\n","protected":false},"featured_media":56682,"comment_status":"open","ping_status":"open","template":"","meta":[],"product_cat":[405],"product_tag":[789,274],"class_list":["post-56681","product","type-product","status-publish","has-post-thumbnail","hentry","product_cat-succionadores","product_tag-size-matters","product_tag-xr-brands"],"bundled_by":[],"bundle_stock_status":"instock","bundle_stock_quantity":1,"bundle_virtual":false,"bundle_layout":"","bundle_add_to_cart_form_location":"","bundle_editable_in_cart":false,"bundle_sold_individually_context":"","bundle_item_grouping":"","bundle_min_size":"","bundle_max_size":"","bundled_items":[],"yoast_head":"<!-- This site is optimized with the Yoast SEO plugin v20.6 - https:\/\/yoast.com\/wordpress\/plugins\/seo\/ -->\n<title>SIZE MATTERS BOMBA PARA EL CL\u00cdTORIS CON CILINDRO DESECHABLE - Tienda Er\u00f3tica<\/title>\n<meta name=\"robots\" content=\"noindex, follow, max-snippet:-1, max-image-preview:large, max-video-preview:-1\" \/>\n<meta property=\"og:locale\" content=\"es_ES\" \/>\n<meta property=\"og:type\" content=\"article\" \/>\n<meta property=\"og:title\" content=\"SIZE MATTERS BOMBA PARA EL CL\u00cdTORIS CON CILINDRO DESECHABLE - Tienda Er\u00f3tica\" \/>\n<meta property=\"og:description\" content=\"SIZE MATTERS CLITORAL PUMPING SYSTEM WITH DETACHABLE ACRYLIC CYL Usa esta bomba para aumentar la sensaci\u00f3n en tu cl\u00edtoris, o\" \/>\n<meta property=\"og:url\" content=\"https:\/\/demoweb.info\/sexshop001\/producto\/size-matters-bomba-para-el-clitoris-con-cilindro-desechable\/\" \/>\n<meta property=\"og:site_name\" content=\"Tienda Er\u00f3tica\" \/>\n<meta property=\"og:image\" content=\"https:\/\/demoweb.info\/sexshop001\/wp-content\/uploads\/2022\/01\/SIZE-MATTERS-BOMBA-PARA-EL-CLITORIS-CON-CILINDRO-DESECHABLE.jpg\" \/>\n\t<meta property=\"og:image:width\" content=\"550\" \/>\n\t<meta property=\"og:image:height\" content=\"550\" \/>\n\t<meta property=\"og:image:type\" content=\"image\/jpeg\" \/>\n<meta name=\"twitter:card\" content=\"summary_large_image\" \/>\n<meta name=\"twitter:label1\" content=\"Tiempo de lectura\" \/>\n\t<meta name=\"twitter:data1\" content=\"1 minuto\" \/>\n<script type=\"application\/ld+json\" class=\"yoast-schema-graph\">{\"@context\":\"https:\/\/schema.org\",\"@graph\":[{\"@type\":\"WebPage\",\"@id\":\"https:\/\/demoweb.info\/sexshop001\/producto\/size-matters-bomba-para-el-clitoris-con-cilindro-desechable\/\",\"url\":\"https:\/\/demoweb.info\/sexshop001\/producto\/size-matters-bomba-para-el-clitoris-con-cilindro-desechable\/\",\"name\":\"SIZE MATTERS BOMBA PARA EL CL\u00cdTORIS CON CILINDRO DESECHABLE - Tienda Er\u00f3tica\",\"isPartOf\":{\"@id\":\"https:\/\/demoweb.info\/sexshop001\/#website\"},\"datePublished\":\"2022-01-22T16:17:11+00:00\",\"dateModified\":\"2022-01-22T16:17:11+00:00\",\"breadcrumb\":{\"@id\":\"https:\/\/demoweb.info\/sexshop001\/producto\/size-matters-bomba-para-el-clitoris-con-cilindro-desechable\/#breadcrumb\"},\"inLanguage\":\"es\",\"potentialAction\":[{\"@type\":\"ReadAction\",\"target\":[\"https:\/\/demoweb.info\/sexshop001\/producto\/size-matters-bomba-para-el-clitoris-con-cilindro-desechable\/\"]}]},{\"@type\":\"BreadcrumbList\",\"@id\":\"https:\/\/demoweb.info\/sexshop001\/producto\/size-matters-bomba-para-el-clitoris-con-cilindro-desechable\/#breadcrumb\",\"itemListElement\":[{\"@type\":\"ListItem\",\"position\":1,\"name\":\"Portada\",\"item\":\"https:\/\/demoweb.info\/sexshop001\/\"},{\"@type\":\"ListItem\",\"position\":2,\"name\":\"Tienda\",\"item\":\"https:\/\/demoweb.info\/sexshop001\/tienda\/\"},{\"@type\":\"ListItem\",\"position\":3,\"name\":\"SIZE MATTERS BOMBA PARA EL CL\u00cdTORIS CON CILINDRO DESECHABLE\"}]},{\"@type\":\"WebSite\",\"@id\":\"https:\/\/demoweb.info\/sexshop001\/#website\",\"url\":\"https:\/\/demoweb.info\/sexshop001\/\",\"name\":\"Tienda Er\u00f3tica\",\"description\":\"DEMOWEB SL\",\"potentialAction\":[{\"@type\":\"SearchAction\",\"target\":{\"@type\":\"EntryPoint\",\"urlTemplate\":\"https:\/\/demoweb.info\/sexshop001\/?s={search_term_string}\"},\"query-input\":\"required name=search_term_string\"}],\"inLanguage\":\"es\"}]}<\/script>\n<!-- \/ Yoast SEO plugin. -->","yoast_head_json":{"title":"SIZE MATTERS BOMBA PARA EL CL\u00cdTORIS CON CILINDRO DESECHABLE - Tienda Er\u00f3tica","robots":{"index":"noindex","follow":"follow","max-snippet":"max-snippet:-1","max-image-preview":"max-image-preview:large","max-video-preview":"max-video-preview:-1"},"og_locale":"es_ES","og_type":"article","og_title":"SIZE MATTERS BOMBA PARA EL CL\u00cdTORIS CON CILINDRO DESECHABLE - Tienda Er\u00f3tica","og_description":"SIZE MATTERS CLITORAL PUMPING SYSTEM WITH DETACHABLE ACRYLIC CYL Usa esta bomba para aumentar la sensaci\u00f3n en tu cl\u00edtoris, o","og_url":"https:\/\/demoweb.info\/sexshop001\/producto\/size-matters-bomba-para-el-clitoris-con-cilindro-desechable\/","og_site_name":"Tienda Er\u00f3tica","og_image":[{"width":550,"height":550,"url":"https:\/\/demoweb.info\/sexshop001\/wp-content\/uploads\/2022\/01\/SIZE-MATTERS-BOMBA-PARA-EL-CLITORIS-CON-CILINDRO-DESECHABLE.jpg","type":"image\/jpeg"}],"twitter_card":"summary_large_image","twitter_misc":{"Tiempo de lectura":"1 minuto"},"schema":{"@context":"https:\/\/schema.org","@graph":[{"@type":"WebPage","@id":"https:\/\/demoweb.info\/sexshop001\/producto\/size-matters-bomba-para-el-clitoris-con-cilindro-desechable\/","url":"https:\/\/demoweb.info\/sexshop001\/producto\/size-matters-bomba-para-el-clitoris-con-cilindro-desechable\/","name":"SIZE MATTERS BOMBA PARA EL CL\u00cdTORIS CON CILINDRO DESECHABLE - Tienda Er\u00f3tica","isPartOf":{"@id":"https:\/\/demoweb.info\/sexshop001\/#website"},"datePublished":"2022-01-22T16:17:11+00:00","dateModified":"2022-01-22T16:17:11+00:00","breadcrumb":{"@id":"https:\/\/demoweb.info\/sexshop001\/producto\/size-matters-bomba-para-el-clitoris-con-cilindro-desechable\/#breadcrumb"},"inLanguage":"es","potentialAction":[{"@type":"ReadAction","target":["https:\/\/demoweb.info\/sexshop001\/producto\/size-matters-bomba-para-el-clitoris-con-cilindro-desechable\/"]}]},{"@type":"BreadcrumbList","@id":"https:\/\/demoweb.info\/sexshop001\/producto\/size-matters-bomba-para-el-clitoris-con-cilindro-desechable\/#breadcrumb","itemListElement":[{"@type":"ListItem","position":1,"name":"Portada","item":"https:\/\/demoweb.info\/sexshop001\/"},{"@type":"ListItem","position":2,"name":"Tienda","item":"https:\/\/demoweb.info\/sexshop001\/tienda\/"},{"@type":"ListItem","position":3,"name":"SIZE MATTERS BOMBA PARA EL CL\u00cdTORIS CON CILINDRO DESECHABLE"}]},{"@type":"WebSite","@id":"https:\/\/demoweb.info\/sexshop001\/#website","url":"https:\/\/demoweb.info\/sexshop001\/","name":"Tienda Er\u00f3tica","description":"DEMOWEB SL","potentialAction":[{"@type":"SearchAction","target":{"@type":"EntryPoint","urlTemplate":"https:\/\/demoweb.info\/sexshop001\/?s={search_term_string}"},"query-input":"required name=search_term_string"}],"inLanguage":"es"}]}},"_links":{"self":[{"href":"https:\/\/demoweb.info\/sexshop001\/wp-json\/wp\/v3\/product\/56681","targetHints":{"allow":["GET"]}}],"collection":[{"href":"https:\/\/demoweb.info\/sexshop001\/wp-json\/wp\/v3\/product"}],"about":[{"href":"https:\/\/demoweb.info\/sexshop001\/wp-json\/wp\/v2\/types\/product"}],"replies":[{"embeddable":true,"href":"https:\/\/demoweb.info\/sexshop001\/wp-json\/wp\/v2\/comments?post=56681"}],"wp:featuredmedia":[{"embeddable":true,"href":"https:\/\/demoweb.info\/sexshop001\/wp-json\/wp\/v2\/media\/56682"}],"wp:attachment":[{"href":"https:\/\/demoweb.info\/sexshop001\/wp-json\/wp\/v2\/media?parent=56681"}],"wp:term":[{"taxonomy":"product_cat","embeddable":true,"href":"https:\/\/demoweb.info\/sexshop001\/wp-json\/wp\/v2\/product_cat?post=56681"},{"taxonomy":"product_tag","embeddable":true,"href":"https:\/\/demoweb.info\/sexshop001\/wp-json\/wp\/v2\/product_tag?post=56681"}],"curies":[{"name":"wp","href":"https:\/\/api.w.org\/{rel}","templated":true}]}}