{"id":56641,"date":"2022-01-22T17:16:20","date_gmt":"2022-01-22T16:16:20","guid":{"rendered":"https:\/\/demoweb.info\/sexshop001\/producto\/arnes-para-la-boca-con-mordaza\/"},"modified":"2022-01-22T17:16:40","modified_gmt":"2022-01-22T16:16:40","slug":"arnes-para-la-boca-con-mordaza","status":"publish","type":"product","link":"https:\/\/demoweb.info\/sexshop001\/producto\/arnes-para-la-boca-con-mordaza\/","title":{"rendered":"ARN\u00c9S PARA LA BOCA CON MORDAZA"},"content":{"rendered":"<p><strong>MOUTH HARNESS WITH BALL GAG<\/strong><\/p>\n<p>Silencia a tu pareja con una mordaza \u00fanica. Envuelva la cabeza de tu sumiso en este tortuoso arn\u00e9s para que se encienda al instante, solo con ver su impotencia. Ellos te mirar\u00e1n, mientras juegas con su cuerpo de la manera que desees.<\/p>\n<p>Dentro del hocico hay una mordaza que se puede quitar, dependiendo de c\u00f3mo quieras jugar.<\/p>\n<p>Material: cuero PU, metal y TPR.<\/p>\n","protected":false},"excerpt":{"rendered":"<p>MOUTH HARNESS WITH BALL GAG Silencia a tu pareja con una mordaza \u00fanica. Envuelva la cabeza de tu sumiso en<\/p>\n","protected":false},"featured_media":56642,"comment_status":"open","ping_status":"open","template":"","meta":[],"product_cat":[287],"product_tag":[779,274],"class_list":["post-56641","product","type-product","status-publish","has-post-thumbnail","hentry","product_cat-extreme-bdsm","product_tag-strict","product_tag-xr-brands"],"bundled_by":[],"bundle_stock_status":"outofstock","bundle_stock_quantity":0,"bundle_virtual":false,"bundle_layout":"","bundle_add_to_cart_form_location":"","bundle_editable_in_cart":false,"bundle_sold_individually_context":"","bundle_item_grouping":"","bundle_min_size":"","bundle_max_size":"","bundled_items":[],"yoast_head":"<!-- This site is optimized with the Yoast SEO plugin v20.6 - https:\/\/yoast.com\/wordpress\/plugins\/seo\/ -->\n<title>ARN\u00c9S PARA LA BOCA CON MORDAZA - Tienda Er\u00f3tica<\/title>\n<meta name=\"robots\" content=\"noindex, follow, max-snippet:-1, max-image-preview:large, max-video-preview:-1\" \/>\n<meta property=\"og:locale\" content=\"es_ES\" \/>\n<meta property=\"og:type\" content=\"article\" \/>\n<meta property=\"og:title\" content=\"ARN\u00c9S PARA LA BOCA CON MORDAZA - Tienda Er\u00f3tica\" \/>\n<meta property=\"og:description\" content=\"MOUTH HARNESS WITH BALL GAG Silencia a tu pareja con una mordaza \u00fanica. Envuelva la cabeza de tu sumiso en\" \/>\n<meta property=\"og:url\" content=\"https:\/\/demoweb.info\/sexshop001\/producto\/arnes-para-la-boca-con-mordaza\/\" \/>\n<meta property=\"og:site_name\" content=\"Tienda Er\u00f3tica\" \/>\n<meta property=\"article:modified_time\" content=\"2022-01-22T16:16:40+00:00\" \/>\n<meta property=\"og:image\" content=\"https:\/\/demoweb.info\/sexshop001\/wp-content\/uploads\/2022\/01\/ARNES-PARA-LA-BOCA-CON-MORDAZA.jpg\" \/>\n\t<meta property=\"og:image:width\" content=\"550\" \/>\n\t<meta property=\"og:image:height\" content=\"550\" \/>\n\t<meta property=\"og:image:type\" content=\"image\/jpeg\" \/>\n<meta name=\"twitter:card\" content=\"summary_large_image\" \/>\n<script type=\"application\/ld+json\" class=\"yoast-schema-graph\">{\"@context\":\"https:\/\/schema.org\",\"@graph\":[{\"@type\":\"WebPage\",\"@id\":\"https:\/\/demoweb.info\/sexshop001\/producto\/arnes-para-la-boca-con-mordaza\/\",\"url\":\"https:\/\/demoweb.info\/sexshop001\/producto\/arnes-para-la-boca-con-mordaza\/\",\"name\":\"ARN\u00c9S PARA LA BOCA CON MORDAZA - Tienda Er\u00f3tica\",\"isPartOf\":{\"@id\":\"https:\/\/demoweb.info\/sexshop001\/#website\"},\"datePublished\":\"2022-01-22T16:16:20+00:00\",\"dateModified\":\"2022-01-22T16:16:40+00:00\",\"breadcrumb\":{\"@id\":\"https:\/\/demoweb.info\/sexshop001\/producto\/arnes-para-la-boca-con-mordaza\/#breadcrumb\"},\"inLanguage\":\"es\",\"potentialAction\":[{\"@type\":\"ReadAction\",\"target\":[\"https:\/\/demoweb.info\/sexshop001\/producto\/arnes-para-la-boca-con-mordaza\/\"]}]},{\"@type\":\"BreadcrumbList\",\"@id\":\"https:\/\/demoweb.info\/sexshop001\/producto\/arnes-para-la-boca-con-mordaza\/#breadcrumb\",\"itemListElement\":[{\"@type\":\"ListItem\",\"position\":1,\"name\":\"Portada\",\"item\":\"https:\/\/demoweb.info\/sexshop001\/\"},{\"@type\":\"ListItem\",\"position\":2,\"name\":\"Tienda\",\"item\":\"https:\/\/demoweb.info\/sexshop001\/tienda\/\"},{\"@type\":\"ListItem\",\"position\":3,\"name\":\"ARN\u00c9S PARA LA BOCA CON MORDAZA\"}]},{\"@type\":\"WebSite\",\"@id\":\"https:\/\/demoweb.info\/sexshop001\/#website\",\"url\":\"https:\/\/demoweb.info\/sexshop001\/\",\"name\":\"Tienda Er\u00f3tica\",\"description\":\"DEMOWEB SL\",\"potentialAction\":[{\"@type\":\"SearchAction\",\"target\":{\"@type\":\"EntryPoint\",\"urlTemplate\":\"https:\/\/demoweb.info\/sexshop001\/?s={search_term_string}\"},\"query-input\":\"required name=search_term_string\"}],\"inLanguage\":\"es\"}]}<\/script>\n<!-- \/ Yoast SEO plugin. -->","yoast_head_json":{"title":"ARN\u00c9S PARA LA BOCA CON MORDAZA - Tienda Er\u00f3tica","robots":{"index":"noindex","follow":"follow","max-snippet":"max-snippet:-1","max-image-preview":"max-image-preview:large","max-video-preview":"max-video-preview:-1"},"og_locale":"es_ES","og_type":"article","og_title":"ARN\u00c9S PARA LA BOCA CON MORDAZA - Tienda Er\u00f3tica","og_description":"MOUTH HARNESS WITH BALL GAG Silencia a tu pareja con una mordaza \u00fanica. Envuelva la cabeza de tu sumiso en","og_url":"https:\/\/demoweb.info\/sexshop001\/producto\/arnes-para-la-boca-con-mordaza\/","og_site_name":"Tienda Er\u00f3tica","article_modified_time":"2022-01-22T16:16:40+00:00","og_image":[{"width":550,"height":550,"url":"https:\/\/demoweb.info\/sexshop001\/wp-content\/uploads\/2022\/01\/ARNES-PARA-LA-BOCA-CON-MORDAZA.jpg","type":"image\/jpeg"}],"twitter_card":"summary_large_image","schema":{"@context":"https:\/\/schema.org","@graph":[{"@type":"WebPage","@id":"https:\/\/demoweb.info\/sexshop001\/producto\/arnes-para-la-boca-con-mordaza\/","url":"https:\/\/demoweb.info\/sexshop001\/producto\/arnes-para-la-boca-con-mordaza\/","name":"ARN\u00c9S PARA LA BOCA CON MORDAZA - Tienda Er\u00f3tica","isPartOf":{"@id":"https:\/\/demoweb.info\/sexshop001\/#website"},"datePublished":"2022-01-22T16:16:20+00:00","dateModified":"2022-01-22T16:16:40+00:00","breadcrumb":{"@id":"https:\/\/demoweb.info\/sexshop001\/producto\/arnes-para-la-boca-con-mordaza\/#breadcrumb"},"inLanguage":"es","potentialAction":[{"@type":"ReadAction","target":["https:\/\/demoweb.info\/sexshop001\/producto\/arnes-para-la-boca-con-mordaza\/"]}]},{"@type":"BreadcrumbList","@id":"https:\/\/demoweb.info\/sexshop001\/producto\/arnes-para-la-boca-con-mordaza\/#breadcrumb","itemListElement":[{"@type":"ListItem","position":1,"name":"Portada","item":"https:\/\/demoweb.info\/sexshop001\/"},{"@type":"ListItem","position":2,"name":"Tienda","item":"https:\/\/demoweb.info\/sexshop001\/tienda\/"},{"@type":"ListItem","position":3,"name":"ARN\u00c9S PARA LA BOCA CON MORDAZA"}]},{"@type":"WebSite","@id":"https:\/\/demoweb.info\/sexshop001\/#website","url":"https:\/\/demoweb.info\/sexshop001\/","name":"Tienda Er\u00f3tica","description":"DEMOWEB SL","potentialAction":[{"@type":"SearchAction","target":{"@type":"EntryPoint","urlTemplate":"https:\/\/demoweb.info\/sexshop001\/?s={search_term_string}"},"query-input":"required name=search_term_string"}],"inLanguage":"es"}]}},"_links":{"self":[{"href":"https:\/\/demoweb.info\/sexshop001\/wp-json\/wp\/v3\/product\/56641","targetHints":{"allow":["GET"]}}],"collection":[{"href":"https:\/\/demoweb.info\/sexshop001\/wp-json\/wp\/v3\/product"}],"about":[{"href":"https:\/\/demoweb.info\/sexshop001\/wp-json\/wp\/v2\/types\/product"}],"replies":[{"embeddable":true,"href":"https:\/\/demoweb.info\/sexshop001\/wp-json\/wp\/v2\/comments?post=56641"}],"wp:featuredmedia":[{"embeddable":true,"href":"https:\/\/demoweb.info\/sexshop001\/wp-json\/wp\/v2\/media\/56642"}],"wp:attachment":[{"href":"https:\/\/demoweb.info\/sexshop001\/wp-json\/wp\/v2\/media?parent=56641"}],"wp:term":[{"taxonomy":"product_cat","embeddable":true,"href":"https:\/\/demoweb.info\/sexshop001\/wp-json\/wp\/v2\/product_cat?post=56641"},{"taxonomy":"product_tag","embeddable":true,"href":"https:\/\/demoweb.info\/sexshop001\/wp-json\/wp\/v2\/product_tag?post=56641"}],"curies":[{"name":"wp","href":"https:\/\/api.w.org\/{rel}","templated":true}]}}