{"id":56559,"date":"2022-01-22T17:15:23","date_gmt":"2022-01-22T16:15:23","guid":{"rendered":"https:\/\/demoweb.info\/sexshop001\/producto\/bardot-arnes-elastico-con-ligas\/"},"modified":"2022-01-22T17:15:40","modified_gmt":"2022-01-22T16:15:40","slug":"bardot-arnes-elastico-con-ligas","status":"publish","type":"product","link":"https:\/\/demoweb.info\/sexshop001\/producto\/bardot-arnes-elastico-con-ligas\/","title":{"rendered":"BARDOT ARN\u00c9S EL\u00c1STICO CON LIGAS"},"content":{"rendered":"<p><strong>BARDOT ELASTIC STRAP ON HARNESS WITH THIGH CUFFS<\/strong><\/p>\n<p>Con este arn\u00e9s con liguero de Strap U, obtienes comodidad y atractivo sexual, \u00a1todo en un solo sistema!.<\/p>\n<p>Las anchas correas el\u00e1sticas se adaptar\u00e1n a la mayor\u00eda de los tama\u00f1os, y el atractivo dise\u00f1o trasero estilo tanga ofrece una c\u00f3moda maniobrabilidad. Puedes insertar tu consolador de base acampanada favorito en una de las juntas t\u00f3ricas met\u00e1licas incluidas, colocarlo en su lugar y estar\u00e1 listo para comenzar a penetrar a tu pareja.<\/p>\n<p>La correa de soporte trasera ofrece un dise\u00f1o m\u00e1s ajustado que se adapta a los contornos de su cuerpo, lo que te permite moverte libremente. Con los anillos intercambiables y el sistema de encaje a presi\u00f3n, puedes obtener m\u00e1s opciones de tama\u00f1o.<\/p>\n<p>Este sistema de arn\u00e9s es f\u00e1cil de mantener, por lo que es una opci\u00f3n c\u00f3moda y sexy para todas tus aventuras.<\/p>\n","protected":false},"excerpt":{"rendered":"<p>BARDOT ELASTIC STRAP ON HARNESS WITH THIGH CUFFS Con este arn\u00e9s con liguero de Strap U, obtienes comodidad y atractivo<\/p>\n","protected":false},"featured_media":56560,"comment_status":"open","ping_status":"open","template":"","meta":[],"product_cat":[780],"product_tag":[275,274],"class_list":["post-56559","product","type-product","status-publish","has-post-thumbnail","hentry","product_cat-basicos-arneses","product_tag-strap-u","product_tag-xr-brands"],"bundled_by":[],"bundle_stock_status":"instock","bundle_stock_quantity":1,"bundle_virtual":false,"bundle_layout":"","bundle_add_to_cart_form_location":"","bundle_editable_in_cart":false,"bundle_sold_individually_context":"","bundle_item_grouping":"","bundle_min_size":"","bundle_max_size":"","bundled_items":[],"yoast_head":"<!-- This site is optimized with the Yoast SEO plugin v20.6 - https:\/\/yoast.com\/wordpress\/plugins\/seo\/ -->\n<title>BARDOT ARN\u00c9S EL\u00c1STICO CON LIGAS - Tienda Er\u00f3tica<\/title>\n<meta name=\"robots\" content=\"noindex, follow, max-snippet:-1, max-image-preview:large, max-video-preview:-1\" \/>\n<meta property=\"og:locale\" content=\"es_ES\" \/>\n<meta property=\"og:type\" content=\"article\" \/>\n<meta property=\"og:title\" content=\"BARDOT ARN\u00c9S EL\u00c1STICO CON LIGAS - Tienda Er\u00f3tica\" \/>\n<meta property=\"og:description\" content=\"BARDOT ELASTIC STRAP ON HARNESS WITH THIGH CUFFS Con este arn\u00e9s con liguero de Strap U, obtienes comodidad y atractivo\" \/>\n<meta property=\"og:url\" content=\"https:\/\/demoweb.info\/sexshop001\/producto\/bardot-arnes-elastico-con-ligas\/\" \/>\n<meta property=\"og:site_name\" content=\"Tienda Er\u00f3tica\" \/>\n<meta property=\"article:modified_time\" content=\"2022-01-22T16:15:40+00:00\" \/>\n<meta property=\"og:image\" content=\"https:\/\/demoweb.info\/sexshop001\/wp-content\/uploads\/2022\/01\/BARDOT-ARNES-ELASTICO-CON-LIGAS.jpg\" \/>\n\t<meta property=\"og:image:width\" content=\"550\" \/>\n\t<meta property=\"og:image:height\" content=\"550\" \/>\n\t<meta property=\"og:image:type\" content=\"image\/jpeg\" \/>\n<meta name=\"twitter:card\" content=\"summary_large_image\" \/>\n<meta name=\"twitter:label1\" content=\"Tiempo de lectura\" \/>\n\t<meta name=\"twitter:data1\" content=\"1 minuto\" \/>\n<script type=\"application\/ld+json\" class=\"yoast-schema-graph\">{\"@context\":\"https:\/\/schema.org\",\"@graph\":[{\"@type\":\"WebPage\",\"@id\":\"https:\/\/demoweb.info\/sexshop001\/producto\/bardot-arnes-elastico-con-ligas\/\",\"url\":\"https:\/\/demoweb.info\/sexshop001\/producto\/bardot-arnes-elastico-con-ligas\/\",\"name\":\"BARDOT ARN\u00c9S EL\u00c1STICO CON LIGAS - Tienda Er\u00f3tica\",\"isPartOf\":{\"@id\":\"https:\/\/demoweb.info\/sexshop001\/#website\"},\"datePublished\":\"2022-01-22T16:15:23+00:00\",\"dateModified\":\"2022-01-22T16:15:40+00:00\",\"breadcrumb\":{\"@id\":\"https:\/\/demoweb.info\/sexshop001\/producto\/bardot-arnes-elastico-con-ligas\/#breadcrumb\"},\"inLanguage\":\"es\",\"potentialAction\":[{\"@type\":\"ReadAction\",\"target\":[\"https:\/\/demoweb.info\/sexshop001\/producto\/bardot-arnes-elastico-con-ligas\/\"]}]},{\"@type\":\"BreadcrumbList\",\"@id\":\"https:\/\/demoweb.info\/sexshop001\/producto\/bardot-arnes-elastico-con-ligas\/#breadcrumb\",\"itemListElement\":[{\"@type\":\"ListItem\",\"position\":1,\"name\":\"Portada\",\"item\":\"https:\/\/demoweb.info\/sexshop001\/\"},{\"@type\":\"ListItem\",\"position\":2,\"name\":\"Tienda\",\"item\":\"https:\/\/demoweb.info\/sexshop001\/tienda\/\"},{\"@type\":\"ListItem\",\"position\":3,\"name\":\"BARDOT ARN\u00c9S EL\u00c1STICO CON LIGAS\"}]},{\"@type\":\"WebSite\",\"@id\":\"https:\/\/demoweb.info\/sexshop001\/#website\",\"url\":\"https:\/\/demoweb.info\/sexshop001\/\",\"name\":\"Tienda Er\u00f3tica\",\"description\":\"DEMOWEB SL\",\"potentialAction\":[{\"@type\":\"SearchAction\",\"target\":{\"@type\":\"EntryPoint\",\"urlTemplate\":\"https:\/\/demoweb.info\/sexshop001\/?s={search_term_string}\"},\"query-input\":\"required name=search_term_string\"}],\"inLanguage\":\"es\"}]}<\/script>\n<!-- \/ Yoast SEO plugin. -->","yoast_head_json":{"title":"BARDOT ARN\u00c9S EL\u00c1STICO CON LIGAS - Tienda Er\u00f3tica","robots":{"index":"noindex","follow":"follow","max-snippet":"max-snippet:-1","max-image-preview":"max-image-preview:large","max-video-preview":"max-video-preview:-1"},"og_locale":"es_ES","og_type":"article","og_title":"BARDOT ARN\u00c9S EL\u00c1STICO CON LIGAS - Tienda Er\u00f3tica","og_description":"BARDOT ELASTIC STRAP ON HARNESS WITH THIGH CUFFS Con este arn\u00e9s con liguero de Strap U, obtienes comodidad y atractivo","og_url":"https:\/\/demoweb.info\/sexshop001\/producto\/bardot-arnes-elastico-con-ligas\/","og_site_name":"Tienda Er\u00f3tica","article_modified_time":"2022-01-22T16:15:40+00:00","og_image":[{"width":550,"height":550,"url":"https:\/\/demoweb.info\/sexshop001\/wp-content\/uploads\/2022\/01\/BARDOT-ARNES-ELASTICO-CON-LIGAS.jpg","type":"image\/jpeg"}],"twitter_card":"summary_large_image","twitter_misc":{"Tiempo de lectura":"1 minuto"},"schema":{"@context":"https:\/\/schema.org","@graph":[{"@type":"WebPage","@id":"https:\/\/demoweb.info\/sexshop001\/producto\/bardot-arnes-elastico-con-ligas\/","url":"https:\/\/demoweb.info\/sexshop001\/producto\/bardot-arnes-elastico-con-ligas\/","name":"BARDOT ARN\u00c9S EL\u00c1STICO CON LIGAS - Tienda Er\u00f3tica","isPartOf":{"@id":"https:\/\/demoweb.info\/sexshop001\/#website"},"datePublished":"2022-01-22T16:15:23+00:00","dateModified":"2022-01-22T16:15:40+00:00","breadcrumb":{"@id":"https:\/\/demoweb.info\/sexshop001\/producto\/bardot-arnes-elastico-con-ligas\/#breadcrumb"},"inLanguage":"es","potentialAction":[{"@type":"ReadAction","target":["https:\/\/demoweb.info\/sexshop001\/producto\/bardot-arnes-elastico-con-ligas\/"]}]},{"@type":"BreadcrumbList","@id":"https:\/\/demoweb.info\/sexshop001\/producto\/bardot-arnes-elastico-con-ligas\/#breadcrumb","itemListElement":[{"@type":"ListItem","position":1,"name":"Portada","item":"https:\/\/demoweb.info\/sexshop001\/"},{"@type":"ListItem","position":2,"name":"Tienda","item":"https:\/\/demoweb.info\/sexshop001\/tienda\/"},{"@type":"ListItem","position":3,"name":"BARDOT ARN\u00c9S EL\u00c1STICO CON LIGAS"}]},{"@type":"WebSite","@id":"https:\/\/demoweb.info\/sexshop001\/#website","url":"https:\/\/demoweb.info\/sexshop001\/","name":"Tienda Er\u00f3tica","description":"DEMOWEB SL","potentialAction":[{"@type":"SearchAction","target":{"@type":"EntryPoint","urlTemplate":"https:\/\/demoweb.info\/sexshop001\/?s={search_term_string}"},"query-input":"required name=search_term_string"}],"inLanguage":"es"}]}},"_links":{"self":[{"href":"https:\/\/demoweb.info\/sexshop001\/wp-json\/wp\/v3\/product\/56559","targetHints":{"allow":["GET"]}}],"collection":[{"href":"https:\/\/demoweb.info\/sexshop001\/wp-json\/wp\/v3\/product"}],"about":[{"href":"https:\/\/demoweb.info\/sexshop001\/wp-json\/wp\/v2\/types\/product"}],"replies":[{"embeddable":true,"href":"https:\/\/demoweb.info\/sexshop001\/wp-json\/wp\/v2\/comments?post=56559"}],"wp:featuredmedia":[{"embeddable":true,"href":"https:\/\/demoweb.info\/sexshop001\/wp-json\/wp\/v2\/media\/56560"}],"wp:attachment":[{"href":"https:\/\/demoweb.info\/sexshop001\/wp-json\/wp\/v2\/media?parent=56559"}],"wp:term":[{"taxonomy":"product_cat","embeddable":true,"href":"https:\/\/demoweb.info\/sexshop001\/wp-json\/wp\/v2\/product_cat?post=56559"},{"taxonomy":"product_tag","embeddable":true,"href":"https:\/\/demoweb.info\/sexshop001\/wp-json\/wp\/v2\/product_tag?post=56559"}],"curies":[{"name":"wp","href":"https:\/\/api.w.org\/{rel}","templated":true}]}}