{"id":56545,"date":"2022-01-22T17:15:23","date_gmt":"2022-01-22T16:15:23","guid":{"rendered":"https:\/\/demoweb.info\/sexshop001\/producto\/arnes-doble-penetracion-sin-sujeccion\/"},"modified":"2022-01-22T17:15:30","modified_gmt":"2022-01-22T16:15:30","slug":"arnes-doble-penetracion-sin-sujeccion","status":"publish","type":"product","link":"https:\/\/demoweb.info\/sexshop001\/producto\/arnes-doble-penetracion-sin-sujeccion\/","title":{"rendered":"ARN\u00c9S DOBLE PENETRACI\u00d3N SIN SUJECCI\u00d3N"},"content":{"rendered":"<p><strong>PLENA DOUBLE PENETRATION ADJUSTABLE STRAP ON HARNESS<\/strong><\/p>\n<p>Este consolador doble os permite a ti y a tu pareja disfrutar del placer mutuo con un dise\u00f1o elegante y elegante.<\/p>\n<p>El dildo externo f\u00e1lico est\u00e1 hecho de PVC suave y reluciente, hecho para deslizarse dentro y fuera f\u00e1cilmente. El consolador interno tiene un tama\u00f1o recatado, pero con una curva experta, dise\u00f1ado para la estimulaci\u00f3n del punto G, con una protuberancia sensorial adicional que presionar\u00e1 y rozar\u00e1 contra tu cl\u00edtoris con cada empuje.<\/p>\n<p>Hay una ranura en la parte inferior que te permite enhebrar el arn\u00e9s estilo tanga. Simplemente coloca el consolador a trav\u00e9s del orificio frontal, la correa por la parte inferior, y avanza hasta la satisfacci\u00f3n simult\u00e1nea.<\/p>\n<p>El arn\u00e9s se ajusta a los lados y la espalda, y se ajusta a las cinturas de hasta 104 cm de circunferencia.<\/p>\n","protected":false},"excerpt":{"rendered":"<p>PLENA DOUBLE PENETRATION ADJUSTABLE STRAP ON HARNESS Este consolador doble os permite a ti y a tu pareja disfrutar del<\/p>\n","protected":false},"featured_media":56546,"comment_status":"open","ping_status":"open","template":"","meta":[],"product_cat":[272],"product_tag":[275,274],"class_list":["post-56545","product","type-product","status-publish","has-post-thumbnail","hentry","product_cat-sin-sujecion","product_tag-strap-u","product_tag-xr-brands"],"bundled_by":[],"bundle_stock_status":"instock","bundle_stock_quantity":2,"bundle_virtual":false,"bundle_layout":"","bundle_add_to_cart_form_location":"","bundle_editable_in_cart":false,"bundle_sold_individually_context":"","bundle_item_grouping":"","bundle_min_size":"","bundle_max_size":"","bundled_items":[],"yoast_head":"<!-- This site is optimized with the Yoast SEO plugin v20.6 - https:\/\/yoast.com\/wordpress\/plugins\/seo\/ -->\n<title>ARN\u00c9S DOBLE PENETRACI\u00d3N SIN SUJECCI\u00d3N - Tienda Er\u00f3tica<\/title>\n<meta name=\"robots\" content=\"noindex, follow, max-snippet:-1, max-image-preview:large, max-video-preview:-1\" \/>\n<meta property=\"og:locale\" content=\"es_ES\" \/>\n<meta property=\"og:type\" content=\"article\" \/>\n<meta property=\"og:title\" content=\"ARN\u00c9S DOBLE PENETRACI\u00d3N SIN SUJECCI\u00d3N - Tienda Er\u00f3tica\" \/>\n<meta property=\"og:description\" content=\"PLENA DOUBLE PENETRATION ADJUSTABLE STRAP ON HARNESS Este consolador doble os permite a ti y a tu pareja disfrutar del\" \/>\n<meta property=\"og:url\" content=\"https:\/\/demoweb.info\/sexshop001\/producto\/arnes-doble-penetracion-sin-sujeccion\/\" \/>\n<meta property=\"og:site_name\" content=\"Tienda Er\u00f3tica\" \/>\n<meta property=\"article:modified_time\" content=\"2022-01-22T16:15:30+00:00\" \/>\n<meta property=\"og:image\" content=\"https:\/\/demoweb.info\/sexshop001\/wp-content\/uploads\/2022\/01\/ARNES-DOBLE-PENETRACION-SIN-SUJECCION.jpg\" \/>\n\t<meta property=\"og:image:width\" content=\"550\" \/>\n\t<meta property=\"og:image:height\" content=\"550\" \/>\n\t<meta property=\"og:image:type\" content=\"image\/jpeg\" \/>\n<meta name=\"twitter:card\" content=\"summary_large_image\" \/>\n<meta name=\"twitter:label1\" content=\"Tiempo de lectura\" \/>\n\t<meta name=\"twitter:data1\" content=\"1 minuto\" \/>\n<script type=\"application\/ld+json\" class=\"yoast-schema-graph\">{\"@context\":\"https:\/\/schema.org\",\"@graph\":[{\"@type\":\"WebPage\",\"@id\":\"https:\/\/demoweb.info\/sexshop001\/producto\/arnes-doble-penetracion-sin-sujeccion\/\",\"url\":\"https:\/\/demoweb.info\/sexshop001\/producto\/arnes-doble-penetracion-sin-sujeccion\/\",\"name\":\"ARN\u00c9S DOBLE PENETRACI\u00d3N SIN SUJECCI\u00d3N - Tienda Er\u00f3tica\",\"isPartOf\":{\"@id\":\"https:\/\/demoweb.info\/sexshop001\/#website\"},\"datePublished\":\"2022-01-22T16:15:23+00:00\",\"dateModified\":\"2022-01-22T16:15:30+00:00\",\"breadcrumb\":{\"@id\":\"https:\/\/demoweb.info\/sexshop001\/producto\/arnes-doble-penetracion-sin-sujeccion\/#breadcrumb\"},\"inLanguage\":\"es\",\"potentialAction\":[{\"@type\":\"ReadAction\",\"target\":[\"https:\/\/demoweb.info\/sexshop001\/producto\/arnes-doble-penetracion-sin-sujeccion\/\"]}]},{\"@type\":\"BreadcrumbList\",\"@id\":\"https:\/\/demoweb.info\/sexshop001\/producto\/arnes-doble-penetracion-sin-sujeccion\/#breadcrumb\",\"itemListElement\":[{\"@type\":\"ListItem\",\"position\":1,\"name\":\"Portada\",\"item\":\"https:\/\/demoweb.info\/sexshop001\/\"},{\"@type\":\"ListItem\",\"position\":2,\"name\":\"Tienda\",\"item\":\"https:\/\/demoweb.info\/sexshop001\/tienda\/\"},{\"@type\":\"ListItem\",\"position\":3,\"name\":\"ARN\u00c9S DOBLE PENETRACI\u00d3N SIN SUJECCI\u00d3N\"}]},{\"@type\":\"WebSite\",\"@id\":\"https:\/\/demoweb.info\/sexshop001\/#website\",\"url\":\"https:\/\/demoweb.info\/sexshop001\/\",\"name\":\"Tienda Er\u00f3tica\",\"description\":\"DEMOWEB SL\",\"potentialAction\":[{\"@type\":\"SearchAction\",\"target\":{\"@type\":\"EntryPoint\",\"urlTemplate\":\"https:\/\/demoweb.info\/sexshop001\/?s={search_term_string}\"},\"query-input\":\"required name=search_term_string\"}],\"inLanguage\":\"es\"}]}<\/script>\n<!-- \/ Yoast SEO plugin. -->","yoast_head_json":{"title":"ARN\u00c9S DOBLE PENETRACI\u00d3N SIN SUJECCI\u00d3N - Tienda Er\u00f3tica","robots":{"index":"noindex","follow":"follow","max-snippet":"max-snippet:-1","max-image-preview":"max-image-preview:large","max-video-preview":"max-video-preview:-1"},"og_locale":"es_ES","og_type":"article","og_title":"ARN\u00c9S DOBLE PENETRACI\u00d3N SIN SUJECCI\u00d3N - Tienda Er\u00f3tica","og_description":"PLENA DOUBLE PENETRATION ADJUSTABLE STRAP ON HARNESS Este consolador doble os permite a ti y a tu pareja disfrutar del","og_url":"https:\/\/demoweb.info\/sexshop001\/producto\/arnes-doble-penetracion-sin-sujeccion\/","og_site_name":"Tienda Er\u00f3tica","article_modified_time":"2022-01-22T16:15:30+00:00","og_image":[{"width":550,"height":550,"url":"https:\/\/demoweb.info\/sexshop001\/wp-content\/uploads\/2022\/01\/ARNES-DOBLE-PENETRACION-SIN-SUJECCION.jpg","type":"image\/jpeg"}],"twitter_card":"summary_large_image","twitter_misc":{"Tiempo de lectura":"1 minuto"},"schema":{"@context":"https:\/\/schema.org","@graph":[{"@type":"WebPage","@id":"https:\/\/demoweb.info\/sexshop001\/producto\/arnes-doble-penetracion-sin-sujeccion\/","url":"https:\/\/demoweb.info\/sexshop001\/producto\/arnes-doble-penetracion-sin-sujeccion\/","name":"ARN\u00c9S DOBLE PENETRACI\u00d3N SIN SUJECCI\u00d3N - Tienda Er\u00f3tica","isPartOf":{"@id":"https:\/\/demoweb.info\/sexshop001\/#website"},"datePublished":"2022-01-22T16:15:23+00:00","dateModified":"2022-01-22T16:15:30+00:00","breadcrumb":{"@id":"https:\/\/demoweb.info\/sexshop001\/producto\/arnes-doble-penetracion-sin-sujeccion\/#breadcrumb"},"inLanguage":"es","potentialAction":[{"@type":"ReadAction","target":["https:\/\/demoweb.info\/sexshop001\/producto\/arnes-doble-penetracion-sin-sujeccion\/"]}]},{"@type":"BreadcrumbList","@id":"https:\/\/demoweb.info\/sexshop001\/producto\/arnes-doble-penetracion-sin-sujeccion\/#breadcrumb","itemListElement":[{"@type":"ListItem","position":1,"name":"Portada","item":"https:\/\/demoweb.info\/sexshop001\/"},{"@type":"ListItem","position":2,"name":"Tienda","item":"https:\/\/demoweb.info\/sexshop001\/tienda\/"},{"@type":"ListItem","position":3,"name":"ARN\u00c9S DOBLE PENETRACI\u00d3N SIN SUJECCI\u00d3N"}]},{"@type":"WebSite","@id":"https:\/\/demoweb.info\/sexshop001\/#website","url":"https:\/\/demoweb.info\/sexshop001\/","name":"Tienda Er\u00f3tica","description":"DEMOWEB SL","potentialAction":[{"@type":"SearchAction","target":{"@type":"EntryPoint","urlTemplate":"https:\/\/demoweb.info\/sexshop001\/?s={search_term_string}"},"query-input":"required name=search_term_string"}],"inLanguage":"es"}]}},"_links":{"self":[{"href":"https:\/\/demoweb.info\/sexshop001\/wp-json\/wp\/v3\/product\/56545","targetHints":{"allow":["GET"]}}],"collection":[{"href":"https:\/\/demoweb.info\/sexshop001\/wp-json\/wp\/v3\/product"}],"about":[{"href":"https:\/\/demoweb.info\/sexshop001\/wp-json\/wp\/v2\/types\/product"}],"replies":[{"embeddable":true,"href":"https:\/\/demoweb.info\/sexshop001\/wp-json\/wp\/v2\/comments?post=56545"}],"wp:featuredmedia":[{"embeddable":true,"href":"https:\/\/demoweb.info\/sexshop001\/wp-json\/wp\/v2\/media\/56546"}],"wp:attachment":[{"href":"https:\/\/demoweb.info\/sexshop001\/wp-json\/wp\/v2\/media?parent=56545"}],"wp:term":[{"taxonomy":"product_cat","embeddable":true,"href":"https:\/\/demoweb.info\/sexshop001\/wp-json\/wp\/v2\/product_cat?post=56545"},{"taxonomy":"product_tag","embeddable":true,"href":"https:\/\/demoweb.info\/sexshop001\/wp-json\/wp\/v2\/product_tag?post=56545"}],"curies":[{"name":"wp","href":"https:\/\/api.w.org\/{rel}","templated":true}]}}