{"id":56404,"date":"2022-01-22T17:13:36","date_gmt":"2022-01-22T16:13:36","guid":{"rendered":"https:\/\/demoweb.info\/sexshop001\/producto\/the-ultimate-asslock\/"},"modified":"2022-01-22T17:13:49","modified_gmt":"2022-01-22T16:13:49","slug":"the-ultimate-asslock","status":"publish","type":"product","link":"https:\/\/demoweb.info\/sexshop001\/producto\/the-ultimate-asslock\/","title":{"rendered":"THE ULTIMATE ASSLOCK"},"content":{"rendered":"<p><strong>THE ULTIMATE ASSLOCK<\/strong><\/p>\n<p>El bloqueo anal crea una nueva dimensi\u00f3n en el juego anal. Cuando se inserta, el usuario puede sentir que el acero recorre cada cent\u00edmetro de la cavidad.<\/p>\n<p>Una vez que se inserta completamente, un simple empuj\u00f3n de la parte posterior del tap\u00f3n provoca que la porci\u00f3n insertada se expanda. Ultimate Asslock se puede cerrar con candado para brindar la m\u00e1xima seguridad, lo que le permite usarlo como un dispositivo de castidad anal o como un complemento.<\/p>\n<p>Este es un dispositivo serio para jugadores serios.<\/p>\n<p>Caracter\u00edsticas:<br \/>\n&#8211; Longitud Total: 18 cm<br \/>\n&#8211; Longitud Insertable: 10,9 cm<br \/>\n&#8211; Di\u00e1metro: 4,3 &#8211; 5,9 cm<br \/>\n&#8211; Material: Acero Inoxidable.<\/p>\n","protected":false},"excerpt":{"rendered":"<p>THE ULTIMATE ASSLOCK El bloqueo anal crea una nueva dimensi\u00f3n en el juego anal. Cuando se inserta, el usuario puede<\/p>\n","protected":false},"featured_media":56405,"comment_status":"open","ping_status":"open","template":"","meta":[],"product_cat":[464],"product_tag":[283],"class_list":["post-56404","product","type-product","status-publish","has-post-thumbnail","hentry","product_cat-metal-plugs","product_tag-triune"],"bundled_by":[],"bundle_stock_status":"instock","bundle_stock_quantity":1,"bundle_virtual":false,"bundle_layout":"","bundle_add_to_cart_form_location":"","bundle_editable_in_cart":false,"bundle_sold_individually_context":"","bundle_item_grouping":"","bundle_min_size":"","bundle_max_size":"","bundled_items":[],"yoast_head":"<!-- This site is optimized with the Yoast SEO plugin v20.6 - https:\/\/yoast.com\/wordpress\/plugins\/seo\/ -->\n<title>THE ULTIMATE ASSLOCK - Tienda Er\u00f3tica<\/title>\n<meta name=\"robots\" content=\"noindex, follow, max-snippet:-1, max-image-preview:large, max-video-preview:-1\" \/>\n<meta property=\"og:locale\" content=\"es_ES\" \/>\n<meta property=\"og:type\" content=\"article\" \/>\n<meta property=\"og:title\" content=\"THE ULTIMATE ASSLOCK - Tienda Er\u00f3tica\" \/>\n<meta property=\"og:description\" content=\"THE ULTIMATE ASSLOCK El bloqueo anal crea una nueva dimensi\u00f3n en el juego anal. Cuando se inserta, el usuario puede\" \/>\n<meta property=\"og:url\" content=\"https:\/\/demoweb.info\/sexshop001\/producto\/the-ultimate-asslock\/\" \/>\n<meta property=\"og:site_name\" content=\"Tienda Er\u00f3tica\" \/>\n<meta property=\"article:modified_time\" content=\"2022-01-22T16:13:49+00:00\" \/>\n<meta property=\"og:image\" content=\"https:\/\/demoweb.info\/sexshop001\/wp-content\/uploads\/2022\/01\/THE-ULTIMATE-ASSLOCK.jpg\" \/>\n\t<meta property=\"og:image:width\" content=\"550\" \/>\n\t<meta property=\"og:image:height\" content=\"550\" \/>\n\t<meta property=\"og:image:type\" content=\"image\/jpeg\" \/>\n<meta name=\"twitter:card\" content=\"summary_large_image\" \/>\n<meta name=\"twitter:label1\" content=\"Tiempo de lectura\" \/>\n\t<meta name=\"twitter:data1\" content=\"1 minuto\" \/>\n<script type=\"application\/ld+json\" class=\"yoast-schema-graph\">{\"@context\":\"https:\/\/schema.org\",\"@graph\":[{\"@type\":\"WebPage\",\"@id\":\"https:\/\/demoweb.info\/sexshop001\/producto\/the-ultimate-asslock\/\",\"url\":\"https:\/\/demoweb.info\/sexshop001\/producto\/the-ultimate-asslock\/\",\"name\":\"THE ULTIMATE ASSLOCK - Tienda Er\u00f3tica\",\"isPartOf\":{\"@id\":\"https:\/\/demoweb.info\/sexshop001\/#website\"},\"datePublished\":\"2022-01-22T16:13:36+00:00\",\"dateModified\":\"2022-01-22T16:13:49+00:00\",\"breadcrumb\":{\"@id\":\"https:\/\/demoweb.info\/sexshop001\/producto\/the-ultimate-asslock\/#breadcrumb\"},\"inLanguage\":\"es\",\"potentialAction\":[{\"@type\":\"ReadAction\",\"target\":[\"https:\/\/demoweb.info\/sexshop001\/producto\/the-ultimate-asslock\/\"]}]},{\"@type\":\"BreadcrumbList\",\"@id\":\"https:\/\/demoweb.info\/sexshop001\/producto\/the-ultimate-asslock\/#breadcrumb\",\"itemListElement\":[{\"@type\":\"ListItem\",\"position\":1,\"name\":\"Portada\",\"item\":\"https:\/\/demoweb.info\/sexshop001\/\"},{\"@type\":\"ListItem\",\"position\":2,\"name\":\"Tienda\",\"item\":\"https:\/\/demoweb.info\/sexshop001\/tienda\/\"},{\"@type\":\"ListItem\",\"position\":3,\"name\":\"THE ULTIMATE ASSLOCK\"}]},{\"@type\":\"WebSite\",\"@id\":\"https:\/\/demoweb.info\/sexshop001\/#website\",\"url\":\"https:\/\/demoweb.info\/sexshop001\/\",\"name\":\"Tienda Er\u00f3tica\",\"description\":\"DEMOWEB SL\",\"potentialAction\":[{\"@type\":\"SearchAction\",\"target\":{\"@type\":\"EntryPoint\",\"urlTemplate\":\"https:\/\/demoweb.info\/sexshop001\/?s={search_term_string}\"},\"query-input\":\"required name=search_term_string\"}],\"inLanguage\":\"es\"}]}<\/script>\n<!-- \/ Yoast SEO plugin. -->","yoast_head_json":{"title":"THE ULTIMATE ASSLOCK - Tienda Er\u00f3tica","robots":{"index":"noindex","follow":"follow","max-snippet":"max-snippet:-1","max-image-preview":"max-image-preview:large","max-video-preview":"max-video-preview:-1"},"og_locale":"es_ES","og_type":"article","og_title":"THE ULTIMATE ASSLOCK - Tienda Er\u00f3tica","og_description":"THE ULTIMATE ASSLOCK El bloqueo anal crea una nueva dimensi\u00f3n en el juego anal. Cuando se inserta, el usuario puede","og_url":"https:\/\/demoweb.info\/sexshop001\/producto\/the-ultimate-asslock\/","og_site_name":"Tienda Er\u00f3tica","article_modified_time":"2022-01-22T16:13:49+00:00","og_image":[{"width":550,"height":550,"url":"https:\/\/demoweb.info\/sexshop001\/wp-content\/uploads\/2022\/01\/THE-ULTIMATE-ASSLOCK.jpg","type":"image\/jpeg"}],"twitter_card":"summary_large_image","twitter_misc":{"Tiempo de lectura":"1 minuto"},"schema":{"@context":"https:\/\/schema.org","@graph":[{"@type":"WebPage","@id":"https:\/\/demoweb.info\/sexshop001\/producto\/the-ultimate-asslock\/","url":"https:\/\/demoweb.info\/sexshop001\/producto\/the-ultimate-asslock\/","name":"THE ULTIMATE ASSLOCK - Tienda Er\u00f3tica","isPartOf":{"@id":"https:\/\/demoweb.info\/sexshop001\/#website"},"datePublished":"2022-01-22T16:13:36+00:00","dateModified":"2022-01-22T16:13:49+00:00","breadcrumb":{"@id":"https:\/\/demoweb.info\/sexshop001\/producto\/the-ultimate-asslock\/#breadcrumb"},"inLanguage":"es","potentialAction":[{"@type":"ReadAction","target":["https:\/\/demoweb.info\/sexshop001\/producto\/the-ultimate-asslock\/"]}]},{"@type":"BreadcrumbList","@id":"https:\/\/demoweb.info\/sexshop001\/producto\/the-ultimate-asslock\/#breadcrumb","itemListElement":[{"@type":"ListItem","position":1,"name":"Portada","item":"https:\/\/demoweb.info\/sexshop001\/"},{"@type":"ListItem","position":2,"name":"Tienda","item":"https:\/\/demoweb.info\/sexshop001\/tienda\/"},{"@type":"ListItem","position":3,"name":"THE ULTIMATE ASSLOCK"}]},{"@type":"WebSite","@id":"https:\/\/demoweb.info\/sexshop001\/#website","url":"https:\/\/demoweb.info\/sexshop001\/","name":"Tienda Er\u00f3tica","description":"DEMOWEB SL","potentialAction":[{"@type":"SearchAction","target":{"@type":"EntryPoint","urlTemplate":"https:\/\/demoweb.info\/sexshop001\/?s={search_term_string}"},"query-input":"required name=search_term_string"}],"inLanguage":"es"}]}},"_links":{"self":[{"href":"https:\/\/demoweb.info\/sexshop001\/wp-json\/wp\/v3\/product\/56404","targetHints":{"allow":["GET"]}}],"collection":[{"href":"https:\/\/demoweb.info\/sexshop001\/wp-json\/wp\/v3\/product"}],"about":[{"href":"https:\/\/demoweb.info\/sexshop001\/wp-json\/wp\/v2\/types\/product"}],"replies":[{"embeddable":true,"href":"https:\/\/demoweb.info\/sexshop001\/wp-json\/wp\/v2\/comments?post=56404"}],"wp:featuredmedia":[{"embeddable":true,"href":"https:\/\/demoweb.info\/sexshop001\/wp-json\/wp\/v2\/media\/56405"}],"wp:attachment":[{"href":"https:\/\/demoweb.info\/sexshop001\/wp-json\/wp\/v2\/media?parent=56404"}],"wp:term":[{"taxonomy":"product_cat","embeddable":true,"href":"https:\/\/demoweb.info\/sexshop001\/wp-json\/wp\/v2\/product_cat?post=56404"},{"taxonomy":"product_tag","embeddable":true,"href":"https:\/\/demoweb.info\/sexshop001\/wp-json\/wp\/v2\/product_tag?post=56404"}],"curies":[{"name":"wp","href":"https:\/\/api.w.org\/{rel}","templated":true}]}}