{"id":55680,"date":"2022-01-22T17:05:16","date_gmt":"2022-01-22T16:05:16","guid":{"rendered":"https:\/\/demoweb.info\/sexshop001\/producto\/ultimate-p-spot-milker-negro\/"},"modified":"2022-01-22T17:05:23","modified_gmt":"2022-01-22T16:05:23","slug":"ultimate-p-spot-milker-negro","status":"publish","type":"product","link":"https:\/\/demoweb.info\/sexshop001\/producto\/ultimate-p-spot-milker-negro\/","title":{"rendered":"ULTIMATE P-SPOT MILKER &#8211; NEGRO"},"content":{"rendered":"<p><strong>ULTIMATE P-SPOT MILKER<\/strong><\/p>\n<p>Experimenta lo \u00faltimo en pr\u00f3stata con el incre\u00edble Anal Fantasy Elite Ultimate P-Spot Milker. Este estimulante de pr\u00f3stata \u00fanico ofrece una verdadera innovaci\u00f3n con un sistema de masaje totalmente autom\u00e1tico para acariciar simult\u00e1neamente tu pr\u00f3stata y balancear tu perineo. Para una experiencia personalizada en todo momento, la punta h\u00e1bilmente curvada de Anal Fantasy Elite Ultimate P-Spot Milker ofrece movimientos de masaje <em>ven aqu\u00ed <\/em>que permiten que la base se mueva hacia atr\u00e1s y adelante y aplique presi\u00f3n contra el perineo.<\/p>\n<p>Cada emocionante patr\u00f3n de vibraci\u00f3n hace cosquillas, provoca y acaricia la pr\u00f3stata, liberando erecciones duras como rocas y eyaculaciones explosivas todo el tiempo!<\/p>\n<p>Tu experiencia se intensifica a\u00fan m\u00e1s con una poderosa bala vibradora ubicada en la punta estimulaora del P-spot que presenta nueve patrones de pulsaci\u00f3n emocionantes. El dise\u00f1o ergon\u00f3mico permite un uso prolongado durante las sesiones en solitario o el juego en pareja.<\/p>\n<p>\u00a1Kit de preparaci\u00f3n de 4 piezas GRATIS incluido!<\/p>\n<ul>\n<li>118 ml Refresh Toy Cleaner<\/li>\n<li>118 ml Moist Anal Lube<\/li>\n<li>1x Crema Anal Ease Insertz \u2122<\/li>\n<li>1x guante de nitrilo<\/li>\n<\/ul>\n<p>Caracter\u00edsticas:<\/p>\n<ul>\n<li>9 Funciones de vibraci\u00f3n: vibraci\u00f3n, pulsaci\u00f3n, escalamiento: hay muchas opciones para alcanzar un gran placer.<\/li>\n<li>Masaje de pr\u00f3stata completamente automatizado: un potente motor interno que proporciona 9 variaciones de movimiento para frotar y acariciar la pr\u00f3stata y el perineo.<\/li>\n<li>USB recargable: \u00a1listo cuando lo necesites! Recarga f\u00e1cil y convenientemente ofreciendo horas de diversi\u00f3n.<\/li>\n<li>Longitud total: 14 cm<\/li>\n<li>Longitud insertable: 10,7 cm<\/li>\n<li>Material: Silicona y pl\u00e1stico ABS.<\/li>\n<\/ul>\n<p>Cuando buscas llevar tu juego anal al siguiente nivel, la colecci\u00f3n Elite de Anal Fantasy\u00ae es la mejor opci\u00f3n para la excitaci\u00f3n anal de alta calidad y el juego de pr\u00f3stata. Hecha de silicona Elite ultra higi\u00e9nica, Elite Collection es segura para el cuerpo, libre de ftalatos, libre de l\u00e1tex y est\u00e1 hecha para jugar duro.<\/p>\n<p>Utilizando lo \u00faltimo en tecnolog\u00eda recargable USB, los plugs y sondas Elite Collection est\u00e1n dise\u00f1ados ergon\u00f3micamente para brindar la m\u00e1xima comodidad y satisfacci\u00f3n. Perfecta para cualquier g\u00e9nero, la colecci\u00f3n unisex viene repleta de alucinantes funciones que ofrecen incre\u00edbles emociones y explosivos resultados.<\/p>\n","protected":false},"excerpt":{"rendered":"<p>ULTIMATE P-SPOT MILKER Experimenta lo \u00faltimo en pr\u00f3stata con el incre\u00edble Anal Fantasy Elite Ultimate P-Spot Milker. Este estimulante de<\/p>\n","protected":false},"featured_media":55681,"comment_status":"open","ping_status":"open","template":"","meta":[],"product_cat":[439],"product_tag":[1558,259],"class_list":["post-55680","product","type-product","status-publish","has-post-thumbnail","hentry","product_cat-punto-p-plugs","product_tag-anal-fantasy-elite-collection","product_tag-pipedream"],"bundled_by":[],"bundle_stock_status":"instock","bundle_stock_quantity":1,"bundle_virtual":false,"bundle_layout":"","bundle_add_to_cart_form_location":"","bundle_editable_in_cart":false,"bundle_sold_individually_context":"","bundle_item_grouping":"","bundle_min_size":"","bundle_max_size":"","bundled_items":[],"yoast_head":"<!-- This site is optimized with the Yoast SEO plugin v20.6 - https:\/\/yoast.com\/wordpress\/plugins\/seo\/ -->\n<title>ULTIMATE P-SPOT MILKER - NEGRO - Tienda Er\u00f3tica<\/title>\n<meta name=\"robots\" content=\"noindex, follow, max-snippet:-1, max-image-preview:large, max-video-preview:-1\" \/>\n<meta property=\"og:locale\" content=\"es_ES\" \/>\n<meta property=\"og:type\" content=\"article\" \/>\n<meta property=\"og:title\" content=\"ULTIMATE P-SPOT MILKER - NEGRO - Tienda Er\u00f3tica\" \/>\n<meta property=\"og:description\" content=\"ULTIMATE P-SPOT MILKER Experimenta lo \u00faltimo en pr\u00f3stata con el incre\u00edble Anal Fantasy Elite Ultimate P-Spot Milker. Este estimulante de\" \/>\n<meta property=\"og:url\" content=\"https:\/\/demoweb.info\/sexshop001\/producto\/ultimate-p-spot-milker-negro\/\" \/>\n<meta property=\"og:site_name\" content=\"Tienda Er\u00f3tica\" \/>\n<meta property=\"article:modified_time\" content=\"2022-01-22T16:05:23+00:00\" \/>\n<meta property=\"og:image\" content=\"https:\/\/demoweb.info\/sexshop001\/wp-content\/uploads\/2022\/01\/ULTIMATE-P-SPOT-MILKER-NEGRO.jpg\" \/>\n\t<meta property=\"og:image:width\" content=\"550\" \/>\n\t<meta property=\"og:image:height\" content=\"550\" \/>\n\t<meta property=\"og:image:type\" content=\"image\/jpeg\" \/>\n<meta name=\"twitter:card\" content=\"summary_large_image\" \/>\n<meta name=\"twitter:label1\" content=\"Tiempo de lectura\" \/>\n\t<meta name=\"twitter:data1\" content=\"2 minutos\" \/>\n<script type=\"application\/ld+json\" class=\"yoast-schema-graph\">{\"@context\":\"https:\/\/schema.org\",\"@graph\":[{\"@type\":\"WebPage\",\"@id\":\"https:\/\/demoweb.info\/sexshop001\/producto\/ultimate-p-spot-milker-negro\/\",\"url\":\"https:\/\/demoweb.info\/sexshop001\/producto\/ultimate-p-spot-milker-negro\/\",\"name\":\"ULTIMATE P-SPOT MILKER - NEGRO - Tienda Er\u00f3tica\",\"isPartOf\":{\"@id\":\"https:\/\/demoweb.info\/sexshop001\/#website\"},\"datePublished\":\"2022-01-22T16:05:16+00:00\",\"dateModified\":\"2022-01-22T16:05:23+00:00\",\"breadcrumb\":{\"@id\":\"https:\/\/demoweb.info\/sexshop001\/producto\/ultimate-p-spot-milker-negro\/#breadcrumb\"},\"inLanguage\":\"es\",\"potentialAction\":[{\"@type\":\"ReadAction\",\"target\":[\"https:\/\/demoweb.info\/sexshop001\/producto\/ultimate-p-spot-milker-negro\/\"]}]},{\"@type\":\"BreadcrumbList\",\"@id\":\"https:\/\/demoweb.info\/sexshop001\/producto\/ultimate-p-spot-milker-negro\/#breadcrumb\",\"itemListElement\":[{\"@type\":\"ListItem\",\"position\":1,\"name\":\"Portada\",\"item\":\"https:\/\/demoweb.info\/sexshop001\/\"},{\"@type\":\"ListItem\",\"position\":2,\"name\":\"Tienda\",\"item\":\"https:\/\/demoweb.info\/sexshop001\/tienda\/\"},{\"@type\":\"ListItem\",\"position\":3,\"name\":\"ULTIMATE P-SPOT MILKER &#8211; NEGRO\"}]},{\"@type\":\"WebSite\",\"@id\":\"https:\/\/demoweb.info\/sexshop001\/#website\",\"url\":\"https:\/\/demoweb.info\/sexshop001\/\",\"name\":\"Tienda Er\u00f3tica\",\"description\":\"DEMOWEB SL\",\"potentialAction\":[{\"@type\":\"SearchAction\",\"target\":{\"@type\":\"EntryPoint\",\"urlTemplate\":\"https:\/\/demoweb.info\/sexshop001\/?s={search_term_string}\"},\"query-input\":\"required name=search_term_string\"}],\"inLanguage\":\"es\"}]}<\/script>\n<!-- \/ Yoast SEO plugin. -->","yoast_head_json":{"title":"ULTIMATE P-SPOT MILKER - NEGRO - Tienda Er\u00f3tica","robots":{"index":"noindex","follow":"follow","max-snippet":"max-snippet:-1","max-image-preview":"max-image-preview:large","max-video-preview":"max-video-preview:-1"},"og_locale":"es_ES","og_type":"article","og_title":"ULTIMATE P-SPOT MILKER - NEGRO - Tienda Er\u00f3tica","og_description":"ULTIMATE P-SPOT MILKER Experimenta lo \u00faltimo en pr\u00f3stata con el incre\u00edble Anal Fantasy Elite Ultimate P-Spot Milker. Este estimulante de","og_url":"https:\/\/demoweb.info\/sexshop001\/producto\/ultimate-p-spot-milker-negro\/","og_site_name":"Tienda Er\u00f3tica","article_modified_time":"2022-01-22T16:05:23+00:00","og_image":[{"width":550,"height":550,"url":"https:\/\/demoweb.info\/sexshop001\/wp-content\/uploads\/2022\/01\/ULTIMATE-P-SPOT-MILKER-NEGRO.jpg","type":"image\/jpeg"}],"twitter_card":"summary_large_image","twitter_misc":{"Tiempo de lectura":"2 minutos"},"schema":{"@context":"https:\/\/schema.org","@graph":[{"@type":"WebPage","@id":"https:\/\/demoweb.info\/sexshop001\/producto\/ultimate-p-spot-milker-negro\/","url":"https:\/\/demoweb.info\/sexshop001\/producto\/ultimate-p-spot-milker-negro\/","name":"ULTIMATE P-SPOT MILKER - NEGRO - Tienda Er\u00f3tica","isPartOf":{"@id":"https:\/\/demoweb.info\/sexshop001\/#website"},"datePublished":"2022-01-22T16:05:16+00:00","dateModified":"2022-01-22T16:05:23+00:00","breadcrumb":{"@id":"https:\/\/demoweb.info\/sexshop001\/producto\/ultimate-p-spot-milker-negro\/#breadcrumb"},"inLanguage":"es","potentialAction":[{"@type":"ReadAction","target":["https:\/\/demoweb.info\/sexshop001\/producto\/ultimate-p-spot-milker-negro\/"]}]},{"@type":"BreadcrumbList","@id":"https:\/\/demoweb.info\/sexshop001\/producto\/ultimate-p-spot-milker-negro\/#breadcrumb","itemListElement":[{"@type":"ListItem","position":1,"name":"Portada","item":"https:\/\/demoweb.info\/sexshop001\/"},{"@type":"ListItem","position":2,"name":"Tienda","item":"https:\/\/demoweb.info\/sexshop001\/tienda\/"},{"@type":"ListItem","position":3,"name":"ULTIMATE P-SPOT MILKER &#8211; NEGRO"}]},{"@type":"WebSite","@id":"https:\/\/demoweb.info\/sexshop001\/#website","url":"https:\/\/demoweb.info\/sexshop001\/","name":"Tienda Er\u00f3tica","description":"DEMOWEB SL","potentialAction":[{"@type":"SearchAction","target":{"@type":"EntryPoint","urlTemplate":"https:\/\/demoweb.info\/sexshop001\/?s={search_term_string}"},"query-input":"required name=search_term_string"}],"inLanguage":"es"}]}},"_links":{"self":[{"href":"https:\/\/demoweb.info\/sexshop001\/wp-json\/wp\/v3\/product\/55680","targetHints":{"allow":["GET"]}}],"collection":[{"href":"https:\/\/demoweb.info\/sexshop001\/wp-json\/wp\/v3\/product"}],"about":[{"href":"https:\/\/demoweb.info\/sexshop001\/wp-json\/wp\/v2\/types\/product"}],"replies":[{"embeddable":true,"href":"https:\/\/demoweb.info\/sexshop001\/wp-json\/wp\/v2\/comments?post=55680"}],"wp:featuredmedia":[{"embeddable":true,"href":"https:\/\/demoweb.info\/sexshop001\/wp-json\/wp\/v2\/media\/55681"}],"wp:attachment":[{"href":"https:\/\/demoweb.info\/sexshop001\/wp-json\/wp\/v2\/media?parent=55680"}],"wp:term":[{"taxonomy":"product_cat","embeddable":true,"href":"https:\/\/demoweb.info\/sexshop001\/wp-json\/wp\/v2\/product_cat?post=55680"},{"taxonomy":"product_tag","embeddable":true,"href":"https:\/\/demoweb.info\/sexshop001\/wp-json\/wp\/v2\/product_tag?post=55680"}],"curies":[{"name":"wp","href":"https:\/\/api.w.org\/{rel}","templated":true}]}}