{"id":55668,"date":"2022-01-22T17:05:16","date_gmt":"2022-01-22T16:05:16","guid":{"rendered":"https:\/\/demoweb.info\/sexshop001\/producto\/magic-touch-finger-fun-estimulador-dedal-azul\/"},"modified":"2022-01-22T17:05:16","modified_gmt":"2022-01-22T16:05:16","slug":"magic-touch-finger-fun-estimulador-dedal-azul","status":"publish","type":"product","link":"https:\/\/demoweb.info\/sexshop001\/producto\/magic-touch-finger-fun-estimulador-dedal-azul\/","title":{"rendered":"MAGIC TOUCH FINGER FUN &#8211; ESTIMULADOR DEDAL AZUL"},"content":{"rendered":"<p><strong>MAGIC TOUCH FINGER FUN <\/strong><\/p>\n<p>Pon el poder del placer al alcance de tu mano con la diversi\u00f3n del dedo de toque m\u00e1gico de Neon.<\/p>\n<p>Perfecto para los juegos previos: transmite vibraciones emocionantes a los puntos calientes de tu pareja con estas vibraciones con dos dedos, compactas y sensualmente texturizadas. O bien, agrega un toque m\u00e1gico a las sesiones en solitario.<\/p>\n<p>Una pulsera el\u00e1stica y c\u00f3moda sujeta el control remoto de varias velocidades durante la diversi\u00f3n. Usa la loci\u00f3n corporal Moist\u00ae para un tiempo extra de diversi\u00f3n.<\/p>\n<p>Funciona con 2 pilas AA, no incluidas.<\/p>\n<p>Material: Pl\u00e1stico ABS, TPR, Nylon.<\/p><\/p>\n","protected":false},"excerpt":{"rendered":"<p>MAGIC TOUCH FINGER FUN Pon el poder del placer al alcance de tu mano con la diversi\u00f3n del dedo de<\/p>\n","protected":false},"featured_media":55669,"comment_status":"open","ping_status":"open","template":"","meta":[],"product_cat":[552],"product_tag":[838,259],"class_list":["post-55668","product","type-product","status-publish","has-post-thumbnail","hentry","product_cat-dedales","product_tag-neon","product_tag-pipedream"],"bundled_by":[],"bundle_stock_status":"instock","bundle_stock_quantity":1,"bundle_virtual":false,"bundle_layout":"","bundle_add_to_cart_form_location":"","bundle_editable_in_cart":false,"bundle_sold_individually_context":"","bundle_item_grouping":"","bundle_min_size":"","bundle_max_size":"","bundled_items":[],"yoast_head":"<!-- This site is optimized with the Yoast SEO plugin v20.6 - https:\/\/yoast.com\/wordpress\/plugins\/seo\/ -->\n<title>MAGIC TOUCH FINGER FUN - ESTIMULADOR DEDAL AZUL - Tienda Er\u00f3tica<\/title>\n<meta name=\"robots\" content=\"noindex, follow, max-snippet:-1, max-image-preview:large, max-video-preview:-1\" \/>\n<meta property=\"og:locale\" content=\"es_ES\" \/>\n<meta property=\"og:type\" content=\"article\" \/>\n<meta property=\"og:title\" content=\"MAGIC TOUCH FINGER FUN - ESTIMULADOR DEDAL AZUL - Tienda Er\u00f3tica\" \/>\n<meta property=\"og:description\" content=\"MAGIC TOUCH FINGER FUN Pon el poder del placer al alcance de tu mano con la diversi\u00f3n del dedo de\" \/>\n<meta property=\"og:url\" content=\"https:\/\/demoweb.info\/sexshop001\/producto\/magic-touch-finger-fun-estimulador-dedal-azul\/\" \/>\n<meta property=\"og:site_name\" content=\"Tienda Er\u00f3tica\" \/>\n<meta property=\"og:image\" content=\"https:\/\/demoweb.info\/sexshop001\/wp-content\/uploads\/2022\/01\/MAGIC-TOUCH-FINGER-FUN-ESTIMULADOR-DEDAL-AZUL.jpg\" \/>\n\t<meta property=\"og:image:width\" content=\"550\" \/>\n\t<meta property=\"og:image:height\" content=\"550\" \/>\n\t<meta property=\"og:image:type\" content=\"image\/jpeg\" \/>\n<meta name=\"twitter:card\" content=\"summary_large_image\" \/>\n<meta name=\"twitter:label1\" content=\"Tiempo de lectura\" \/>\n\t<meta name=\"twitter:data1\" content=\"1 minuto\" \/>\n<script type=\"application\/ld+json\" class=\"yoast-schema-graph\">{\"@context\":\"https:\/\/schema.org\",\"@graph\":[{\"@type\":\"WebPage\",\"@id\":\"https:\/\/demoweb.info\/sexshop001\/producto\/magic-touch-finger-fun-estimulador-dedal-azul\/\",\"url\":\"https:\/\/demoweb.info\/sexshop001\/producto\/magic-touch-finger-fun-estimulador-dedal-azul\/\",\"name\":\"MAGIC TOUCH FINGER FUN - ESTIMULADOR DEDAL AZUL - Tienda Er\u00f3tica\",\"isPartOf\":{\"@id\":\"https:\/\/demoweb.info\/sexshop001\/#website\"},\"datePublished\":\"2022-01-22T16:05:16+00:00\",\"dateModified\":\"2022-01-22T16:05:16+00:00\",\"breadcrumb\":{\"@id\":\"https:\/\/demoweb.info\/sexshop001\/producto\/magic-touch-finger-fun-estimulador-dedal-azul\/#breadcrumb\"},\"inLanguage\":\"es\",\"potentialAction\":[{\"@type\":\"ReadAction\",\"target\":[\"https:\/\/demoweb.info\/sexshop001\/producto\/magic-touch-finger-fun-estimulador-dedal-azul\/\"]}]},{\"@type\":\"BreadcrumbList\",\"@id\":\"https:\/\/demoweb.info\/sexshop001\/producto\/magic-touch-finger-fun-estimulador-dedal-azul\/#breadcrumb\",\"itemListElement\":[{\"@type\":\"ListItem\",\"position\":1,\"name\":\"Portada\",\"item\":\"https:\/\/demoweb.info\/sexshop001\/\"},{\"@type\":\"ListItem\",\"position\":2,\"name\":\"Tienda\",\"item\":\"https:\/\/demoweb.info\/sexshop001\/tienda\/\"},{\"@type\":\"ListItem\",\"position\":3,\"name\":\"MAGIC TOUCH FINGER FUN &#8211; ESTIMULADOR DEDAL AZUL\"}]},{\"@type\":\"WebSite\",\"@id\":\"https:\/\/demoweb.info\/sexshop001\/#website\",\"url\":\"https:\/\/demoweb.info\/sexshop001\/\",\"name\":\"Tienda Er\u00f3tica\",\"description\":\"DEMOWEB SL\",\"potentialAction\":[{\"@type\":\"SearchAction\",\"target\":{\"@type\":\"EntryPoint\",\"urlTemplate\":\"https:\/\/demoweb.info\/sexshop001\/?s={search_term_string}\"},\"query-input\":\"required name=search_term_string\"}],\"inLanguage\":\"es\"}]}<\/script>\n<!-- \/ Yoast SEO plugin. -->","yoast_head_json":{"title":"MAGIC TOUCH FINGER FUN - ESTIMULADOR DEDAL AZUL - Tienda Er\u00f3tica","robots":{"index":"noindex","follow":"follow","max-snippet":"max-snippet:-1","max-image-preview":"max-image-preview:large","max-video-preview":"max-video-preview:-1"},"og_locale":"es_ES","og_type":"article","og_title":"MAGIC TOUCH FINGER FUN - ESTIMULADOR DEDAL AZUL - Tienda Er\u00f3tica","og_description":"MAGIC TOUCH FINGER FUN Pon el poder del placer al alcance de tu mano con la diversi\u00f3n del dedo de","og_url":"https:\/\/demoweb.info\/sexshop001\/producto\/magic-touch-finger-fun-estimulador-dedal-azul\/","og_site_name":"Tienda Er\u00f3tica","og_image":[{"width":550,"height":550,"url":"https:\/\/demoweb.info\/sexshop001\/wp-content\/uploads\/2022\/01\/MAGIC-TOUCH-FINGER-FUN-ESTIMULADOR-DEDAL-AZUL.jpg","type":"image\/jpeg"}],"twitter_card":"summary_large_image","twitter_misc":{"Tiempo de lectura":"1 minuto"},"schema":{"@context":"https:\/\/schema.org","@graph":[{"@type":"WebPage","@id":"https:\/\/demoweb.info\/sexshop001\/producto\/magic-touch-finger-fun-estimulador-dedal-azul\/","url":"https:\/\/demoweb.info\/sexshop001\/producto\/magic-touch-finger-fun-estimulador-dedal-azul\/","name":"MAGIC TOUCH FINGER FUN - ESTIMULADOR DEDAL AZUL - Tienda Er\u00f3tica","isPartOf":{"@id":"https:\/\/demoweb.info\/sexshop001\/#website"},"datePublished":"2022-01-22T16:05:16+00:00","dateModified":"2022-01-22T16:05:16+00:00","breadcrumb":{"@id":"https:\/\/demoweb.info\/sexshop001\/producto\/magic-touch-finger-fun-estimulador-dedal-azul\/#breadcrumb"},"inLanguage":"es","potentialAction":[{"@type":"ReadAction","target":["https:\/\/demoweb.info\/sexshop001\/producto\/magic-touch-finger-fun-estimulador-dedal-azul\/"]}]},{"@type":"BreadcrumbList","@id":"https:\/\/demoweb.info\/sexshop001\/producto\/magic-touch-finger-fun-estimulador-dedal-azul\/#breadcrumb","itemListElement":[{"@type":"ListItem","position":1,"name":"Portada","item":"https:\/\/demoweb.info\/sexshop001\/"},{"@type":"ListItem","position":2,"name":"Tienda","item":"https:\/\/demoweb.info\/sexshop001\/tienda\/"},{"@type":"ListItem","position":3,"name":"MAGIC TOUCH FINGER FUN &#8211; ESTIMULADOR DEDAL AZUL"}]},{"@type":"WebSite","@id":"https:\/\/demoweb.info\/sexshop001\/#website","url":"https:\/\/demoweb.info\/sexshop001\/","name":"Tienda Er\u00f3tica","description":"DEMOWEB SL","potentialAction":[{"@type":"SearchAction","target":{"@type":"EntryPoint","urlTemplate":"https:\/\/demoweb.info\/sexshop001\/?s={search_term_string}"},"query-input":"required name=search_term_string"}],"inLanguage":"es"}]}},"_links":{"self":[{"href":"https:\/\/demoweb.info\/sexshop001\/wp-json\/wp\/v3\/product\/55668","targetHints":{"allow":["GET"]}}],"collection":[{"href":"https:\/\/demoweb.info\/sexshop001\/wp-json\/wp\/v3\/product"}],"about":[{"href":"https:\/\/demoweb.info\/sexshop001\/wp-json\/wp\/v2\/types\/product"}],"replies":[{"embeddable":true,"href":"https:\/\/demoweb.info\/sexshop001\/wp-json\/wp\/v2\/comments?post=55668"}],"wp:featuredmedia":[{"embeddable":true,"href":"https:\/\/demoweb.info\/sexshop001\/wp-json\/wp\/v2\/media\/55669"}],"wp:attachment":[{"href":"https:\/\/demoweb.info\/sexshop001\/wp-json\/wp\/v2\/media?parent=55668"}],"wp:term":[{"taxonomy":"product_cat","embeddable":true,"href":"https:\/\/demoweb.info\/sexshop001\/wp-json\/wp\/v2\/product_cat?post=55668"},{"taxonomy":"product_tag","embeddable":true,"href":"https:\/\/demoweb.info\/sexshop001\/wp-json\/wp\/v2\/product_tag?post=55668"}],"curies":[{"name":"wp","href":"https:\/\/api.w.org\/{rel}","templated":true}]}}