{"id":55574,"date":"2022-01-22T17:04:08","date_gmt":"2022-01-22T16:04:08","guid":{"rendered":"https:\/\/demoweb.info\/sexshop001\/producto\/desarrollador-deluxe-pump-con-sistema-avanzado-psi-gauge-transparent\/"},"modified":"2022-01-22T17:04:08","modified_gmt":"2022-01-22T16:04:08","slug":"desarrollador-deluxe-pump-con-sistema-avanzado-psi-gauge-transparent","status":"publish","type":"product","link":"https:\/\/demoweb.info\/sexshop001\/producto\/desarrollador-deluxe-pump-con-sistema-avanzado-psi-gauge-transparent\/","title":{"rendered":"DESARROLLADOR DELUXE PUMP CON SISTEMA AVANZADO PSI GAUGE &#8211; TRANSPARENT"},"content":{"rendered":"<p><strong>DELUXE PUMP WITH ADVANCED PSI GAUGE <\/strong><\/p>\n<p>\u00a1LA L\u00cdNEA PUMPED EST\u00c1 AQU\u00cd PARA IMPRESIONAR CON UN SURTIDO FANT\u00c1STICO DE DISPOSITIVOS DE MEJORA DE PENE!<\/p>\n<p>Estudios cl\u00ednicos han demostrado que los dispositivos de erecci\u00f3n al vac\u00edo proporcionan erecciones al instante m\u00e1s duras, causan agrandamiento fl\u00e1cido temporal y pueden aumentar de forma permanente el pene.<\/p>\n<p>Los doctores ven la bomba para el pene es un tratamiento efectivo y econ\u00f3mico para la disfunci\u00f3n er\u00e9ctil y declaran que el uso prolongado de dispositivos incrementar\u00e1 el tama\u00f1o del pene permanentemente. Otras ventajas de la variedad de PUMPED son entre otras la dilaci\u00f3n en la eyaculaci\u00f3n, mejor\u00eda en el apetito sexual, disparo de testosterona, el mantenimiento de erecciones m\u00e1s duras y m\u00e1s duraderas y el soporte del tejido del pene despu\u00e9s de una cirug\u00eda prost\u00e1tica. \u00a1PUMPED, te da resultados instant\u00e1neos!<\/p>\n<p>Con un cilindro de longitud total de 20 cm y un di\u00e1metro interno de 6 cm, esta bomba de alta calidad te da amplias posibilidades para hacerte crecer en ambas direcciones. La longitud total de la manguera es de 25 cm y la manga de inserci\u00f3n est\u00e1 elaborada de suave Silicona.<\/p>\n<p>Esta variedad viene con una bomba de dedo, y cilindro con indicador y manejo c\u00f3modo y con una v\u00e1lvula de f\u00e1cil soltura para tu comodidad. Hay dos versiones disponibles: transparente y negro.<\/p>\n<p>Caracter\u00edsticas:<\/p>\n<p>&#8211; Di\u00e1metro: 6 cm<br \/>\n&#8211; Longitud: 30 cm<br \/>\n&#8211; Longitud insertable: 23 cm<br \/>\n&#8211; Material: PVC y silicona<br \/>\n&#8211; Resistente al agua: S\u00ed<br \/>\n&#8211; Libre de ftalatos: S\u00ed<\/p>\n","protected":false},"excerpt":{"rendered":"<p>DELUXE PUMP WITH ADVANCED PSI GAUGE \u00a1LA L\u00cdNEA PUMPED EST\u00c1 AQU\u00cd PARA IMPRESIONAR CON UN SURTIDO FANT\u00c1STICO DE DISPOSITIVOS DE<\/p>\n","protected":false},"featured_media":55575,"comment_status":"open","ping_status":"open","template":"","meta":[],"product_cat":[495],"product_tag":[768,302],"class_list":["post-55574","product","type-product","status-publish","has-post-thumbnail","hentry","product_cat-basicos","product_tag-pumped","product_tag-shots"],"bundled_by":[],"bundle_stock_status":"outofstock","bundle_stock_quantity":0,"bundle_virtual":false,"bundle_layout":"","bundle_add_to_cart_form_location":"","bundle_editable_in_cart":false,"bundle_sold_individually_context":"","bundle_item_grouping":"","bundle_min_size":"","bundle_max_size":"","bundled_items":[],"yoast_head":"<!-- This site is optimized with the Yoast SEO plugin v20.6 - https:\/\/yoast.com\/wordpress\/plugins\/seo\/ -->\n<title>DESARROLLADOR DELUXE PUMP CON SISTEMA AVANZADO PSI GAUGE - TRANSPARENT - Tienda Er\u00f3tica<\/title>\n<meta name=\"robots\" content=\"noindex, follow, max-snippet:-1, max-image-preview:large, max-video-preview:-1\" \/>\n<meta property=\"og:locale\" content=\"es_ES\" \/>\n<meta property=\"og:type\" content=\"article\" \/>\n<meta property=\"og:title\" content=\"DESARROLLADOR DELUXE PUMP CON SISTEMA AVANZADO PSI GAUGE - TRANSPARENT - Tienda Er\u00f3tica\" \/>\n<meta property=\"og:description\" content=\"DELUXE PUMP WITH ADVANCED PSI GAUGE \u00a1LA L\u00cdNEA PUMPED EST\u00c1 AQU\u00cd PARA IMPRESIONAR CON UN SURTIDO FANT\u00c1STICO DE DISPOSITIVOS DE\" \/>\n<meta property=\"og:url\" content=\"https:\/\/demoweb.info\/sexshop001\/producto\/desarrollador-deluxe-pump-con-sistema-avanzado-psi-gauge-transparent\/\" \/>\n<meta property=\"og:site_name\" content=\"Tienda Er\u00f3tica\" \/>\n<meta property=\"og:image\" content=\"https:\/\/demoweb.info\/sexshop001\/wp-content\/uploads\/2022\/01\/DESARROLLADOR-DELUXE-PUMP-CON-SISTEMA-AVANZADO-PSI-GAUGE-TRANSPARENT.jpg\" \/>\n\t<meta property=\"og:image:width\" content=\"550\" \/>\n\t<meta property=\"og:image:height\" content=\"550\" \/>\n\t<meta property=\"og:image:type\" content=\"image\/jpeg\" \/>\n<meta name=\"twitter:card\" content=\"summary_large_image\" \/>\n<meta name=\"twitter:label1\" content=\"Tiempo de lectura\" \/>\n\t<meta name=\"twitter:data1\" content=\"1 minuto\" \/>\n<script type=\"application\/ld+json\" class=\"yoast-schema-graph\">{\"@context\":\"https:\/\/schema.org\",\"@graph\":[{\"@type\":\"WebPage\",\"@id\":\"https:\/\/demoweb.info\/sexshop001\/producto\/desarrollador-deluxe-pump-con-sistema-avanzado-psi-gauge-transparent\/\",\"url\":\"https:\/\/demoweb.info\/sexshop001\/producto\/desarrollador-deluxe-pump-con-sistema-avanzado-psi-gauge-transparent\/\",\"name\":\"DESARROLLADOR DELUXE PUMP CON SISTEMA AVANZADO PSI GAUGE - TRANSPARENT - Tienda Er\u00f3tica\",\"isPartOf\":{\"@id\":\"https:\/\/demoweb.info\/sexshop001\/#website\"},\"datePublished\":\"2022-01-22T16:04:08+00:00\",\"dateModified\":\"2022-01-22T16:04:08+00:00\",\"breadcrumb\":{\"@id\":\"https:\/\/demoweb.info\/sexshop001\/producto\/desarrollador-deluxe-pump-con-sistema-avanzado-psi-gauge-transparent\/#breadcrumb\"},\"inLanguage\":\"es\",\"potentialAction\":[{\"@type\":\"ReadAction\",\"target\":[\"https:\/\/demoweb.info\/sexshop001\/producto\/desarrollador-deluxe-pump-con-sistema-avanzado-psi-gauge-transparent\/\"]}]},{\"@type\":\"BreadcrumbList\",\"@id\":\"https:\/\/demoweb.info\/sexshop001\/producto\/desarrollador-deluxe-pump-con-sistema-avanzado-psi-gauge-transparent\/#breadcrumb\",\"itemListElement\":[{\"@type\":\"ListItem\",\"position\":1,\"name\":\"Portada\",\"item\":\"https:\/\/demoweb.info\/sexshop001\/\"},{\"@type\":\"ListItem\",\"position\":2,\"name\":\"Tienda\",\"item\":\"https:\/\/demoweb.info\/sexshop001\/tienda\/\"},{\"@type\":\"ListItem\",\"position\":3,\"name\":\"DESARROLLADOR DELUXE PUMP CON SISTEMA AVANZADO PSI GAUGE &#8211; TRANSPARENT\"}]},{\"@type\":\"WebSite\",\"@id\":\"https:\/\/demoweb.info\/sexshop001\/#website\",\"url\":\"https:\/\/demoweb.info\/sexshop001\/\",\"name\":\"Tienda Er\u00f3tica\",\"description\":\"DEMOWEB SL\",\"potentialAction\":[{\"@type\":\"SearchAction\",\"target\":{\"@type\":\"EntryPoint\",\"urlTemplate\":\"https:\/\/demoweb.info\/sexshop001\/?s={search_term_string}\"},\"query-input\":\"required name=search_term_string\"}],\"inLanguage\":\"es\"}]}<\/script>\n<!-- \/ Yoast SEO plugin. -->","yoast_head_json":{"title":"DESARROLLADOR DELUXE PUMP CON SISTEMA AVANZADO PSI GAUGE - TRANSPARENT - Tienda Er\u00f3tica","robots":{"index":"noindex","follow":"follow","max-snippet":"max-snippet:-1","max-image-preview":"max-image-preview:large","max-video-preview":"max-video-preview:-1"},"og_locale":"es_ES","og_type":"article","og_title":"DESARROLLADOR DELUXE PUMP CON SISTEMA AVANZADO PSI GAUGE - TRANSPARENT - Tienda Er\u00f3tica","og_description":"DELUXE PUMP WITH ADVANCED PSI GAUGE \u00a1LA L\u00cdNEA PUMPED EST\u00c1 AQU\u00cd PARA IMPRESIONAR CON UN SURTIDO FANT\u00c1STICO DE DISPOSITIVOS DE","og_url":"https:\/\/demoweb.info\/sexshop001\/producto\/desarrollador-deluxe-pump-con-sistema-avanzado-psi-gauge-transparent\/","og_site_name":"Tienda Er\u00f3tica","og_image":[{"width":550,"height":550,"url":"https:\/\/demoweb.info\/sexshop001\/wp-content\/uploads\/2022\/01\/DESARROLLADOR-DELUXE-PUMP-CON-SISTEMA-AVANZADO-PSI-GAUGE-TRANSPARENT.jpg","type":"image\/jpeg"}],"twitter_card":"summary_large_image","twitter_misc":{"Tiempo de lectura":"1 minuto"},"schema":{"@context":"https:\/\/schema.org","@graph":[{"@type":"WebPage","@id":"https:\/\/demoweb.info\/sexshop001\/producto\/desarrollador-deluxe-pump-con-sistema-avanzado-psi-gauge-transparent\/","url":"https:\/\/demoweb.info\/sexshop001\/producto\/desarrollador-deluxe-pump-con-sistema-avanzado-psi-gauge-transparent\/","name":"DESARROLLADOR DELUXE PUMP CON SISTEMA AVANZADO PSI GAUGE - TRANSPARENT - Tienda Er\u00f3tica","isPartOf":{"@id":"https:\/\/demoweb.info\/sexshop001\/#website"},"datePublished":"2022-01-22T16:04:08+00:00","dateModified":"2022-01-22T16:04:08+00:00","breadcrumb":{"@id":"https:\/\/demoweb.info\/sexshop001\/producto\/desarrollador-deluxe-pump-con-sistema-avanzado-psi-gauge-transparent\/#breadcrumb"},"inLanguage":"es","potentialAction":[{"@type":"ReadAction","target":["https:\/\/demoweb.info\/sexshop001\/producto\/desarrollador-deluxe-pump-con-sistema-avanzado-psi-gauge-transparent\/"]}]},{"@type":"BreadcrumbList","@id":"https:\/\/demoweb.info\/sexshop001\/producto\/desarrollador-deluxe-pump-con-sistema-avanzado-psi-gauge-transparent\/#breadcrumb","itemListElement":[{"@type":"ListItem","position":1,"name":"Portada","item":"https:\/\/demoweb.info\/sexshop001\/"},{"@type":"ListItem","position":2,"name":"Tienda","item":"https:\/\/demoweb.info\/sexshop001\/tienda\/"},{"@type":"ListItem","position":3,"name":"DESARROLLADOR DELUXE PUMP CON SISTEMA AVANZADO PSI GAUGE &#8211; TRANSPARENT"}]},{"@type":"WebSite","@id":"https:\/\/demoweb.info\/sexshop001\/#website","url":"https:\/\/demoweb.info\/sexshop001\/","name":"Tienda Er\u00f3tica","description":"DEMOWEB SL","potentialAction":[{"@type":"SearchAction","target":{"@type":"EntryPoint","urlTemplate":"https:\/\/demoweb.info\/sexshop001\/?s={search_term_string}"},"query-input":"required name=search_term_string"}],"inLanguage":"es"}]}},"_links":{"self":[{"href":"https:\/\/demoweb.info\/sexshop001\/wp-json\/wp\/v3\/product\/55574","targetHints":{"allow":["GET"]}}],"collection":[{"href":"https:\/\/demoweb.info\/sexshop001\/wp-json\/wp\/v3\/product"}],"about":[{"href":"https:\/\/demoweb.info\/sexshop001\/wp-json\/wp\/v2\/types\/product"}],"replies":[{"embeddable":true,"href":"https:\/\/demoweb.info\/sexshop001\/wp-json\/wp\/v2\/comments?post=55574"}],"wp:featuredmedia":[{"embeddable":true,"href":"https:\/\/demoweb.info\/sexshop001\/wp-json\/wp\/v2\/media\/55575"}],"wp:attachment":[{"href":"https:\/\/demoweb.info\/sexshop001\/wp-json\/wp\/v2\/media?parent=55574"}],"wp:term":[{"taxonomy":"product_cat","embeddable":true,"href":"https:\/\/demoweb.info\/sexshop001\/wp-json\/wp\/v2\/product_cat?post=55574"},{"taxonomy":"product_tag","embeddable":true,"href":"https:\/\/demoweb.info\/sexshop001\/wp-json\/wp\/v2\/product_tag?post=55574"}],"curies":[{"name":"wp","href":"https:\/\/api.w.org\/{rel}","templated":true}]}}