{"id":55165,"date":"2022-01-22T16:59:27","date_gmt":"2022-01-22T15:59:27","guid":{"rendered":"https:\/\/demoweb.info\/sexshop001\/producto\/el-acuerdo\/"},"modified":"2022-01-22T16:59:34","modified_gmt":"2022-01-22T15:59:34","slug":"el-acuerdo","status":"publish","type":"product","link":"https:\/\/demoweb.info\/sexshop001\/producto\/el-acuerdo\/","title":{"rendered":"EL ACUERDO"},"content":{"rendered":"<p><strong>EL ACUERDO<\/strong><\/p>\n<p>Melanie Moreland.<\/p>\n<p>\u00bfQu\u00e9 har\u00edas si la persona que m\u00e1s odias se convierte en la \u00fanica persona con la que puedes vivir? Un tirano por el d\u00eda, un playboy por la noche. Esa es la reputaci\u00f3n que precede a Richard VanRyan.<\/p>\n<p>\u00c9l vive su vida de la manera que quiere, sin importarle las opiniones de otros. No se preocupa ni por nada ni por nadie, y no tiene intenci\u00f3n de cambiar su manera de ser. Katharine Elliott trabaja como asistente personal de Richard. <\/p>\n<p>Ella le desprecia y no comparte su m\u00e1s que cuestionable \u00e9tica profesional, pero no tiene otro remedio que soportar y gestionar todas las tareas que Richard le encarga ya que necesita su trabajo para poder subsistir. Hasta que llega el d\u00eda en el que \u00e9l le pide algo que Katharine nunca imagin\u00f3.<\/p>\n<p>Un nuevo acuerdo, con un trabajo diferente: ser su prometida en lugar de su asistente personal. \u00bfQu\u00e9 es lo que puede suceder cuando dos personas que se detestan tienen que vivir juntas y actuar como si estuvieran locamente enamoradas? \u00bfSobrevivir\u00e1n al acuerdo que han firmado?<\/p>\n<ul>\n<li>Fecha Edici\u00f3n:    1 de marzo de 2018<\/li>\n<li>N&ordm; de p\u00e1ginas:    288<\/li>\n<li>Encuadernaci\u00f3n : R\u00fastica<\/li>\n<li>Medidas:    190&#215;125 mm<\/li>\n<\/ul>\n","protected":false},"excerpt":{"rendered":"<p>EL ACUERDO Melanie Moreland. \u00bfQu\u00e9 har\u00edas si la persona que m\u00e1s odias se convierte en la \u00fanica persona con la<\/p>\n","protected":false},"featured_media":55166,"comment_status":"open","ping_status":"open","template":"","meta":[],"product_cat":[414],"product_tag":[415,1426],"class_list":["post-55165","product","type-product","status-publish","has-post-thumbnail","hentry","product_cat-libros","product_tag-random-house","product_tag-terciopelo-debolsillo"],"bundled_by":[],"bundle_stock_status":"instock","bundle_stock_quantity":2,"bundle_virtual":false,"bundle_layout":"","bundle_add_to_cart_form_location":"","bundle_editable_in_cart":false,"bundle_sold_individually_context":"","bundle_item_grouping":"","bundle_min_size":"","bundle_max_size":"","bundled_items":[],"yoast_head":"<!-- This site is optimized with the Yoast SEO plugin v20.6 - https:\/\/yoast.com\/wordpress\/plugins\/seo\/ -->\n<title>EL ACUERDO - Tienda Er\u00f3tica<\/title>\n<meta name=\"robots\" content=\"noindex, follow, max-snippet:-1, max-image-preview:large, max-video-preview:-1\" \/>\n<meta property=\"og:locale\" content=\"es_ES\" \/>\n<meta property=\"og:type\" content=\"article\" \/>\n<meta property=\"og:title\" content=\"EL ACUERDO - Tienda Er\u00f3tica\" \/>\n<meta property=\"og:description\" content=\"EL ACUERDO Melanie Moreland. \u00bfQu\u00e9 har\u00edas si la persona que m\u00e1s odias se convierte en la \u00fanica persona con la\" \/>\n<meta property=\"og:url\" content=\"https:\/\/demoweb.info\/sexshop001\/producto\/el-acuerdo\/\" \/>\n<meta property=\"og:site_name\" content=\"Tienda Er\u00f3tica\" \/>\n<meta property=\"article:modified_time\" content=\"2022-01-22T15:59:34+00:00\" \/>\n<meta property=\"og:image\" content=\"https:\/\/demoweb.info\/sexshop001\/wp-content\/uploads\/2022\/01\/EL-ACUERDO.jpg\" \/>\n\t<meta property=\"og:image:width\" content=\"550\" \/>\n\t<meta property=\"og:image:height\" content=\"550\" \/>\n\t<meta property=\"og:image:type\" content=\"image\/jpeg\" \/>\n<meta name=\"twitter:card\" content=\"summary_large_image\" \/>\n<meta name=\"twitter:label1\" content=\"Tiempo de lectura\" \/>\n\t<meta name=\"twitter:data1\" content=\"1 minuto\" \/>\n<script type=\"application\/ld+json\" class=\"yoast-schema-graph\">{\"@context\":\"https:\/\/schema.org\",\"@graph\":[{\"@type\":\"WebPage\",\"@id\":\"https:\/\/demoweb.info\/sexshop001\/producto\/el-acuerdo\/\",\"url\":\"https:\/\/demoweb.info\/sexshop001\/producto\/el-acuerdo\/\",\"name\":\"EL ACUERDO - Tienda Er\u00f3tica\",\"isPartOf\":{\"@id\":\"https:\/\/demoweb.info\/sexshop001\/#website\"},\"datePublished\":\"2022-01-22T15:59:27+00:00\",\"dateModified\":\"2022-01-22T15:59:34+00:00\",\"breadcrumb\":{\"@id\":\"https:\/\/demoweb.info\/sexshop001\/producto\/el-acuerdo\/#breadcrumb\"},\"inLanguage\":\"es\",\"potentialAction\":[{\"@type\":\"ReadAction\",\"target\":[\"https:\/\/demoweb.info\/sexshop001\/producto\/el-acuerdo\/\"]}]},{\"@type\":\"BreadcrumbList\",\"@id\":\"https:\/\/demoweb.info\/sexshop001\/producto\/el-acuerdo\/#breadcrumb\",\"itemListElement\":[{\"@type\":\"ListItem\",\"position\":1,\"name\":\"Portada\",\"item\":\"https:\/\/demoweb.info\/sexshop001\/\"},{\"@type\":\"ListItem\",\"position\":2,\"name\":\"Tienda\",\"item\":\"https:\/\/demoweb.info\/sexshop001\/tienda\/\"},{\"@type\":\"ListItem\",\"position\":3,\"name\":\"EL ACUERDO\"}]},{\"@type\":\"WebSite\",\"@id\":\"https:\/\/demoweb.info\/sexshop001\/#website\",\"url\":\"https:\/\/demoweb.info\/sexshop001\/\",\"name\":\"Tienda Er\u00f3tica\",\"description\":\"DEMOWEB SL\",\"potentialAction\":[{\"@type\":\"SearchAction\",\"target\":{\"@type\":\"EntryPoint\",\"urlTemplate\":\"https:\/\/demoweb.info\/sexshop001\/?s={search_term_string}\"},\"query-input\":\"required name=search_term_string\"}],\"inLanguage\":\"es\"}]}<\/script>\n<!-- \/ Yoast SEO plugin. -->","yoast_head_json":{"title":"EL ACUERDO - Tienda Er\u00f3tica","robots":{"index":"noindex","follow":"follow","max-snippet":"max-snippet:-1","max-image-preview":"max-image-preview:large","max-video-preview":"max-video-preview:-1"},"og_locale":"es_ES","og_type":"article","og_title":"EL ACUERDO - Tienda Er\u00f3tica","og_description":"EL ACUERDO Melanie Moreland. \u00bfQu\u00e9 har\u00edas si la persona que m\u00e1s odias se convierte en la \u00fanica persona con la","og_url":"https:\/\/demoweb.info\/sexshop001\/producto\/el-acuerdo\/","og_site_name":"Tienda Er\u00f3tica","article_modified_time":"2022-01-22T15:59:34+00:00","og_image":[{"width":550,"height":550,"url":"https:\/\/demoweb.info\/sexshop001\/wp-content\/uploads\/2022\/01\/EL-ACUERDO.jpg","type":"image\/jpeg"}],"twitter_card":"summary_large_image","twitter_misc":{"Tiempo de lectura":"1 minuto"},"schema":{"@context":"https:\/\/schema.org","@graph":[{"@type":"WebPage","@id":"https:\/\/demoweb.info\/sexshop001\/producto\/el-acuerdo\/","url":"https:\/\/demoweb.info\/sexshop001\/producto\/el-acuerdo\/","name":"EL ACUERDO - Tienda Er\u00f3tica","isPartOf":{"@id":"https:\/\/demoweb.info\/sexshop001\/#website"},"datePublished":"2022-01-22T15:59:27+00:00","dateModified":"2022-01-22T15:59:34+00:00","breadcrumb":{"@id":"https:\/\/demoweb.info\/sexshop001\/producto\/el-acuerdo\/#breadcrumb"},"inLanguage":"es","potentialAction":[{"@type":"ReadAction","target":["https:\/\/demoweb.info\/sexshop001\/producto\/el-acuerdo\/"]}]},{"@type":"BreadcrumbList","@id":"https:\/\/demoweb.info\/sexshop001\/producto\/el-acuerdo\/#breadcrumb","itemListElement":[{"@type":"ListItem","position":1,"name":"Portada","item":"https:\/\/demoweb.info\/sexshop001\/"},{"@type":"ListItem","position":2,"name":"Tienda","item":"https:\/\/demoweb.info\/sexshop001\/tienda\/"},{"@type":"ListItem","position":3,"name":"EL ACUERDO"}]},{"@type":"WebSite","@id":"https:\/\/demoweb.info\/sexshop001\/#website","url":"https:\/\/demoweb.info\/sexshop001\/","name":"Tienda Er\u00f3tica","description":"DEMOWEB SL","potentialAction":[{"@type":"SearchAction","target":{"@type":"EntryPoint","urlTemplate":"https:\/\/demoweb.info\/sexshop001\/?s={search_term_string}"},"query-input":"required name=search_term_string"}],"inLanguage":"es"}]}},"_links":{"self":[{"href":"https:\/\/demoweb.info\/sexshop001\/wp-json\/wp\/v3\/product\/55165","targetHints":{"allow":["GET"]}}],"collection":[{"href":"https:\/\/demoweb.info\/sexshop001\/wp-json\/wp\/v3\/product"}],"about":[{"href":"https:\/\/demoweb.info\/sexshop001\/wp-json\/wp\/v2\/types\/product"}],"replies":[{"embeddable":true,"href":"https:\/\/demoweb.info\/sexshop001\/wp-json\/wp\/v2\/comments?post=55165"}],"wp:featuredmedia":[{"embeddable":true,"href":"https:\/\/demoweb.info\/sexshop001\/wp-json\/wp\/v2\/media\/55166"}],"wp:attachment":[{"href":"https:\/\/demoweb.info\/sexshop001\/wp-json\/wp\/v2\/media?parent=55165"}],"wp:term":[{"taxonomy":"product_cat","embeddable":true,"href":"https:\/\/demoweb.info\/sexshop001\/wp-json\/wp\/v2\/product_cat?post=55165"},{"taxonomy":"product_tag","embeddable":true,"href":"https:\/\/demoweb.info\/sexshop001\/wp-json\/wp\/v2\/product_tag?post=55165"}],"curies":[{"name":"wp","href":"https:\/\/api.w.org\/{rel}","templated":true}]}}