{"id":54815,"date":"2022-01-22T16:55:39","date_gmt":"2022-01-22T15:55:39","guid":{"rendered":"https:\/\/demoweb.info\/sexshop001\/producto\/fleshlight-girl-adriana-chechik-butt-next-level\/"},"modified":"2022-01-22T16:55:42","modified_gmt":"2022-01-22T15:55:42","slug":"fleshlight-girl-adriana-chechik-butt-next-level","status":"publish","type":"product","link":"https:\/\/demoweb.info\/sexshop001\/producto\/fleshlight-girl-adriana-chechik-butt-next-level\/","title":{"rendered":"FLESHLIGHT GIRL ADRIANA CHECHIK BUTT NEXT LEVEL"},"content":{"rendered":"<p><strong>FLESHLIGHT GIRL ADRIANA CHECHIK BUTT NEXT LEVEL <\/strong><\/p>\n<p>Adriana Chechik entr\u00f3 en el negocio a la edad de 22 a\u00f1os, descubri\u00f3 que se sent\u00eda natural frente a la c\u00e1mara, particularmente porque tiene un gran deseo sexual y estaba muy dispuesta a probar cosas nuevas. Adriana tiene experiencia en escenas de doble penetraci\u00f3n y escenas dobles de anal. Eso la hizo ganar el galard\u00f3n a Int\u00e9rprete del A\u00f1o 2017 en los premios AVN.<\/p>\n<p><strong>Fleshlight Sensation: Next Level<\/strong><\/p>\n<p>Las diversas estructuras proporcionan una estimulaci\u00f3n buena y salvaje desde el principio. Justo antes del medio, la intensidad aumenta dr\u00e1sticamente, mientras que aparecen pasajes m\u00e1s estrechos. El Siguiente Nivel hace uso de toda la gama de estructuras disponibles para Fleshlights. Estos son protuberancias, protuberancias, costillas, combinaciones de estos, pero tambi\u00e9n constricciones y espacios amplios. Cada parte de la textura ofrece un encanto completamente nuevo. No encontrar\u00e1s ninguna repetici\u00f3n.<\/p>\n<p>La manga Next Level de Adrian Chechik consta de tres c\u00e1maras. Mientras que el primero y el segundo son relativamente cortos y casi iguales en tama\u00f1o, el tercero es, por un margen, el m\u00e1s grande. Adem\u00e1s, hay dos transiciones estrechas en cada lado de la \u00faltima c\u00e1mara. El primero contiene costillas grandes y el segundo contiene una superficie lisa.<\/p>\n<p>Caracter\u00edsticas principales:<\/p>\n<ul>\n<li>Hecho de material Superskin patentado.<\/li>\n<li>F\u00e1cil de usar y limpio.<\/li>\n<li>Discreto.<\/li>\n<li>Dise\u00f1ado para la discreci\u00f3n.<\/li>\n<li>Hecho de material Superskin patentado.<\/li>\n<li>Canal interno de textura intensa.<\/li>\n<\/ul>\n<p><strong><strong>Fleshlight\u00ae<\/strong> es 100% seguro y muy f\u00e1cil de utilizar y limpiar. <\/strong><\/p>\n<p>Usando <strong>Fleshlight\u00ae<\/strong> con frecuencia, fortalecer\u00e1s tus erecciones y aumentar\u00e1s la fortaleza del pene, debido al entrenamiento de los tejidos del miembro. Notar\u00e1s una mejora en pocos meses.<\/p>\n<p>Incluye una pr\u00e1ctica tapa, para poder guardarlo y protegerlo, una vez utilizado.<\/p>\n<p>Se adapta a todos los tama\u00f1os de pene.<\/p>\n","protected":false},"excerpt":{"rendered":"<p>FLESHLIGHT GIRL ADRIANA CHECHIK BUTT NEXT LEVEL Adriana Chechik entr\u00f3 en el negocio a la edad de 22 a\u00f1os, descubri\u00f3<\/p>\n","protected":false},"featured_media":54816,"comment_status":"open","ping_status":"open","template":"","meta":[],"product_cat":[468],"product_tag":[576,690],"class_list":["post-54815","product","type-product","status-publish","has-post-thumbnail","hentry","product_cat-anos","product_tag-fleshlight","product_tag-fleshlight-girls"],"bundled_by":[],"bundle_stock_status":"instock","bundle_stock_quantity":2,"bundle_virtual":false,"bundle_layout":"","bundle_add_to_cart_form_location":"","bundle_editable_in_cart":false,"bundle_sold_individually_context":"","bundle_item_grouping":"","bundle_min_size":"","bundle_max_size":"","bundled_items":[],"yoast_head":"<!-- This site is optimized with the Yoast SEO plugin v20.6 - https:\/\/yoast.com\/wordpress\/plugins\/seo\/ -->\n<title>FLESHLIGHT GIRL ADRIANA CHECHIK BUTT NEXT LEVEL - Tienda Er\u00f3tica<\/title>\n<meta name=\"robots\" content=\"noindex, follow, max-snippet:-1, max-image-preview:large, max-video-preview:-1\" \/>\n<meta property=\"og:locale\" content=\"es_ES\" \/>\n<meta property=\"og:type\" content=\"article\" \/>\n<meta property=\"og:title\" content=\"FLESHLIGHT GIRL ADRIANA CHECHIK BUTT NEXT LEVEL - Tienda Er\u00f3tica\" \/>\n<meta property=\"og:description\" content=\"FLESHLIGHT GIRL ADRIANA CHECHIK BUTT NEXT LEVEL Adriana Chechik entr\u00f3 en el negocio a la edad de 22 a\u00f1os, descubri\u00f3\" \/>\n<meta property=\"og:url\" content=\"https:\/\/demoweb.info\/sexshop001\/producto\/fleshlight-girl-adriana-chechik-butt-next-level\/\" \/>\n<meta property=\"og:site_name\" content=\"Tienda Er\u00f3tica\" \/>\n<meta property=\"article:modified_time\" content=\"2022-01-22T15:55:42+00:00\" \/>\n<meta property=\"og:image\" content=\"https:\/\/demoweb.info\/sexshop001\/wp-content\/uploads\/2022\/01\/FLESHLIGHT-GIRL-ADRIANA-CHECHIK-BUTT-NEXT-LEVEL.jpg\" \/>\n\t<meta property=\"og:image:width\" content=\"550\" \/>\n\t<meta property=\"og:image:height\" content=\"550\" \/>\n\t<meta property=\"og:image:type\" content=\"image\/jpeg\" \/>\n<meta name=\"twitter:card\" content=\"summary_large_image\" \/>\n<meta name=\"twitter:label1\" content=\"Tiempo de lectura\" \/>\n\t<meta name=\"twitter:data1\" content=\"2 minutos\" \/>\n<script type=\"application\/ld+json\" class=\"yoast-schema-graph\">{\"@context\":\"https:\/\/schema.org\",\"@graph\":[{\"@type\":\"WebPage\",\"@id\":\"https:\/\/demoweb.info\/sexshop001\/producto\/fleshlight-girl-adriana-chechik-butt-next-level\/\",\"url\":\"https:\/\/demoweb.info\/sexshop001\/producto\/fleshlight-girl-adriana-chechik-butt-next-level\/\",\"name\":\"FLESHLIGHT GIRL ADRIANA CHECHIK BUTT NEXT LEVEL - Tienda Er\u00f3tica\",\"isPartOf\":{\"@id\":\"https:\/\/demoweb.info\/sexshop001\/#website\"},\"datePublished\":\"2022-01-22T15:55:39+00:00\",\"dateModified\":\"2022-01-22T15:55:42+00:00\",\"breadcrumb\":{\"@id\":\"https:\/\/demoweb.info\/sexshop001\/producto\/fleshlight-girl-adriana-chechik-butt-next-level\/#breadcrumb\"},\"inLanguage\":\"es\",\"potentialAction\":[{\"@type\":\"ReadAction\",\"target\":[\"https:\/\/demoweb.info\/sexshop001\/producto\/fleshlight-girl-adriana-chechik-butt-next-level\/\"]}]},{\"@type\":\"BreadcrumbList\",\"@id\":\"https:\/\/demoweb.info\/sexshop001\/producto\/fleshlight-girl-adriana-chechik-butt-next-level\/#breadcrumb\",\"itemListElement\":[{\"@type\":\"ListItem\",\"position\":1,\"name\":\"Portada\",\"item\":\"https:\/\/demoweb.info\/sexshop001\/\"},{\"@type\":\"ListItem\",\"position\":2,\"name\":\"Tienda\",\"item\":\"https:\/\/demoweb.info\/sexshop001\/tienda\/\"},{\"@type\":\"ListItem\",\"position\":3,\"name\":\"FLESHLIGHT GIRL ADRIANA CHECHIK BUTT NEXT LEVEL\"}]},{\"@type\":\"WebSite\",\"@id\":\"https:\/\/demoweb.info\/sexshop001\/#website\",\"url\":\"https:\/\/demoweb.info\/sexshop001\/\",\"name\":\"Tienda Er\u00f3tica\",\"description\":\"DEMOWEB SL\",\"potentialAction\":[{\"@type\":\"SearchAction\",\"target\":{\"@type\":\"EntryPoint\",\"urlTemplate\":\"https:\/\/demoweb.info\/sexshop001\/?s={search_term_string}\"},\"query-input\":\"required name=search_term_string\"}],\"inLanguage\":\"es\"}]}<\/script>\n<!-- \/ Yoast SEO plugin. -->","yoast_head_json":{"title":"FLESHLIGHT GIRL ADRIANA CHECHIK BUTT NEXT LEVEL - Tienda Er\u00f3tica","robots":{"index":"noindex","follow":"follow","max-snippet":"max-snippet:-1","max-image-preview":"max-image-preview:large","max-video-preview":"max-video-preview:-1"},"og_locale":"es_ES","og_type":"article","og_title":"FLESHLIGHT GIRL ADRIANA CHECHIK BUTT NEXT LEVEL - Tienda Er\u00f3tica","og_description":"FLESHLIGHT GIRL ADRIANA CHECHIK BUTT NEXT LEVEL Adriana Chechik entr\u00f3 en el negocio a la edad de 22 a\u00f1os, descubri\u00f3","og_url":"https:\/\/demoweb.info\/sexshop001\/producto\/fleshlight-girl-adriana-chechik-butt-next-level\/","og_site_name":"Tienda Er\u00f3tica","article_modified_time":"2022-01-22T15:55:42+00:00","og_image":[{"width":550,"height":550,"url":"https:\/\/demoweb.info\/sexshop001\/wp-content\/uploads\/2022\/01\/FLESHLIGHT-GIRL-ADRIANA-CHECHIK-BUTT-NEXT-LEVEL.jpg","type":"image\/jpeg"}],"twitter_card":"summary_large_image","twitter_misc":{"Tiempo de lectura":"2 minutos"},"schema":{"@context":"https:\/\/schema.org","@graph":[{"@type":"WebPage","@id":"https:\/\/demoweb.info\/sexshop001\/producto\/fleshlight-girl-adriana-chechik-butt-next-level\/","url":"https:\/\/demoweb.info\/sexshop001\/producto\/fleshlight-girl-adriana-chechik-butt-next-level\/","name":"FLESHLIGHT GIRL ADRIANA CHECHIK BUTT NEXT LEVEL - Tienda Er\u00f3tica","isPartOf":{"@id":"https:\/\/demoweb.info\/sexshop001\/#website"},"datePublished":"2022-01-22T15:55:39+00:00","dateModified":"2022-01-22T15:55:42+00:00","breadcrumb":{"@id":"https:\/\/demoweb.info\/sexshop001\/producto\/fleshlight-girl-adriana-chechik-butt-next-level\/#breadcrumb"},"inLanguage":"es","potentialAction":[{"@type":"ReadAction","target":["https:\/\/demoweb.info\/sexshop001\/producto\/fleshlight-girl-adriana-chechik-butt-next-level\/"]}]},{"@type":"BreadcrumbList","@id":"https:\/\/demoweb.info\/sexshop001\/producto\/fleshlight-girl-adriana-chechik-butt-next-level\/#breadcrumb","itemListElement":[{"@type":"ListItem","position":1,"name":"Portada","item":"https:\/\/demoweb.info\/sexshop001\/"},{"@type":"ListItem","position":2,"name":"Tienda","item":"https:\/\/demoweb.info\/sexshop001\/tienda\/"},{"@type":"ListItem","position":3,"name":"FLESHLIGHT GIRL ADRIANA CHECHIK BUTT NEXT LEVEL"}]},{"@type":"WebSite","@id":"https:\/\/demoweb.info\/sexshop001\/#website","url":"https:\/\/demoweb.info\/sexshop001\/","name":"Tienda Er\u00f3tica","description":"DEMOWEB SL","potentialAction":[{"@type":"SearchAction","target":{"@type":"EntryPoint","urlTemplate":"https:\/\/demoweb.info\/sexshop001\/?s={search_term_string}"},"query-input":"required name=search_term_string"}],"inLanguage":"es"}]}},"_links":{"self":[{"href":"https:\/\/demoweb.info\/sexshop001\/wp-json\/wp\/v3\/product\/54815","targetHints":{"allow":["GET"]}}],"collection":[{"href":"https:\/\/demoweb.info\/sexshop001\/wp-json\/wp\/v3\/product"}],"about":[{"href":"https:\/\/demoweb.info\/sexshop001\/wp-json\/wp\/v2\/types\/product"}],"replies":[{"embeddable":true,"href":"https:\/\/demoweb.info\/sexshop001\/wp-json\/wp\/v2\/comments?post=54815"}],"wp:featuredmedia":[{"embeddable":true,"href":"https:\/\/demoweb.info\/sexshop001\/wp-json\/wp\/v2\/media\/54816"}],"wp:attachment":[{"href":"https:\/\/demoweb.info\/sexshop001\/wp-json\/wp\/v2\/media?parent=54815"}],"wp:term":[{"taxonomy":"product_cat","embeddable":true,"href":"https:\/\/demoweb.info\/sexshop001\/wp-json\/wp\/v2\/product_cat?post=54815"},{"taxonomy":"product_tag","embeddable":true,"href":"https:\/\/demoweb.info\/sexshop001\/wp-json\/wp\/v2\/product_tag?post=54815"}],"curies":[{"name":"wp","href":"https:\/\/api.w.org\/{rel}","templated":true}]}}