{"id":54354,"date":"2022-01-22T16:49:48","date_gmt":"2022-01-22T15:49:48","guid":{"rendered":"https:\/\/demoweb.info\/sexshop001\/producto\/corset-diplomatico-blanco-2\/"},"modified":"2022-01-22T16:49:50","modified_gmt":"2022-01-22T15:49:50","slug":"corset-diplomatico-blanco-2","status":"publish","type":"product","link":"https:\/\/demoweb.info\/sexshop001\/producto\/corset-diplomatico-blanco-2\/","title":{"rendered":"CORSET DIPLOM\u00c1TICO BLANCO"},"content":{"rendered":"<p>Producto: Corset<br \/>Color: Blanco<br \/>Varillas: Pl\u00e1stico rigidas, fabricadas en PVC de alta calidad ligeramente flexibles<br \/>Cierre trasero: Lazada o cord\u00f3n<br \/>Cierre delantero: Cremallera<br \/>Cuello: En V ligeramente<br \/>Copa: Sin copa<br \/>Aros: Sin aros<br \/>Tipo de corte: Largo (Por debajo de los muslos)<br \/>Tirantes: Sin tirantes<br \/>Mangas: Sin mangas<br \/>Tela: Estampado<br \/>Detalles: Otros como se ve en la foto<br \/>Accesorios: Tanga, Falda<br \/>Total piezas: 3<br \/>Composici\u00f3n: 90% poli\u00e9ster &#8211; 10% spandex<br \/>Etiquetaje: Etiqueta con foto y c\u00f3digo<br \/>Embalaje: Bolsa pl\u00e1stico serigrafiada con logotipo<\/p>\n","protected":false},"excerpt":{"rendered":"<p>Producto: CorsetColor: BlancoVarillas: Pl\u00e1stico rigidas, fabricadas en PVC de alta calidad ligeramente flexiblesCierre trasero: Lazada o cord\u00f3nCierre delantero: CremalleraCuello: En<\/p>\n","protected":false},"featured_media":54355,"comment_status":"open","ping_status":"open","template":"","meta":[],"product_cat":[741],"product_tag":[441],"class_list":["post-54354","product","type-product","status-publish","has-post-thumbnail","hentry","product_cat-con-falda","product_tag-intimax"],"bundled_by":[],"bundle_stock_status":"instock","bundle_stock_quantity":25,"bundle_virtual":false,"bundle_layout":"","bundle_add_to_cart_form_location":"","bundle_editable_in_cart":false,"bundle_sold_individually_context":"","bundle_item_grouping":"","bundle_min_size":"","bundle_max_size":"","bundled_items":[],"yoast_head":"<!-- This site is optimized with the Yoast SEO plugin v20.6 - https:\/\/yoast.com\/wordpress\/plugins\/seo\/ -->\n<title>CORSET DIPLOM\u00c1TICO BLANCO - Tienda Er\u00f3tica<\/title>\n<meta name=\"robots\" content=\"noindex, follow, max-snippet:-1, max-image-preview:large, max-video-preview:-1\" \/>\n<meta property=\"og:locale\" content=\"es_ES\" \/>\n<meta property=\"og:type\" content=\"article\" \/>\n<meta property=\"og:title\" content=\"CORSET DIPLOM\u00c1TICO BLANCO - Tienda Er\u00f3tica\" \/>\n<meta property=\"og:description\" content=\"Producto: CorsetColor: BlancoVarillas: Pl\u00e1stico rigidas, fabricadas en PVC de alta calidad ligeramente flexiblesCierre trasero: Lazada o cord\u00f3nCierre delantero: CremalleraCuello: En\" \/>\n<meta property=\"og:url\" content=\"https:\/\/demoweb.info\/sexshop001\/producto\/corset-diplomatico-blanco-2\/\" \/>\n<meta property=\"og:site_name\" content=\"Tienda Er\u00f3tica\" \/>\n<meta property=\"article:modified_time\" content=\"2022-01-22T15:49:50+00:00\" \/>\n<meta property=\"og:image\" content=\"https:\/\/demoweb.info\/sexshop001\/wp-content\/uploads\/2022\/01\/CORSET-DIPLOMATICO-BLANCO-3.jpg\" \/>\n\t<meta property=\"og:image:width\" content=\"550\" \/>\n\t<meta property=\"og:image:height\" content=\"550\" \/>\n\t<meta property=\"og:image:type\" content=\"image\/jpeg\" \/>\n<meta name=\"twitter:card\" content=\"summary_large_image\" \/>\n<script type=\"application\/ld+json\" class=\"yoast-schema-graph\">{\"@context\":\"https:\/\/schema.org\",\"@graph\":[{\"@type\":\"WebPage\",\"@id\":\"https:\/\/demoweb.info\/sexshop001\/producto\/corset-diplomatico-blanco-2\/\",\"url\":\"https:\/\/demoweb.info\/sexshop001\/producto\/corset-diplomatico-blanco-2\/\",\"name\":\"CORSET DIPLOM\u00c1TICO BLANCO - Tienda Er\u00f3tica\",\"isPartOf\":{\"@id\":\"https:\/\/demoweb.info\/sexshop001\/#website\"},\"datePublished\":\"2022-01-22T15:49:48+00:00\",\"dateModified\":\"2022-01-22T15:49:50+00:00\",\"breadcrumb\":{\"@id\":\"https:\/\/demoweb.info\/sexshop001\/producto\/corset-diplomatico-blanco-2\/#breadcrumb\"},\"inLanguage\":\"es\",\"potentialAction\":[{\"@type\":\"ReadAction\",\"target\":[\"https:\/\/demoweb.info\/sexshop001\/producto\/corset-diplomatico-blanco-2\/\"]}]},{\"@type\":\"BreadcrumbList\",\"@id\":\"https:\/\/demoweb.info\/sexshop001\/producto\/corset-diplomatico-blanco-2\/#breadcrumb\",\"itemListElement\":[{\"@type\":\"ListItem\",\"position\":1,\"name\":\"Portada\",\"item\":\"https:\/\/demoweb.info\/sexshop001\/\"},{\"@type\":\"ListItem\",\"position\":2,\"name\":\"Tienda\",\"item\":\"https:\/\/demoweb.info\/sexshop001\/tienda\/\"},{\"@type\":\"ListItem\",\"position\":3,\"name\":\"CORSET DIPLOM\u00c1TICO BLANCO\"}]},{\"@type\":\"WebSite\",\"@id\":\"https:\/\/demoweb.info\/sexshop001\/#website\",\"url\":\"https:\/\/demoweb.info\/sexshop001\/\",\"name\":\"Tienda Er\u00f3tica\",\"description\":\"DEMOWEB SL\",\"potentialAction\":[{\"@type\":\"SearchAction\",\"target\":{\"@type\":\"EntryPoint\",\"urlTemplate\":\"https:\/\/demoweb.info\/sexshop001\/?s={search_term_string}\"},\"query-input\":\"required name=search_term_string\"}],\"inLanguage\":\"es\"}]}<\/script>\n<!-- \/ Yoast SEO plugin. -->","yoast_head_json":{"title":"CORSET DIPLOM\u00c1TICO BLANCO - Tienda Er\u00f3tica","robots":{"index":"noindex","follow":"follow","max-snippet":"max-snippet:-1","max-image-preview":"max-image-preview:large","max-video-preview":"max-video-preview:-1"},"og_locale":"es_ES","og_type":"article","og_title":"CORSET DIPLOM\u00c1TICO BLANCO - Tienda Er\u00f3tica","og_description":"Producto: CorsetColor: BlancoVarillas: Pl\u00e1stico rigidas, fabricadas en PVC de alta calidad ligeramente flexiblesCierre trasero: Lazada o cord\u00f3nCierre delantero: CremalleraCuello: En","og_url":"https:\/\/demoweb.info\/sexshop001\/producto\/corset-diplomatico-blanco-2\/","og_site_name":"Tienda Er\u00f3tica","article_modified_time":"2022-01-22T15:49:50+00:00","og_image":[{"width":550,"height":550,"url":"https:\/\/demoweb.info\/sexshop001\/wp-content\/uploads\/2022\/01\/CORSET-DIPLOMATICO-BLANCO-3.jpg","type":"image\/jpeg"}],"twitter_card":"summary_large_image","schema":{"@context":"https:\/\/schema.org","@graph":[{"@type":"WebPage","@id":"https:\/\/demoweb.info\/sexshop001\/producto\/corset-diplomatico-blanco-2\/","url":"https:\/\/demoweb.info\/sexshop001\/producto\/corset-diplomatico-blanco-2\/","name":"CORSET DIPLOM\u00c1TICO BLANCO - Tienda Er\u00f3tica","isPartOf":{"@id":"https:\/\/demoweb.info\/sexshop001\/#website"},"datePublished":"2022-01-22T15:49:48+00:00","dateModified":"2022-01-22T15:49:50+00:00","breadcrumb":{"@id":"https:\/\/demoweb.info\/sexshop001\/producto\/corset-diplomatico-blanco-2\/#breadcrumb"},"inLanguage":"es","potentialAction":[{"@type":"ReadAction","target":["https:\/\/demoweb.info\/sexshop001\/producto\/corset-diplomatico-blanco-2\/"]}]},{"@type":"BreadcrumbList","@id":"https:\/\/demoweb.info\/sexshop001\/producto\/corset-diplomatico-blanco-2\/#breadcrumb","itemListElement":[{"@type":"ListItem","position":1,"name":"Portada","item":"https:\/\/demoweb.info\/sexshop001\/"},{"@type":"ListItem","position":2,"name":"Tienda","item":"https:\/\/demoweb.info\/sexshop001\/tienda\/"},{"@type":"ListItem","position":3,"name":"CORSET DIPLOM\u00c1TICO BLANCO"}]},{"@type":"WebSite","@id":"https:\/\/demoweb.info\/sexshop001\/#website","url":"https:\/\/demoweb.info\/sexshop001\/","name":"Tienda Er\u00f3tica","description":"DEMOWEB SL","potentialAction":[{"@type":"SearchAction","target":{"@type":"EntryPoint","urlTemplate":"https:\/\/demoweb.info\/sexshop001\/?s={search_term_string}"},"query-input":"required name=search_term_string"}],"inLanguage":"es"}]}},"_links":{"self":[{"href":"https:\/\/demoweb.info\/sexshop001\/wp-json\/wp\/v3\/product\/54354","targetHints":{"allow":["GET"]}}],"collection":[{"href":"https:\/\/demoweb.info\/sexshop001\/wp-json\/wp\/v3\/product"}],"about":[{"href":"https:\/\/demoweb.info\/sexshop001\/wp-json\/wp\/v2\/types\/product"}],"replies":[{"embeddable":true,"href":"https:\/\/demoweb.info\/sexshop001\/wp-json\/wp\/v2\/comments?post=54354"}],"wp:featuredmedia":[{"embeddable":true,"href":"https:\/\/demoweb.info\/sexshop001\/wp-json\/wp\/v2\/media\/54355"}],"wp:attachment":[{"href":"https:\/\/demoweb.info\/sexshop001\/wp-json\/wp\/v2\/media?parent=54354"}],"wp:term":[{"taxonomy":"product_cat","embeddable":true,"href":"https:\/\/demoweb.info\/sexshop001\/wp-json\/wp\/v2\/product_cat?post=54354"},{"taxonomy":"product_tag","embeddable":true,"href":"https:\/\/demoweb.info\/sexshop001\/wp-json\/wp\/v2\/product_tag?post=54354"}],"curies":[{"name":"wp","href":"https:\/\/api.w.org\/{rel}","templated":true}]}}