{"id":53589,"date":"2022-01-22T16:39:51","date_gmt":"2022-01-22T15:39:51","guid":{"rendered":"https:\/\/demoweb.info\/sexshop001\/producto\/biker-chique-mallas-con-cremalleras-negro\/"},"modified":"2022-01-22T16:40:05","modified_gmt":"2022-01-22T15:40:05","slug":"biker-chique-mallas-con-cremalleras-negro","status":"publish","type":"product","link":"https:\/\/demoweb.info\/sexshop001\/producto\/biker-chique-mallas-con-cremalleras-negro\/","title":{"rendered":"BIKER CHIQUE MALLAS CON CREMALLERAS &#8211; NEGRO"},"content":{"rendered":"<p><strong>BIKER CHIQUE ZIPPER PANTS<\/strong><\/p>\n<p>Mallas de color negro efecto cuero ajustadas, con detalles de cremalleras en la parte delantera y trasera.<\/p>\n<p>C\u00f3modas y el\u00e1sticas para adaptarse a casi cualquier figura y potenciar las curvas m\u00e1s deseadas.<\/p>\n<p>Allure Lengerie ha estado fabricando lencer\u00eda y accesorios de alta calidad durante 25 a\u00f1os. Los exquisitos productos y los dise\u00f1os provocadores de la compa\u00f1\u00eda la han convertido en l\u00edder de la industria tanto en Norteam\u00e9rica como en Europa. Sus talentosos dise\u00f1adores crean estilos que son a la vez vanguardistas y seductores para hombres y mujeres de todos los gustos y convicciones. El exitoso \u00e9xito de Allure en el mercado de la lencer\u00eda ha llevado a la expansi\u00f3n de sus l\u00edneas de productos, a\u00f1adiendo impresionantes prendas inspiradas en lencer\u00eda que se mantienen fieles a su visi\u00f3n de ofrecer ropa \u00edntima \u00fanica.<\/p>\n","protected":false},"excerpt":{"rendered":"<p>BIKER CHIQUE ZIPPER PANTS Mallas de color negro efecto cuero ajustadas, con detalles de cremalleras en la parte delantera y<\/p>\n","protected":false},"featured_media":53590,"comment_status":"open","ping_status":"open","template":"","meta":[],"product_cat":[1444],"product_tag":[1445,1448],"class_list":["post-53589","product","type-product","status-publish","has-post-thumbnail","hentry","product_cat-leggins","product_tag-allure-lingerie","product_tag-second-skin"],"bundled_by":[],"bundle_stock_status":"instock","bundle_stock_quantity":1,"bundle_virtual":false,"bundle_layout":"","bundle_add_to_cart_form_location":"","bundle_editable_in_cart":false,"bundle_sold_individually_context":"","bundle_item_grouping":"","bundle_min_size":"","bundle_max_size":"","bundled_items":[],"yoast_head":"<!-- This site is optimized with the Yoast SEO plugin v20.6 - https:\/\/yoast.com\/wordpress\/plugins\/seo\/ -->\n<title>BIKER CHIQUE MALLAS CON CREMALLERAS - NEGRO - Tienda Er\u00f3tica<\/title>\n<meta name=\"robots\" content=\"noindex, follow, max-snippet:-1, max-image-preview:large, max-video-preview:-1\" \/>\n<meta property=\"og:locale\" content=\"es_ES\" \/>\n<meta property=\"og:type\" content=\"article\" \/>\n<meta property=\"og:title\" content=\"BIKER CHIQUE MALLAS CON CREMALLERAS - NEGRO - Tienda Er\u00f3tica\" \/>\n<meta property=\"og:description\" content=\"BIKER CHIQUE ZIPPER PANTS Mallas de color negro efecto cuero ajustadas, con detalles de cremalleras en la parte delantera y\" \/>\n<meta property=\"og:url\" content=\"https:\/\/demoweb.info\/sexshop001\/producto\/biker-chique-mallas-con-cremalleras-negro\/\" \/>\n<meta property=\"og:site_name\" content=\"Tienda Er\u00f3tica\" \/>\n<meta property=\"article:modified_time\" content=\"2022-01-22T15:40:05+00:00\" \/>\n<meta property=\"og:image\" content=\"https:\/\/demoweb.info\/sexshop001\/wp-content\/uploads\/2022\/01\/BIKER-CHIQUE-MALLAS-CON-CREMALLERAS-NEGRO.jpg\" \/>\n\t<meta property=\"og:image:width\" content=\"550\" \/>\n\t<meta property=\"og:image:height\" content=\"550\" \/>\n\t<meta property=\"og:image:type\" content=\"image\/jpeg\" \/>\n<meta name=\"twitter:card\" content=\"summary_large_image\" \/>\n<meta name=\"twitter:label1\" content=\"Tiempo de lectura\" \/>\n\t<meta name=\"twitter:data1\" content=\"1 minuto\" \/>\n<script type=\"application\/ld+json\" class=\"yoast-schema-graph\">{\"@context\":\"https:\/\/schema.org\",\"@graph\":[{\"@type\":\"WebPage\",\"@id\":\"https:\/\/demoweb.info\/sexshop001\/producto\/biker-chique-mallas-con-cremalleras-negro\/\",\"url\":\"https:\/\/demoweb.info\/sexshop001\/producto\/biker-chique-mallas-con-cremalleras-negro\/\",\"name\":\"BIKER CHIQUE MALLAS CON CREMALLERAS - NEGRO - Tienda Er\u00f3tica\",\"isPartOf\":{\"@id\":\"https:\/\/demoweb.info\/sexshop001\/#website\"},\"datePublished\":\"2022-01-22T15:39:51+00:00\",\"dateModified\":\"2022-01-22T15:40:05+00:00\",\"breadcrumb\":{\"@id\":\"https:\/\/demoweb.info\/sexshop001\/producto\/biker-chique-mallas-con-cremalleras-negro\/#breadcrumb\"},\"inLanguage\":\"es\",\"potentialAction\":[{\"@type\":\"ReadAction\",\"target\":[\"https:\/\/demoweb.info\/sexshop001\/producto\/biker-chique-mallas-con-cremalleras-negro\/\"]}]},{\"@type\":\"BreadcrumbList\",\"@id\":\"https:\/\/demoweb.info\/sexshop001\/producto\/biker-chique-mallas-con-cremalleras-negro\/#breadcrumb\",\"itemListElement\":[{\"@type\":\"ListItem\",\"position\":1,\"name\":\"Portada\",\"item\":\"https:\/\/demoweb.info\/sexshop001\/\"},{\"@type\":\"ListItem\",\"position\":2,\"name\":\"Tienda\",\"item\":\"https:\/\/demoweb.info\/sexshop001\/tienda\/\"},{\"@type\":\"ListItem\",\"position\":3,\"name\":\"BIKER CHIQUE MALLAS CON CREMALLERAS &#8211; NEGRO\"}]},{\"@type\":\"WebSite\",\"@id\":\"https:\/\/demoweb.info\/sexshop001\/#website\",\"url\":\"https:\/\/demoweb.info\/sexshop001\/\",\"name\":\"Tienda Er\u00f3tica\",\"description\":\"DEMOWEB SL\",\"potentialAction\":[{\"@type\":\"SearchAction\",\"target\":{\"@type\":\"EntryPoint\",\"urlTemplate\":\"https:\/\/demoweb.info\/sexshop001\/?s={search_term_string}\"},\"query-input\":\"required name=search_term_string\"}],\"inLanguage\":\"es\"}]}<\/script>\n<!-- \/ Yoast SEO plugin. -->","yoast_head_json":{"title":"BIKER CHIQUE MALLAS CON CREMALLERAS - NEGRO - Tienda Er\u00f3tica","robots":{"index":"noindex","follow":"follow","max-snippet":"max-snippet:-1","max-image-preview":"max-image-preview:large","max-video-preview":"max-video-preview:-1"},"og_locale":"es_ES","og_type":"article","og_title":"BIKER CHIQUE MALLAS CON CREMALLERAS - NEGRO - Tienda Er\u00f3tica","og_description":"BIKER CHIQUE ZIPPER PANTS Mallas de color negro efecto cuero ajustadas, con detalles de cremalleras en la parte delantera y","og_url":"https:\/\/demoweb.info\/sexshop001\/producto\/biker-chique-mallas-con-cremalleras-negro\/","og_site_name":"Tienda Er\u00f3tica","article_modified_time":"2022-01-22T15:40:05+00:00","og_image":[{"width":550,"height":550,"url":"https:\/\/demoweb.info\/sexshop001\/wp-content\/uploads\/2022\/01\/BIKER-CHIQUE-MALLAS-CON-CREMALLERAS-NEGRO.jpg","type":"image\/jpeg"}],"twitter_card":"summary_large_image","twitter_misc":{"Tiempo de lectura":"1 minuto"},"schema":{"@context":"https:\/\/schema.org","@graph":[{"@type":"WebPage","@id":"https:\/\/demoweb.info\/sexshop001\/producto\/biker-chique-mallas-con-cremalleras-negro\/","url":"https:\/\/demoweb.info\/sexshop001\/producto\/biker-chique-mallas-con-cremalleras-negro\/","name":"BIKER CHIQUE MALLAS CON CREMALLERAS - NEGRO - Tienda Er\u00f3tica","isPartOf":{"@id":"https:\/\/demoweb.info\/sexshop001\/#website"},"datePublished":"2022-01-22T15:39:51+00:00","dateModified":"2022-01-22T15:40:05+00:00","breadcrumb":{"@id":"https:\/\/demoweb.info\/sexshop001\/producto\/biker-chique-mallas-con-cremalleras-negro\/#breadcrumb"},"inLanguage":"es","potentialAction":[{"@type":"ReadAction","target":["https:\/\/demoweb.info\/sexshop001\/producto\/biker-chique-mallas-con-cremalleras-negro\/"]}]},{"@type":"BreadcrumbList","@id":"https:\/\/demoweb.info\/sexshop001\/producto\/biker-chique-mallas-con-cremalleras-negro\/#breadcrumb","itemListElement":[{"@type":"ListItem","position":1,"name":"Portada","item":"https:\/\/demoweb.info\/sexshop001\/"},{"@type":"ListItem","position":2,"name":"Tienda","item":"https:\/\/demoweb.info\/sexshop001\/tienda\/"},{"@type":"ListItem","position":3,"name":"BIKER CHIQUE MALLAS CON CREMALLERAS &#8211; NEGRO"}]},{"@type":"WebSite","@id":"https:\/\/demoweb.info\/sexshop001\/#website","url":"https:\/\/demoweb.info\/sexshop001\/","name":"Tienda Er\u00f3tica","description":"DEMOWEB SL","potentialAction":[{"@type":"SearchAction","target":{"@type":"EntryPoint","urlTemplate":"https:\/\/demoweb.info\/sexshop001\/?s={search_term_string}"},"query-input":"required name=search_term_string"}],"inLanguage":"es"}]}},"_links":{"self":[{"href":"https:\/\/demoweb.info\/sexshop001\/wp-json\/wp\/v3\/product\/53589","targetHints":{"allow":["GET"]}}],"collection":[{"href":"https:\/\/demoweb.info\/sexshop001\/wp-json\/wp\/v3\/product"}],"about":[{"href":"https:\/\/demoweb.info\/sexshop001\/wp-json\/wp\/v2\/types\/product"}],"replies":[{"embeddable":true,"href":"https:\/\/demoweb.info\/sexshop001\/wp-json\/wp\/v2\/comments?post=53589"}],"wp:featuredmedia":[{"embeddable":true,"href":"https:\/\/demoweb.info\/sexshop001\/wp-json\/wp\/v2\/media\/53590"}],"wp:attachment":[{"href":"https:\/\/demoweb.info\/sexshop001\/wp-json\/wp\/v2\/media?parent=53589"}],"wp:term":[{"taxonomy":"product_cat","embeddable":true,"href":"https:\/\/demoweb.info\/sexshop001\/wp-json\/wp\/v2\/product_cat?post=53589"},{"taxonomy":"product_tag","embeddable":true,"href":"https:\/\/demoweb.info\/sexshop001\/wp-json\/wp\/v2\/product_tag?post=53589"}],"curies":[{"name":"wp","href":"https:\/\/api.w.org\/{rel}","templated":true}]}}