{"id":53495,"date":"2022-01-22T16:38:46","date_gmt":"2022-01-22T15:38:46","guid":{"rendered":"https:\/\/demoweb.info\/sexshop001\/producto\/tit-tuggers-with-clover-clamp-par\/"},"modified":"2022-01-22T16:38:57","modified_gmt":"2022-01-22T15:38:57","slug":"tit-tuggers-with-clover-clamp-par","status":"publish","type":"product","link":"https:\/\/demoweb.info\/sexshop001\/producto\/tit-tuggers-with-clover-clamp-par\/","title":{"rendered":"TIT TUGGERS WITH CLOVER CLAMP (PAR)"},"content":{"rendered":"<p><strong>TIT TUGGERS WITH CLOVER CLAMP (PAIR)<\/strong><\/p>\n<p>Este es un peque\u00f1o dispositivo tortuoso que consiste en un anillo de acero que se sienta alrededor del pez\u00f3n con una estructura de acero que alberga una abrazadera y un dispositivo de atornillado. Una vez que est\u00e9 instalado, la tensi\u00f3n en la boquilla que se est\u00e1 jalando la mantendr\u00e1 en su lugar, mientras que al girar lentamente el disco se jalar\u00e1 y estirar\u00e1 la boquilla para lograr el efecto deseado. Las abrazaderas son extra\u00edbles, lo que le permite usar sus propias abrazaderas favoritas o similares.<\/p>\n<p>Caracter\u00edsticas:<\/p>\n<p>&#8211; Longitud: 16 cm<br \/>\n&#8211; Longitud ajustable: 7,1 cm<br \/>\n&#8211; Di\u00e1metro: 5,6 cm<br \/>\n&#8211; Di\u00e1mtero Interno: 5,1 cm<br \/>\n&#8211; Material: Acero Inox.<\/p>\n","protected":false},"excerpt":{"rendered":"<p>TIT TUGGERS WITH CLOVER CLAMP (PAIR) Este es un peque\u00f1o dispositivo tortuoso que consiste en un anillo de acero que<\/p>\n","protected":false},"featured_media":53496,"comment_status":"open","ping_status":"open","template":"","meta":[],"product_cat":[287],"product_tag":[283],"class_list":["post-53495","product","type-product","status-publish","has-post-thumbnail","hentry","product_cat-extreme-bdsm","product_tag-triune"],"bundled_by":[],"bundle_stock_status":"instock","bundle_stock_quantity":1,"bundle_virtual":false,"bundle_layout":"","bundle_add_to_cart_form_location":"","bundle_editable_in_cart":false,"bundle_sold_individually_context":"","bundle_item_grouping":"","bundle_min_size":"","bundle_max_size":"","bundled_items":[],"yoast_head":"<!-- This site is optimized with the Yoast SEO plugin v20.6 - https:\/\/yoast.com\/wordpress\/plugins\/seo\/ -->\n<title>TIT TUGGERS WITH CLOVER CLAMP (PAR) - Tienda Er\u00f3tica<\/title>\n<meta name=\"robots\" content=\"noindex, follow, max-snippet:-1, max-image-preview:large, max-video-preview:-1\" \/>\n<meta property=\"og:locale\" content=\"es_ES\" \/>\n<meta property=\"og:type\" content=\"article\" \/>\n<meta property=\"og:title\" content=\"TIT TUGGERS WITH CLOVER CLAMP (PAR) - Tienda Er\u00f3tica\" \/>\n<meta property=\"og:description\" content=\"TIT TUGGERS WITH CLOVER CLAMP (PAIR) Este es un peque\u00f1o dispositivo tortuoso que consiste en un anillo de acero que\" \/>\n<meta property=\"og:url\" content=\"https:\/\/demoweb.info\/sexshop001\/producto\/tit-tuggers-with-clover-clamp-par\/\" \/>\n<meta property=\"og:site_name\" content=\"Tienda Er\u00f3tica\" \/>\n<meta property=\"article:modified_time\" content=\"2022-01-22T15:38:57+00:00\" \/>\n<meta property=\"og:image\" content=\"https:\/\/demoweb.info\/sexshop001\/wp-content\/uploads\/2022\/01\/TIT-TUGGERS-WITH-CLOVER-CLAMP-PAR.jpg\" \/>\n\t<meta property=\"og:image:width\" content=\"550\" \/>\n\t<meta property=\"og:image:height\" content=\"550\" \/>\n\t<meta property=\"og:image:type\" content=\"image\/jpeg\" \/>\n<meta name=\"twitter:card\" content=\"summary_large_image\" \/>\n<meta name=\"twitter:label1\" content=\"Tiempo de lectura\" \/>\n\t<meta name=\"twitter:data1\" content=\"1 minuto\" \/>\n<script type=\"application\/ld+json\" class=\"yoast-schema-graph\">{\"@context\":\"https:\/\/schema.org\",\"@graph\":[{\"@type\":\"WebPage\",\"@id\":\"https:\/\/demoweb.info\/sexshop001\/producto\/tit-tuggers-with-clover-clamp-par\/\",\"url\":\"https:\/\/demoweb.info\/sexshop001\/producto\/tit-tuggers-with-clover-clamp-par\/\",\"name\":\"TIT TUGGERS WITH CLOVER CLAMP (PAR) - Tienda Er\u00f3tica\",\"isPartOf\":{\"@id\":\"https:\/\/demoweb.info\/sexshop001\/#website\"},\"datePublished\":\"2022-01-22T15:38:46+00:00\",\"dateModified\":\"2022-01-22T15:38:57+00:00\",\"breadcrumb\":{\"@id\":\"https:\/\/demoweb.info\/sexshop001\/producto\/tit-tuggers-with-clover-clamp-par\/#breadcrumb\"},\"inLanguage\":\"es\",\"potentialAction\":[{\"@type\":\"ReadAction\",\"target\":[\"https:\/\/demoweb.info\/sexshop001\/producto\/tit-tuggers-with-clover-clamp-par\/\"]}]},{\"@type\":\"BreadcrumbList\",\"@id\":\"https:\/\/demoweb.info\/sexshop001\/producto\/tit-tuggers-with-clover-clamp-par\/#breadcrumb\",\"itemListElement\":[{\"@type\":\"ListItem\",\"position\":1,\"name\":\"Portada\",\"item\":\"https:\/\/demoweb.info\/sexshop001\/\"},{\"@type\":\"ListItem\",\"position\":2,\"name\":\"Tienda\",\"item\":\"https:\/\/demoweb.info\/sexshop001\/tienda\/\"},{\"@type\":\"ListItem\",\"position\":3,\"name\":\"TIT TUGGERS WITH CLOVER CLAMP (PAR)\"}]},{\"@type\":\"WebSite\",\"@id\":\"https:\/\/demoweb.info\/sexshop001\/#website\",\"url\":\"https:\/\/demoweb.info\/sexshop001\/\",\"name\":\"Tienda Er\u00f3tica\",\"description\":\"DEMOWEB SL\",\"potentialAction\":[{\"@type\":\"SearchAction\",\"target\":{\"@type\":\"EntryPoint\",\"urlTemplate\":\"https:\/\/demoweb.info\/sexshop001\/?s={search_term_string}\"},\"query-input\":\"required name=search_term_string\"}],\"inLanguage\":\"es\"}]}<\/script>\n<!-- \/ Yoast SEO plugin. -->","yoast_head_json":{"title":"TIT TUGGERS WITH CLOVER CLAMP (PAR) - Tienda Er\u00f3tica","robots":{"index":"noindex","follow":"follow","max-snippet":"max-snippet:-1","max-image-preview":"max-image-preview:large","max-video-preview":"max-video-preview:-1"},"og_locale":"es_ES","og_type":"article","og_title":"TIT TUGGERS WITH CLOVER CLAMP (PAR) - Tienda Er\u00f3tica","og_description":"TIT TUGGERS WITH CLOVER CLAMP (PAIR) Este es un peque\u00f1o dispositivo tortuoso que consiste en un anillo de acero que","og_url":"https:\/\/demoweb.info\/sexshop001\/producto\/tit-tuggers-with-clover-clamp-par\/","og_site_name":"Tienda Er\u00f3tica","article_modified_time":"2022-01-22T15:38:57+00:00","og_image":[{"width":550,"height":550,"url":"https:\/\/demoweb.info\/sexshop001\/wp-content\/uploads\/2022\/01\/TIT-TUGGERS-WITH-CLOVER-CLAMP-PAR.jpg","type":"image\/jpeg"}],"twitter_card":"summary_large_image","twitter_misc":{"Tiempo de lectura":"1 minuto"},"schema":{"@context":"https:\/\/schema.org","@graph":[{"@type":"WebPage","@id":"https:\/\/demoweb.info\/sexshop001\/producto\/tit-tuggers-with-clover-clamp-par\/","url":"https:\/\/demoweb.info\/sexshop001\/producto\/tit-tuggers-with-clover-clamp-par\/","name":"TIT TUGGERS WITH CLOVER CLAMP (PAR) - Tienda Er\u00f3tica","isPartOf":{"@id":"https:\/\/demoweb.info\/sexshop001\/#website"},"datePublished":"2022-01-22T15:38:46+00:00","dateModified":"2022-01-22T15:38:57+00:00","breadcrumb":{"@id":"https:\/\/demoweb.info\/sexshop001\/producto\/tit-tuggers-with-clover-clamp-par\/#breadcrumb"},"inLanguage":"es","potentialAction":[{"@type":"ReadAction","target":["https:\/\/demoweb.info\/sexshop001\/producto\/tit-tuggers-with-clover-clamp-par\/"]}]},{"@type":"BreadcrumbList","@id":"https:\/\/demoweb.info\/sexshop001\/producto\/tit-tuggers-with-clover-clamp-par\/#breadcrumb","itemListElement":[{"@type":"ListItem","position":1,"name":"Portada","item":"https:\/\/demoweb.info\/sexshop001\/"},{"@type":"ListItem","position":2,"name":"Tienda","item":"https:\/\/demoweb.info\/sexshop001\/tienda\/"},{"@type":"ListItem","position":3,"name":"TIT TUGGERS WITH CLOVER CLAMP (PAR)"}]},{"@type":"WebSite","@id":"https:\/\/demoweb.info\/sexshop001\/#website","url":"https:\/\/demoweb.info\/sexshop001\/","name":"Tienda Er\u00f3tica","description":"DEMOWEB SL","potentialAction":[{"@type":"SearchAction","target":{"@type":"EntryPoint","urlTemplate":"https:\/\/demoweb.info\/sexshop001\/?s={search_term_string}"},"query-input":"required name=search_term_string"}],"inLanguage":"es"}]}},"_links":{"self":[{"href":"https:\/\/demoweb.info\/sexshop001\/wp-json\/wp\/v3\/product\/53495","targetHints":{"allow":["GET"]}}],"collection":[{"href":"https:\/\/demoweb.info\/sexshop001\/wp-json\/wp\/v3\/product"}],"about":[{"href":"https:\/\/demoweb.info\/sexshop001\/wp-json\/wp\/v2\/types\/product"}],"replies":[{"embeddable":true,"href":"https:\/\/demoweb.info\/sexshop001\/wp-json\/wp\/v2\/comments?post=53495"}],"wp:featuredmedia":[{"embeddable":true,"href":"https:\/\/demoweb.info\/sexshop001\/wp-json\/wp\/v2\/media\/53496"}],"wp:attachment":[{"href":"https:\/\/demoweb.info\/sexshop001\/wp-json\/wp\/v2\/media?parent=53495"}],"wp:term":[{"taxonomy":"product_cat","embeddable":true,"href":"https:\/\/demoweb.info\/sexshop001\/wp-json\/wp\/v2\/product_cat?post=53495"},{"taxonomy":"product_tag","embeddable":true,"href":"https:\/\/demoweb.info\/sexshop001\/wp-json\/wp\/v2\/product_tag?post=53495"}],"curies":[{"name":"wp","href":"https:\/\/api.w.org\/{rel}","templated":true}]}}