{"id":53492,"date":"2022-01-22T16:38:46","date_gmt":"2022-01-22T15:38:46","guid":{"rendered":"https:\/\/demoweb.info\/sexshop001\/producto\/abrazaderas-bsm-para-pezones\/"},"modified":"2022-01-22T16:38:55","modified_gmt":"2022-01-22T15:38:55","slug":"abrazaderas-bsm-para-pezones","status":"publish","type":"product","link":"https:\/\/demoweb.info\/sexshop001\/producto\/abrazaderas-bsm-para-pezones\/","title":{"rendered":"ABRAZADERAS BSM PARA PEZONES"},"content":{"rendered":"<p><strong>2 SQUEEZER TEASER CLOVER NIPPLE CLAMPS W RING<\/strong><\/p>\n<p>Abrazaderas de pezones de acero con puntas de goma dura. Este par de abrazaderas cuenta con un sistema \u00fanico de tracci\u00f3n que se maneja con una corta longitud de cable. Cuanto m\u00e1s fuerte tires del cable, m\u00e1s apretadas estar\u00e1n las abrazaderas.  Una vez que tiras con fuerza de las cuerdas, son casi imposibles de quitar de los pezones.<\/p>\n<p>&#8211; Una advertencia, parte del dolor o la sensibilidad que provocan las pinzas para los pezones proviene de la restricci\u00f3n del flujo de sangre a los pezones, por lo que no deben dejarse demasiado tiempo. Adem\u00e1s, cuando se eliminan, el dolor puede ser peor que cuando se aplicaron, as\u00ed que prep\u00e1rate.<\/p>\n<p>Caracter\u00edsticas:<\/p>\n<p>&#8211; Longitud: 10,5 cm<br \/>\n&#8211; Ancho: 4,3 cm<br \/>\n&#8211; Alto: 1,2 cm<br \/>\n&#8211; Material: Acero Inox.<\/p>\n","protected":false},"excerpt":{"rendered":"<p>2 SQUEEZER TEASER CLOVER NIPPLE CLAMPS W RING Abrazaderas de pezones de acero con puntas de goma dura. Este par<\/p>\n","protected":false},"featured_media":53493,"comment_status":"open","ping_status":"open","template":"","meta":[],"product_cat":[287],"product_tag":[283],"class_list":["post-53492","product","type-product","status-publish","has-post-thumbnail","hentry","product_cat-extreme-bdsm","product_tag-triune"],"bundled_by":[],"bundle_stock_status":"outofstock","bundle_stock_quantity":0,"bundle_virtual":false,"bundle_layout":"","bundle_add_to_cart_form_location":"","bundle_editable_in_cart":false,"bundle_sold_individually_context":"","bundle_item_grouping":"","bundle_min_size":"","bundle_max_size":"","bundled_items":[],"yoast_head":"<!-- This site is optimized with the Yoast SEO plugin v20.6 - https:\/\/yoast.com\/wordpress\/plugins\/seo\/ -->\n<title>ABRAZADERAS BSM PARA PEZONES - Tienda Er\u00f3tica<\/title>\n<meta name=\"robots\" content=\"noindex, follow, max-snippet:-1, max-image-preview:large, max-video-preview:-1\" \/>\n<meta property=\"og:locale\" content=\"es_ES\" \/>\n<meta property=\"og:type\" content=\"article\" \/>\n<meta property=\"og:title\" content=\"ABRAZADERAS BSM PARA PEZONES - Tienda Er\u00f3tica\" \/>\n<meta property=\"og:description\" content=\"2 SQUEEZER TEASER CLOVER NIPPLE CLAMPS W RING Abrazaderas de pezones de acero con puntas de goma dura. Este par\" \/>\n<meta property=\"og:url\" content=\"https:\/\/demoweb.info\/sexshop001\/producto\/abrazaderas-bsm-para-pezones\/\" \/>\n<meta property=\"og:site_name\" content=\"Tienda Er\u00f3tica\" \/>\n<meta property=\"article:modified_time\" content=\"2022-01-22T15:38:55+00:00\" \/>\n<meta property=\"og:image\" content=\"https:\/\/demoweb.info\/sexshop001\/wp-content\/uploads\/2022\/01\/ABRAZADERAS-BSM-PARA-PEZONES.jpg\" \/>\n\t<meta property=\"og:image:width\" content=\"550\" \/>\n\t<meta property=\"og:image:height\" content=\"550\" \/>\n\t<meta property=\"og:image:type\" content=\"image\/jpeg\" \/>\n<meta name=\"twitter:card\" content=\"summary_large_image\" \/>\n<meta name=\"twitter:label1\" content=\"Tiempo de lectura\" \/>\n\t<meta name=\"twitter:data1\" content=\"1 minuto\" \/>\n<script type=\"application\/ld+json\" class=\"yoast-schema-graph\">{\"@context\":\"https:\/\/schema.org\",\"@graph\":[{\"@type\":\"WebPage\",\"@id\":\"https:\/\/demoweb.info\/sexshop001\/producto\/abrazaderas-bsm-para-pezones\/\",\"url\":\"https:\/\/demoweb.info\/sexshop001\/producto\/abrazaderas-bsm-para-pezones\/\",\"name\":\"ABRAZADERAS BSM PARA PEZONES - Tienda Er\u00f3tica\",\"isPartOf\":{\"@id\":\"https:\/\/demoweb.info\/sexshop001\/#website\"},\"datePublished\":\"2022-01-22T15:38:46+00:00\",\"dateModified\":\"2022-01-22T15:38:55+00:00\",\"breadcrumb\":{\"@id\":\"https:\/\/demoweb.info\/sexshop001\/producto\/abrazaderas-bsm-para-pezones\/#breadcrumb\"},\"inLanguage\":\"es\",\"potentialAction\":[{\"@type\":\"ReadAction\",\"target\":[\"https:\/\/demoweb.info\/sexshop001\/producto\/abrazaderas-bsm-para-pezones\/\"]}]},{\"@type\":\"BreadcrumbList\",\"@id\":\"https:\/\/demoweb.info\/sexshop001\/producto\/abrazaderas-bsm-para-pezones\/#breadcrumb\",\"itemListElement\":[{\"@type\":\"ListItem\",\"position\":1,\"name\":\"Portada\",\"item\":\"https:\/\/demoweb.info\/sexshop001\/\"},{\"@type\":\"ListItem\",\"position\":2,\"name\":\"Tienda\",\"item\":\"https:\/\/demoweb.info\/sexshop001\/tienda\/\"},{\"@type\":\"ListItem\",\"position\":3,\"name\":\"ABRAZADERAS BSM PARA PEZONES\"}]},{\"@type\":\"WebSite\",\"@id\":\"https:\/\/demoweb.info\/sexshop001\/#website\",\"url\":\"https:\/\/demoweb.info\/sexshop001\/\",\"name\":\"Tienda Er\u00f3tica\",\"description\":\"DEMOWEB SL\",\"potentialAction\":[{\"@type\":\"SearchAction\",\"target\":{\"@type\":\"EntryPoint\",\"urlTemplate\":\"https:\/\/demoweb.info\/sexshop001\/?s={search_term_string}\"},\"query-input\":\"required name=search_term_string\"}],\"inLanguage\":\"es\"}]}<\/script>\n<!-- \/ Yoast SEO plugin. -->","yoast_head_json":{"title":"ABRAZADERAS BSM PARA PEZONES - Tienda Er\u00f3tica","robots":{"index":"noindex","follow":"follow","max-snippet":"max-snippet:-1","max-image-preview":"max-image-preview:large","max-video-preview":"max-video-preview:-1"},"og_locale":"es_ES","og_type":"article","og_title":"ABRAZADERAS BSM PARA PEZONES - Tienda Er\u00f3tica","og_description":"2 SQUEEZER TEASER CLOVER NIPPLE CLAMPS W RING Abrazaderas de pezones de acero con puntas de goma dura. Este par","og_url":"https:\/\/demoweb.info\/sexshop001\/producto\/abrazaderas-bsm-para-pezones\/","og_site_name":"Tienda Er\u00f3tica","article_modified_time":"2022-01-22T15:38:55+00:00","og_image":[{"width":550,"height":550,"url":"https:\/\/demoweb.info\/sexshop001\/wp-content\/uploads\/2022\/01\/ABRAZADERAS-BSM-PARA-PEZONES.jpg","type":"image\/jpeg"}],"twitter_card":"summary_large_image","twitter_misc":{"Tiempo de lectura":"1 minuto"},"schema":{"@context":"https:\/\/schema.org","@graph":[{"@type":"WebPage","@id":"https:\/\/demoweb.info\/sexshop001\/producto\/abrazaderas-bsm-para-pezones\/","url":"https:\/\/demoweb.info\/sexshop001\/producto\/abrazaderas-bsm-para-pezones\/","name":"ABRAZADERAS BSM PARA PEZONES - Tienda Er\u00f3tica","isPartOf":{"@id":"https:\/\/demoweb.info\/sexshop001\/#website"},"datePublished":"2022-01-22T15:38:46+00:00","dateModified":"2022-01-22T15:38:55+00:00","breadcrumb":{"@id":"https:\/\/demoweb.info\/sexshop001\/producto\/abrazaderas-bsm-para-pezones\/#breadcrumb"},"inLanguage":"es","potentialAction":[{"@type":"ReadAction","target":["https:\/\/demoweb.info\/sexshop001\/producto\/abrazaderas-bsm-para-pezones\/"]}]},{"@type":"BreadcrumbList","@id":"https:\/\/demoweb.info\/sexshop001\/producto\/abrazaderas-bsm-para-pezones\/#breadcrumb","itemListElement":[{"@type":"ListItem","position":1,"name":"Portada","item":"https:\/\/demoweb.info\/sexshop001\/"},{"@type":"ListItem","position":2,"name":"Tienda","item":"https:\/\/demoweb.info\/sexshop001\/tienda\/"},{"@type":"ListItem","position":3,"name":"ABRAZADERAS BSM PARA PEZONES"}]},{"@type":"WebSite","@id":"https:\/\/demoweb.info\/sexshop001\/#website","url":"https:\/\/demoweb.info\/sexshop001\/","name":"Tienda Er\u00f3tica","description":"DEMOWEB SL","potentialAction":[{"@type":"SearchAction","target":{"@type":"EntryPoint","urlTemplate":"https:\/\/demoweb.info\/sexshop001\/?s={search_term_string}"},"query-input":"required name=search_term_string"}],"inLanguage":"es"}]}},"_links":{"self":[{"href":"https:\/\/demoweb.info\/sexshop001\/wp-json\/wp\/v3\/product\/53492","targetHints":{"allow":["GET"]}}],"collection":[{"href":"https:\/\/demoweb.info\/sexshop001\/wp-json\/wp\/v3\/product"}],"about":[{"href":"https:\/\/demoweb.info\/sexshop001\/wp-json\/wp\/v2\/types\/product"}],"replies":[{"embeddable":true,"href":"https:\/\/demoweb.info\/sexshop001\/wp-json\/wp\/v2\/comments?post=53492"}],"wp:featuredmedia":[{"embeddable":true,"href":"https:\/\/demoweb.info\/sexshop001\/wp-json\/wp\/v2\/media\/53493"}],"wp:attachment":[{"href":"https:\/\/demoweb.info\/sexshop001\/wp-json\/wp\/v2\/media?parent=53492"}],"wp:term":[{"taxonomy":"product_cat","embeddable":true,"href":"https:\/\/demoweb.info\/sexshop001\/wp-json\/wp\/v2\/product_cat?post=53492"},{"taxonomy":"product_tag","embeddable":true,"href":"https:\/\/demoweb.info\/sexshop001\/wp-json\/wp\/v2\/product_tag?post=53492"}],"curies":[{"name":"wp","href":"https:\/\/api.w.org\/{rel}","templated":true}]}}